74.7.241.1 - - [20/Feb/2026:07:21:23 -0500] "GET /?path=//sys/bus/node/devices/node0/cpu6/node0/memory8/subsystem/devices/memory9/subsystem/devices/memory1/subsystem/devices/memory0/node0/memory131 HTTP/1.1" 200 33044 "http://elrashedytravel.com/?path=//sys/bus/node/devices/node0/cpu6/node0/memory8/subsystem/devices/memory9/subsystem/devices/memory1/subsystem/devices/memory0/node0" "Mozilla/5.0 AppleWebKit/537.36 (KHTML, like Gecko; compatible; GPTBot/1.3; +https://openai.com/gptbot)"
74.7.241.1 - - [20/Feb/2026:07:21:23 -0500] "GET /?path=//sys/bus/node/devices/node0/cpu6/node0/memory8/subsystem/devices/memory23/subsystem/devices/memory9/subsystem/devices/memory6/node0/memory19 HTTP/1.1" 200 33052 "http://elrashedytravel.com/?path=//sys/bus/node/devices/node0/cpu6/node0/memory8/subsystem/devices/memory23/subsystem/devices/memory9/subsystem/devices/memory6/node0" "Mozilla/5.0 AppleWebKit/537.36 (KHTML, like Gecko; compatible; GPTBot/1.3; +https://openai.com/gptbot)"
74.7.241.1 - - [20/Feb/2026:07:21:24 -0500] "GET /?path=//sys/bus/node/devices/node0/cpu6/node0/memory8/subsystem/devices/memory9/subsystem/devices/memory42/subsystem/devices/memory6/node0/memory60 HTTP/1.1" 200 33049 "http://elrashedytravel.com/?path=//sys/bus/node/devices/node0/cpu6/node0/memory8/subsystem/devices/memory9/subsystem/devices/memory42/subsystem/devices/memory6/node0" "Mozilla/5.0 AppleWebKit/537.36 (KHTML, like Gecko; compatible; GPTBot/1.3; +https://openai.com/gptbot)"
74.7.241.1 - - [20/Feb/2026:07:21:24 -0500] "GET /?path=//sys/bus/node/devices/node0/cpu6/node0/memory8/subsystem/devices/memory2/subsystem/devices/memory4/subsystem/devices/memory4/node0/memory128 HTTP/1.1" 200 33044 "http://elrashedytravel.com/?path=//sys/bus/node/devices/node0/cpu6/node0/memory8/subsystem/devices/memory2/subsystem/devices/memory4/subsystem/devices/memory4/node0" "Mozilla/5.0 AppleWebKit/537.36 (KHTML, like Gecko; compatible; GPTBot/1.3; +https://openai.com/gptbot)"
74.7.241.1 - - [20/Feb/2026:07:21:25 -0500] "GET /?path=//sys/bus/node/devices/node0/cpu6/node0/memory8/subsystem/devices/memory0/subsystem/devices/memory69/subsystem/devices/memory8/node0/memory46 HTTP/1.1" 200 33049 "http://elrashedytravel.com/?path=//sys/bus/node/devices/node0/cpu6/node0/memory8/subsystem/devices/memory0/subsystem/devices/memory69/subsystem/devices/memory8/node0" "Mozilla/5.0 AppleWebKit/537.36 (KHTML, like Gecko; compatible; GPTBot/1.3; +https://openai.com/gptbot)"
74.7.241.1 - - [20/Feb/2026:07:21:26 -0500] "GET /?path=//sys/bus/node/devices/node0/cpu6/node0/memory8/subsystem/devices/memory3/subsystem/devices/memory4/subsystem/devices/memory11/node0/memory128 HTTP/1.1" 200 33085 "http://elrashedytravel.com/?path=//sys/bus/node/devices/node0/cpu6/node0/memory8/subsystem/devices/memory3/subsystem/devices/memory4/subsystem/devices/memory11/node0" "Mozilla/5.0 AppleWebKit/537.36 (KHTML, like Gecko; compatible; GPTBot/1.3; +https://openai.com/gptbot)"
74.7.241.1 - - [20/Feb/2026:07:21:26 -0500] "GET /?path=//sys/bus/node/devices/node0/cpu6/node0/memory8/subsystem/devices/memory4/subsystem/devices/memory2/subsystem/devices/memory4/node0/memory107 HTTP/1.1" 200 33044 "http://elrashedytravel.com/?path=//sys/bus/node/devices/node0/cpu6/node0/memory8/subsystem/devices/memory4/subsystem/devices/memory2/subsystem/devices/memory4/node0" "Mozilla/5.0 AppleWebKit/537.36 (KHTML, like Gecko; compatible; GPTBot/1.3; +https://openai.com/gptbot)"
74.7.241.1 - - [20/Feb/2026:07:21:27 -0500] "GET /?path=//sys/bus/node/devices/node0/cpu6/node0/memory8/subsystem/devices/memory39/subsystem/devices/memory0/subsystem/devices/memory0/node0/memory75 HTTP/1.1" 200 33052 "http://elrashedytravel.com/?path=//sys/bus/node/devices/node0/cpu6/node0/memory8/subsystem/devices/memory39/subsystem/devices/memory0/subsystem/devices/memory0/node0" "Mozilla/5.0 AppleWebKit/537.36 (KHTML, like Gecko; compatible; GPTBot/1.3; +https://openai.com/gptbot)"
37.27.51.140 - - [20/Feb/2026:07:21:26 -0500] "GET /items/dkmut47/4539?key=sad HTTP/1.1" 200 281076 "-" "Mozilla/5.0 (compatible; SERankingBacklinksBot/1.0; +https://seranking.com/backlinks-crawler)"
74.7.241.1 - - [20/Feb/2026:07:21:27 -0500] "GET /?path=//sys/bus/node/devices/node0/cpu6/node0/memory8/subsystem/devices/memory4/subsystem/devices/memory37/subsystem/devices/memory9/node0/memory83 HTTP/1.1" 200 33049 "http://elrashedytravel.com/?path=//sys/bus/node/devices/node0/cpu6/node0/memory8/subsystem/devices/memory4/subsystem/devices/memory37/subsystem/devices/memory9/node0" "Mozilla/5.0 AppleWebKit/537.36 (KHTML, like Gecko; compatible; GPTBot/1.3; +https://openai.com/gptbot)"
74.7.241.1 - - [20/Feb/2026:07:21:28 -0500] "GET /?path=//sys/bus/node/devices/node0/cpu6/node0/memory8/subsystem/devices/memory3/subsystem/devices/memory6/subsystem/devices/memory0/node0/memory109 HTTP/1.1" 200 33044 "http://elrashedytravel.com/?path=//sys/bus/node/devices/node0/cpu6/node0/memory8/subsystem/devices/memory3/subsystem/devices/memory6/subsystem/devices/memory0/node0" "Mozilla/5.0 AppleWebKit/537.36 (KHTML, like Gecko; compatible; GPTBot/1.3; +https://openai.com/gptbot)"
74.7.241.1 - - [20/Feb/2026:07:21:28 -0500] "GET /?path=//sys/bus/node/devices/node0/cpu6/node0/memory8/subsystem/devices/memory0/subsystem/devices/memory5/subsystem/devices/memory5/node0/memory113 HTTP/1.1" 200 33044 "http://elrashedytravel.com/?path=//sys/bus/node/devices/node0/cpu6/node0/memory8/subsystem/devices/memory0/subsystem/devices/memory5/subsystem/devices/memory5/node0" "Mozilla/5.0 AppleWebKit/537.36 (KHTML, like Gecko; compatible; GPTBot/1.3; +https://openai.com/gptbot)"
74.7.241.1 - - [20/Feb/2026:07:21:29 -0500] "GET /?path=//sys/bus/node/devices/node0/cpu6/node0/memory8/subsystem/devices/memory0/subsystem/devices/memory1/subsystem/devices/memory1/node0/memory134 HTTP/1.1" 200 33044 "http://elrashedytravel.com/?path=//sys/bus/node/devices/node0/cpu6/node0/memory8/subsystem/devices/memory0/subsystem/devices/memory1/subsystem/devices/memory1/node0" "Mozilla/5.0 AppleWebKit/537.36 (KHTML, like Gecko; compatible; GPTBot/1.3; +https://openai.com/gptbot)"
74.7.241.1 - - [20/Feb/2026:07:21:29 -0500] "GET /?path=//sys/bus/node/devices/node0/cpu6/node0/memory8/subsystem/devices/memory5/subsystem/devices/memory7/subsystem/devices/memory2/node0/memory123 HTTP/1.1" 200 33044 "http://elrashedytravel.com/?path=//sys/bus/node/devices/node0/cpu6/node0/memory8/subsystem/devices/memory5/subsystem/devices/memory7/subsystem/devices/memory2/node0" "Mozilla/5.0 AppleWebKit/537.36 (KHTML, like Gecko; compatible; GPTBot/1.3; +https://openai.com/gptbot)"
74.7.241.1 - - [20/Feb/2026:07:21:30 -0500] "GET /?path=//sys/bus/node/devices/node0/cpu6/node0/memory8/subsystem/devices/memory14/subsystem/devices/memory2/subsystem/devices/memory3/node0/memory34 HTTP/1.1" 200 33052 "http://elrashedytravel.com/?path=//sys/bus/node/devices/node0/cpu6/node0/memory8/subsystem/devices/memory14/subsystem/devices/memory2/subsystem/devices/memory3/node0" "Mozilla/5.0 AppleWebKit/537.36 (KHTML, like Gecko; compatible; GPTBot/1.3; +https://openai.com/gptbot)"
74.7.241.1 - - [20/Feb/2026:07:21:30 -0500] "GET /?path=//sys/bus/node/devices/node0/cpu6/node0/memory8/subsystem/devices/memory4/subsystem/devices/memory9/subsystem/devices/memory1/node0/memory117 HTTP/1.1" 200 33044 "http://elrashedytravel.com/?path=//sys/bus/node/devices/node0/cpu6/node0/memory8/subsystem/devices/memory4/subsystem/devices/memory9/subsystem/devices/memory1/node0" "Mozilla/5.0 AppleWebKit/537.36 (KHTML, like Gecko; compatible; GPTBot/1.3; +https://openai.com/gptbot)"
37.27.51.140 - - [20/Feb/2026:07:21:30 -0500] "GET /items/lzluj36/18220?key=vs HTTP/1.1" 200 281060 "-" "Mozilla/5.0 (compatible; SERankingBacklinksBot/1.0; +https://seranking.com/backlinks-crawler)"
74.7.241.1 - - [20/Feb/2026:07:21:31 -0500] "GET /?path=//sys/bus/node/devices/node0/cpu6/node0/memory8/subsystem/devices/memory3/subsystem/devices/memory2/subsystem/devices/memory0/node0/memory118 HTTP/1.1" 200 33044 "http://elrashedytravel.com/?path=//sys/bus/node/devices/node0/cpu6/node0/memory8/subsystem/devices/memory3/subsystem/devices/memory2/subsystem/devices/memory0/node0" "Mozilla/5.0 AppleWebKit/537.36 (KHTML, like Gecko; compatible; GPTBot/1.3; +https://openai.com/gptbot)"
74.7.241.1 - - [20/Feb/2026:07:21:31 -0500] "GET /?path=//sys/bus/node/devices/node0/cpu6/node0/memory8/subsystem/devices/memory2/subsystem/devices/memory61/subsystem/devices/memory3/node0/memory61 HTTP/1.1" 200 33049 "http://elrashedytravel.com/?path=//sys/bus/node/devices/node0/cpu6/node0/memory8/subsystem/devices/memory2/subsystem/devices/memory61/subsystem/devices/memory3/node0" "Mozilla/5.0 AppleWebKit/537.36 (KHTML, like Gecko; compatible; GPTBot/1.3; +https://openai.com/gptbot)"
74.7.241.1 - - [20/Feb/2026:07:21:32 -0500] "GET /?path=//sys/bus/node/devices/node0/cpu6/node0/memory8/subsystem/devices/memory9/subsystem/devices/memory7/subsystem/devices/memory6/node0/memory101 HTTP/1.1" 200 33044 "http://elrashedytravel.com/?path=//sys/bus/node/devices/node0/cpu6/node0/memory8/subsystem/devices/memory9/subsystem/devices/memory7/subsystem/devices/memory6/node0" "Mozilla/5.0 AppleWebKit/537.36 (KHTML, like Gecko; compatible; GPTBot/1.3; +https://openai.com/gptbot)"
74.7.241.1 - - [20/Feb/2026:07:21:32 -0500] "GET /?path=//sys/bus/node/devices/node0/cpu6/node0/memory8/subsystem/devices/memory52/subsystem/devices/memory0/subsystem/devices/memory1/node0/memory110/power HTTP/1.1" 200 24581 "http://elrashedytravel.com/?path=//sys/bus/node/devices/node0/cpu6/node0/memory8/subsystem/devices/memory52/subsystem/devices/memory0/subsystem/devices/memory1/node0/memory110" "Mozilla/5.0 AppleWebKit/537.36 (KHTML, like Gecko; compatible; GPTBot/1.3; +https://openai.com/gptbot)"
74.7.241.1 - - [20/Feb/2026:07:21:33 -0500] "GET /?path=//sys/bus/node/devices/node0/cpu6/node0/memory8/subsystem/devices/memory3/subsystem/devices/memory4/subsystem/devices/memory51/node0/memory72 HTTP/1.1" 200 33046 "http://elrashedytravel.com/?path=//sys/bus/node/devices/node0/cpu6/node0/memory8/subsystem/devices/memory3/subsystem/devices/memory4/subsystem/devices/memory51/node0" "Mozilla/5.0 AppleWebKit/537.36 (KHTML, like Gecko; compatible; GPTBot/1.3; +https://openai.com/gptbot)"
74.7.241.1 - - [20/Feb/2026:07:21:33 -0500] "GET /?path=//sys/bus/node/devices/node0/cpu6/node0/memory8/subsystem/devices/memory55/subsystem/devices/memory3/subsystem/devices/memory7/node0/memory115 HTTP/1.1" 200 33091 "http://elrashedytravel.com/?path=//sys/bus/node/devices/node0/cpu6/node0/memory8/subsystem/devices/memory55/subsystem/devices/memory3/subsystem/devices/memory7/node0" "Mozilla/5.0 AppleWebKit/537.36 (KHTML, like Gecko; compatible; GPTBot/1.3; +https://openai.com/gptbot)"
74.7.241.1 - - [20/Feb/2026:07:21:34 -0500] "GET /?path=//sys/bus/node/devices/node0/cpu6/node0/memory8/subsystem/devices/memory3/subsystem/devices/memory2/subsystem/devices/memory57/node0/memory39 HTTP/1.1" 200 33046 "http://elrashedytravel.com/?path=//sys/bus/node/devices/node0/cpu6/node0/memory8/subsystem/devices/memory3/subsystem/devices/memory2/subsystem/devices/memory57/node0" "Mozilla/5.0 AppleWebKit/537.36 (KHTML, like Gecko; compatible; GPTBot/1.3; +https://openai.com/gptbot)"
37.27.51.140 - - [20/Feb/2026:07:21:34 -0500] "GET /items/spieg6/2554?key=well HTTP/1.1" 200 281076 "-" "Mozilla/5.0 (compatible; SERankingBacklinksBot/1.0; +https://seranking.com/backlinks-crawler)"
74.7.241.1 - - [20/Feb/2026:07:21:34 -0500] "GET /?path=//sys/bus/node/devices/node0/cpu6/node0/memory8/subsystem/devices/memory7/subsystem/devices/memory34/subsystem/devices/memory1/node0/memory101 HTTP/1.1" 200 33088 "http://elrashedytravel.com/?path=//sys/bus/node/devices/node0/cpu6/node0/memory8/subsystem/devices/memory7/subsystem/devices/memory34/subsystem/devices/memory1/node0" "Mozilla/5.0 AppleWebKit/537.36 (KHTML, like Gecko; compatible; GPTBot/1.3; +https://openai.com/gptbot)"
74.7.241.1 - - [20/Feb/2026:07:21:35 -0500] "GET /?path=//sys/bus/node/devices/node0/cpu6/node0/memory8/subsystem/devices/memory9/subsystem/devices/memory2/subsystem/devices/memory4/node0/memory122 HTTP/1.1" 200 33044 "http://elrashedytravel.com/?path=//sys/bus/node/devices/node0/cpu6/node0/memory8/subsystem/devices/memory9/subsystem/devices/memory2/subsystem/devices/memory4/node0" "Mozilla/5.0 AppleWebKit/537.36 (KHTML, like Gecko; compatible; GPTBot/1.3; +https://openai.com/gptbot)"
74.7.241.1 - - [20/Feb/2026:07:21:36 -0500] "GET /?path=//sys/bus/node/devices/node0/cpu6/node0/memory8/subsystem/devices/memory3/subsystem/devices/memory67/subsystem/devices/memory7/node0/memory123 HTTP/1.1" 200 33088 "http://elrashedytravel.com/?path=//sys/bus/node/devices/node0/cpu6/node0/memory8/subsystem/devices/memory3/subsystem/devices/memory67/subsystem/devices/memory7/node0" "Mozilla/5.0 AppleWebKit/537.36 (KHTML, like Gecko; compatible; GPTBot/1.3; +https://openai.com/gptbot)"
74.7.241.1 - - [20/Feb/2026:07:21:36 -0500] "GET /?path=//sys/bus/node/devices/node0/cpu6/node0/memory8/subsystem/devices/memory7/subsystem/devices/memory4/subsystem/devices/memory9/node0/memory124 HTTP/1.1" 200 33044 "http://elrashedytravel.com/?path=//sys/bus/node/devices/node0/cpu6/node0/memory8/subsystem/devices/memory7/subsystem/devices/memory4/subsystem/devices/memory9/node0" "Mozilla/5.0 AppleWebKit/537.36 (KHTML, like Gecko; compatible; GPTBot/1.3; +https://openai.com/gptbot)"
74.7.241.1 - - [20/Feb/2026:07:21:37 -0500] "GET /?path=//sys/bus/node/devices/node0/cpu6/node0/memory8/subsystem/devices/memory9/subsystem/devices/memory0/subsystem/devices/memory1/node0/memory131 HTTP/1.1" 200 33044 "http://elrashedytravel.com/?path=//sys/bus/node/devices/node0/cpu6/node0/memory8/subsystem/devices/memory9/subsystem/devices/memory0/subsystem/devices/memory1/node0" "Mozilla/5.0 AppleWebKit/537.36 (KHTML, like Gecko; compatible; GPTBot/1.3; +https://openai.com/gptbot)"
74.7.241.1 - - [20/Feb/2026:07:21:37 -0500] "GET /?path=//sys/bus/node/devices/node0/cpu6/node0/memory8/subsystem/devices/memory5/subsystem/devices/memory3/subsystem/devices/memory0/node0/memory116 HTTP/1.1" 200 33044 "http://elrashedytravel.com/?path=//sys/bus/node/devices/node0/cpu6/node0/memory8/subsystem/devices/memory5/subsystem/devices/memory3/subsystem/devices/memory0/node0" "Mozilla/5.0 AppleWebKit/537.36 (KHTML, like Gecko; compatible; GPTBot/1.3; +https://openai.com/gptbot)"
74.7.241.1 - - [20/Feb/2026:07:21:38 -0500] "GET /?path=//sys/bus/node/devices/node0/cpu6/node0/memory8/subsystem/devices/memory22/subsystem/devices/memory4/subsystem/devices/memory5/node0/memory13 HTTP/1.1" 200 33052 "http://elrashedytravel.com/?path=//sys/bus/node/devices/node0/cpu6/node0/memory8/subsystem/devices/memory22/subsystem/devices/memory4/subsystem/devices/memory5/node0" "Mozilla/5.0 AppleWebKit/537.36 (KHTML, like Gecko; compatible; GPTBot/1.3; +https://openai.com/gptbot)"
37.27.51.140 - - [20/Feb/2026:07:21:38 -0500] "GET /items/ztuly24/45212?key=it HTTP/1.1" 200 281076 "-" "Mozilla/5.0 (compatible; SERankingBacklinksBot/1.0; +https://seranking.com/backlinks-crawler)"
74.7.241.1 - - [20/Feb/2026:07:21:38 -0500] "GET /?path=//sys/bus/node/devices/node0/cpu6/node0/memory8/subsystem/devices/memory52/subsystem/devices/memory0/subsystem/devices/memory1/node0/memory110 HTTP/1.1" 200 33091 "http://elrashedytravel.com/?path=//sys/bus/node/devices/node0/cpu6/node0/memory8/subsystem/devices/memory52/subsystem/devices/memory0/subsystem/devices/memory1/node0/memory110/power" "Mozilla/5.0 AppleWebKit/537.36 (KHTML, like Gecko; compatible; GPTBot/1.3; +https://openai.com/gptbot)"
74.7.241.1 - - [20/Feb/2026:07:21:39 -0500] "GET /?path=//sys/bus/node/devices/node0/cpu6/node0/memory8/subsystem/devices/memory0/subsystem/devices/memory9/subsystem/devices/memory8/node0/memory107 HTTP/1.1" 200 33044 "http://elrashedytravel.com/?path=//sys/bus/node/devices/node0/cpu6/node0/memory8/subsystem/devices/memory0/subsystem/devices/memory9/subsystem/devices/memory8/node0" "Mozilla/5.0 AppleWebKit/537.36 (KHTML, like Gecko; compatible; GPTBot/1.3; +https://openai.com/gptbot)"
74.7.241.1 - - [20/Feb/2026:07:21:39 -0500] "GET /?path=//sys/bus/node/devices/node0/cpu6/node0/memory8/subsystem/devices/memory3/subsystem/devices/memory4/subsystem/devices/memory1/node0/memory119 HTTP/1.1" 200 33044 "http://elrashedytravel.com/?path=//sys/bus/node/devices/node0/cpu6/node0/memory8/subsystem/devices/memory3/subsystem/devices/memory4/subsystem/devices/memory1/node0" "Mozilla/5.0 AppleWebKit/537.36 (KHTML, like Gecko; compatible; GPTBot/1.3; +https://openai.com/gptbot)"
57.141.0.27 - - [20/Feb/2026:07:21:40 -0500] "GET /sitemap-detail-2335.xml?path=/ HTTP/1.1" 200 47467 "-" "meta-externalagent/1.1 (+https://developers.facebook.com/docs/sharing/webmasters/crawler)"
74.7.241.1 - - [20/Feb/2026:07:21:40 -0500] "GET /?path=//sys/bus/node/devices/node0/cpu6/node0/memory8/subsystem/devices/memory2/subsystem/devices/memory5/subsystem/devices/memory1/node0/memory116 HTTP/1.1" 200 33044 "http://elrashedytravel.com/?path=//sys/bus/node/devices/node0/cpu6/node0/memory8/subsystem/devices/memory2/subsystem/devices/memory5/subsystem/devices/memory1/node0" "Mozilla/5.0 AppleWebKit/537.36 (KHTML, like Gecko; compatible; GPTBot/1.3; +https://openai.com/gptbot)"
57.141.0.40 - - [20/Feb/2026:07:21:40 -0500] "GET /sitemap-detail-2335.xml?path=/home/elrashedytravel/public_html HTTP/1.1" 200 281060 "-" "meta-externalagent/1.1 (+https://developers.facebook.com/docs/sharing/webmasters/crawler)"
74.7.241.1 - - [20/Feb/2026:07:21:40 -0500] "GET /?path=//sys/bus/node/devices/node0/cpu6/node0/memory8/subsystem/devices/memory1/subsystem/devices/memory0/subsystem/devices/memory1/node0/memory132 HTTP/1.1" 200 33044 "http://elrashedytravel.com/?path=//sys/bus/node/devices/node0/cpu6/node0/memory8/subsystem/devices/memory1/subsystem/devices/memory0/subsystem/devices/memory1/node0" "Mozilla/5.0 AppleWebKit/537.36 (KHTML, like Gecko; compatible; GPTBot/1.3; +https://openai.com/gptbot)"
57.141.0.28 - - [20/Feb/2026:07:21:41 -0500] "GET /sitemap-detail-2335.xml?path=/home/elrashedytravel HTTP/1.1" 200 56145 "-" "meta-externalagent/1.1 (+https://developers.facebook.com/docs/sharing/webmasters/crawler)"
74.7.241.1 - - [20/Feb/2026:07:21:41 -0500] "GET /?path=//sys/bus/node/devices/node0/cpu6/node0/memory8/subsystem/devices/memory5/subsystem/devices/memory8/subsystem/devices/memory7/node0/memory106 HTTP/1.1" 200 33044 "http://elrashedytravel.com/?path=//sys/bus/node/devices/node0/cpu6/node0/memory8/subsystem/devices/memory5/subsystem/devices/memory8/subsystem/devices/memory7/node0" "Mozilla/5.0 AppleWebKit/537.36 (KHTML, like Gecko; compatible; GPTBot/1.3; +https://openai.com/gptbot)"
74.7.241.1 - - [20/Feb/2026:07:21:41 -0500] "GET /?path=//sys/bus/node/devices/node0/cpu6/node0/memory8/subsystem/devices/memory6/subsystem/devices/memory7/subsystem/devices/memory3/node0/memory107 HTTP/1.1" 200 33044 "http://elrashedytravel.com/?path=//sys/bus/node/devices/node0/cpu6/node0/memory8/subsystem/devices/memory6/subsystem/devices/memory7/subsystem/devices/memory3/node0" "Mozilla/5.0 AppleWebKit/537.36 (KHTML, like Gecko; compatible; GPTBot/1.3; +https://openai.com/gptbot)"
37.27.51.140 - - [20/Feb/2026:07:21:41 -0500] "GET /items/dkond20/31730?key=uh HTTP/1.1" 200 281060 "-" "Mozilla/5.0 (compatible; SERankingBacklinksBot/1.0; +https://seranking.com/backlinks-crawler)"
57.141.0.49 - - [20/Feb/2026:07:21:42 -0500] "GET /sitemap-detail-2335.xml?path=/home HTTP/1.1" 200 97426 "-" "meta-externalagent/1.1 (+https://developers.facebook.com/docs/sharing/webmasters/crawler)"
74.7.241.1 - - [20/Feb/2026:07:21:42 -0500] "GET /?path=//sys/bus/node/devices/node0/cpu6/node0/memory8/subsystem/devices/memory6/subsystem/devices/memory3/subsystem/devices/memory2/node0/memory127 HTTP/1.1" 200 33044 "http://elrashedytravel.com/?path=//sys/bus/node/devices/node0/cpu6/node0/memory8/subsystem/devices/memory6/subsystem/devices/memory3/subsystem/devices/memory2/node0" "Mozilla/5.0 AppleWebKit/537.36 (KHTML, like Gecko; compatible; GPTBot/1.3; +https://openai.com/gptbot)"
74.7.241.1 - - [20/Feb/2026:07:21:42 -0500] "GET /?path=//sys/bus/node/devices/node0/cpu6/node0/memory8/subsystem/devices/memory9/subsystem/devices/memory0/subsystem/devices/memory1/node0/memory131/node0 HTTP/1.1" 200 273535 "http://elrashedytravel.com/?path=//sys/bus/node/devices/node0/cpu6/node0/memory8/subsystem/devices/memory9/subsystem/devices/memory0/subsystem/devices/memory1/node0/memory131" "Mozilla/5.0 AppleWebKit/537.36 (KHTML, like Gecko; compatible; GPTBot/1.3; +https://openai.com/gptbot)"
74.7.241.1 - - [20/Feb/2026:07:21:43 -0500] "GET /?path=//sys/bus/node/devices/node0/cpu6/node0/memory8/subsystem/devices/memory2/subsystem/devices/memory0/subsystem/devices/memory8/node0/memory125 HTTP/1.1" 200 33044 "http://elrashedytravel.com/?path=//sys/bus/node/devices/node0/cpu6/node0/memory8/subsystem/devices/memory2/subsystem/devices/memory0/subsystem/devices/memory8/node0" "Mozilla/5.0 AppleWebKit/537.36 (KHTML, like Gecko; compatible; GPTBot/1.3; +https://openai.com/gptbot)"
74.7.241.1 - - [20/Feb/2026:07:21:43 -0500] "GET /?path=//sys/bus/node/devices/node0/cpu6/node0/memory8/subsystem/devices/memory0/subsystem/devices/memory5/subsystem/devices/memory1/node0/memory113 HTTP/1.1" 200 33044 "http://elrashedytravel.com/?path=//sys/bus/node/devices/node0/cpu6/node0/memory8/subsystem/devices/memory0/subsystem/devices/memory5/subsystem/devices/memory1/node0" "Mozilla/5.0 AppleWebKit/537.36 (KHTML, like Gecko; compatible; GPTBot/1.3; +https://openai.com/gptbot)"
74.7.241.1 - - [20/Feb/2026:07:21:44 -0500] "GET /?path=//sys/bus/node/devices/node0/cpu6/node0/memory8/subsystem/devices/memory2/subsystem/devices/memory7/subsystem/devices/memory9/node0/memory135 HTTP/1.1" 200 33044 "http://elrashedytravel.com/?path=//sys/bus/node/devices/node0/cpu6/node0/memory8/subsystem/devices/memory2/subsystem/devices/memory7/subsystem/devices/memory9/node0" "Mozilla/5.0 AppleWebKit/537.36 (KHTML, like Gecko; compatible; GPTBot/1.3; +https://openai.com/gptbot)"
57.141.0.43 - - [20/Feb/2026:07:21:44 -0500] "GET /sitemap-detail-1734.xml?path=/home HTTP/1.1" 200 97426 "-" "meta-externalagent/1.1 (+https://developers.facebook.com/docs/sharing/webmasters/crawler)"
74.7.241.1 - - [20/Feb/2026:07:21:44 -0500] "GET /?path=//sys/bus/node/devices/node0/cpu6/node0/memory8/subsystem/devices/memory0/subsystem/devices/memory5/subsystem/devices/memory8/node0/memory112 HTTP/1.1" 200 33044 "http://elrashedytravel.com/?path=//sys/bus/node/devices/node0/cpu6/node0/memory8/subsystem/devices/memory0/subsystem/devices/memory5/subsystem/devices/memory8/node0" "Mozilla/5.0 AppleWebKit/537.36 (KHTML, like Gecko; compatible; GPTBot/1.3; +https://openai.com/gptbot)"
74.7.241.1 - - [20/Feb/2026:07:21:45 -0500] "GET /?path=//sys/bus/node/devices/node0/cpu6/node0/memory8/subsystem/devices/memory3/subsystem/devices/memory5/subsystem/devices/memory3/node0/memory120 HTTP/1.1" 200 33044 "http://elrashedytravel.com/?path=//sys/bus/node/devices/node0/cpu6/node0/memory8/subsystem/devices/memory3/subsystem/devices/memory5/subsystem/devices/memory3/node0" "Mozilla/5.0 AppleWebKit/537.36 (KHTML, like Gecko; compatible; GPTBot/1.3; +https://openai.com/gptbot)"
57.141.0.30 - - [20/Feb/2026:07:21:45 -0500] "GET /sitemap-detail-1734.xml?path=/home/elrashedytravel/public_html HTTP/1.1" 200 281060 "-" "meta-externalagent/1.1 (+https://developers.facebook.com/docs/sharing/webmasters/crawler)"
74.7.241.1 - - [20/Feb/2026:07:21:46 -0500] "GET /?path=//sys/bus/node/devices/node0/cpu6/node0/memory8/subsystem/devices/memory9/subsystem/devices/memory13/subsystem/devices/memory4/node0/memory67 HTTP/1.1" 200 33049 "http://elrashedytravel.com/?path=//sys/bus/node/devices/node0/cpu6/node0/memory8/subsystem/devices/memory9/subsystem/devices/memory13/subsystem/devices/memory4/node0" "Mozilla/5.0 AppleWebKit/537.36 (KHTML, like Gecko; compatible; GPTBot/1.3; +https://openai.com/gptbot)"
37.27.51.140 - - [20/Feb/2026:07:21:45 -0500] "GET /items/mblcw48/1894?key=die HTTP/1.1" 200 281060 "-" "Mozilla/5.0 (compatible; SERankingBacklinksBot/1.0; +https://seranking.com/backlinks-crawler)"
74.7.241.1 - - [20/Feb/2026:07:21:46 -0500] "GET /?path=//sys/bus/node/devices/node0/cpu6/node0/memory8/subsystem/devices/memory80/subsystem/devices/memory2/subsystem/devices/memory6/node0/memory79 HTTP/1.1" 200 33052 "http://elrashedytravel.com/?path=//sys/bus/node/devices/node0/cpu6/node0/memory8/subsystem/devices/memory80/subsystem/devices/memory2/subsystem/devices/memory6/node0" "Mozilla/5.0 AppleWebKit/537.36 (KHTML, like Gecko; compatible; GPTBot/1.3; +https://openai.com/gptbot)"
74.7.241.1 - - [20/Feb/2026:07:21:47 -0500] "GET /?path=//sys/bus/node/devices/node0/cpu6/node0/memory8/subsystem/devices/memory7/subsystem/devices/memory9/subsystem/devices/memory0/node0/memory114 HTTP/1.1" 200 33044 "http://elrashedytravel.com/?path=//sys/bus/node/devices/node0/cpu6/node0/memory8/subsystem/devices/memory7/subsystem/devices/memory9/subsystem/devices/memory0/node0" "Mozilla/5.0 AppleWebKit/537.36 (KHTML, like Gecko; compatible; GPTBot/1.3; +https://openai.com/gptbot)"
74.7.241.1 - - [20/Feb/2026:07:21:47 -0500] "GET /?path=//sys/bus/node/devices/node0/cpu6/node0/memory8/subsystem/devices/memory39/subsystem/devices/memory0/subsystem/devices/memory5/node0/memory121 HTTP/1.1" 200 33091 "http://elrashedytravel.com/?path=//sys/bus/node/devices/node0/cpu6/node0/memory8/subsystem/devices/memory39/subsystem/devices/memory0/subsystem/devices/memory5/node0" "Mozilla/5.0 AppleWebKit/537.36 (KHTML, like Gecko; compatible; GPTBot/1.3; +https://openai.com/gptbot)"
74.7.241.1 - - [20/Feb/2026:07:21:48 -0500] "GET /?path=//sys/bus/node/devices/node0/cpu6/node0/memory8/subsystem/devices/memory4/subsystem/devices/memory9/subsystem/devices/memory8/node0/memory129 HTTP/1.1" 200 33044 "http://elrashedytravel.com/?path=//sys/bus/node/devices/node0/cpu6/node0/memory8/subsystem/devices/memory4/subsystem/devices/memory9/subsystem/devices/memory8/node0" "Mozilla/5.0 AppleWebKit/537.36 (KHTML, like Gecko; compatible; GPTBot/1.3; +https://openai.com/gptbot)"
74.7.241.1 - - [20/Feb/2026:07:21:48 -0500] "GET /?path=//sys/bus/node/devices/node0/cpu6/node0/memory8/subsystem/devices/memory9/subsystem/devices/memory0/subsystem/devices/memory1/node0/memory131/node0/memory135 HTTP/1.1" 200 33998 "http://elrashedytravel.com/?path=//sys/bus/node/devices/node0/cpu6/node0/memory8/subsystem/devices/memory9/subsystem/devices/memory0/subsystem/devices/memory1/node0/memory131/node0" "Mozilla/5.0 AppleWebKit/537.36 (KHTML, like Gecko; compatible; GPTBot/1.3; +https://openai.com/gptbot)"
74.7.241.1 - - [20/Feb/2026:07:21:49 -0500] "GET /?path=//sys/bus/node/devices/node0/cpu6/node0/memory8/subsystem/devices/memory9/subsystem/devices/memory0/subsystem/devices/memory1/node0/memory131/node0/cpu0 HTTP/1.1" 200 34684 "http://elrashedytravel.com/?path=//sys/bus/node/devices/node0/cpu6/node0/memory8/subsystem/devices/memory9/subsystem/devices/memory0/subsystem/devices/memory1/node0/memory131/node0" "Mozilla/5.0 AppleWebKit/537.36 (KHTML, like Gecko; compatible; GPTBot/1.3; +https://openai.com/gptbot)"
74.7.241.1 - - [20/Feb/2026:07:21:49 -0500] "GET /?path=//sys/bus/node/devices/node0/cpu6/node0/memory8/subsystem/devices/memory9/subsystem/devices/memory0/subsystem/devices/memory1/node0/memory131/node0/cpu1 HTTP/1.1" 200 36642 "http://elrashedytravel.com/?path=//sys/bus/node/devices/node0/cpu6/node0/memory8/subsystem/devices/memory9/subsystem/devices/memory0/subsystem/devices/memory1/node0/memory131/node0" "Mozilla/5.0 AppleWebKit/537.36 (KHTML, like Gecko; compatible; GPTBot/1.3; +https://openai.com/gptbot)"
37.27.51.140 - - [20/Feb/2026:07:21:49 -0500] "GET /items/spieg65/2495?key=too HTTP/1.1" 200 281060 "-" "Mozilla/5.0 (compatible; SERankingBacklinksBot/1.0; +https://seranking.com/backlinks-crawler)"
74.7.241.1 - - [20/Feb/2026:07:21:50 -0500] "GET /?path=//sys/bus/node/devices/node0/cpu6/node0/memory8/subsystem/devices/memory9/subsystem/devices/memory0/subsystem/devices/memory1/node0/memory131/node0/cpu4 HTTP/1.1" 200 36642 "http://elrashedytravel.com/?path=//sys/bus/node/devices/node0/cpu6/node0/memory8/subsystem/devices/memory9/subsystem/devices/memory0/subsystem/devices/memory1/node0/memory131/node0" "Mozilla/5.0 AppleWebKit/537.36 (KHTML, like Gecko; compatible; GPTBot/1.3; +https://openai.com/gptbot)"
74.7.241.1 - - [20/Feb/2026:07:21:50 -0500] "GET /?path=//sys/bus/node/devices/node0/cpu6/node0/memory8/subsystem/devices/memory9/subsystem/devices/memory0/subsystem/devices/memory1/node0/memory131/node0/cpu2 HTTP/1.1" 200 36642 "http://elrashedytravel.com/?path=//sys/bus/node/devices/node0/cpu6/node0/memory8/subsystem/devices/memory9/subsystem/devices/memory0/subsystem/devices/memory1/node0/memory131/node0" "Mozilla/5.0 AppleWebKit/537.36 (KHTML, like Gecko; compatible; GPTBot/1.3; +https://openai.com/gptbot)"
74.7.241.1 - - [20/Feb/2026:07:21:51 -0500] "GET /?path=//sys/bus/node/devices/node0/cpu6/node0/memory8/subsystem/devices/memory9/subsystem/devices/memory0/subsystem/devices/memory1/node0/memory131/node0/cpu6 HTTP/1.1" 200 36642 "http://elrashedytravel.com/?path=//sys/bus/node/devices/node0/cpu6/node0/memory8/subsystem/devices/memory9/subsystem/devices/memory0/subsystem/devices/memory1/node0/memory131/node0" "Mozilla/5.0 AppleWebKit/537.36 (KHTML, like Gecko; compatible; GPTBot/1.3; +https://openai.com/gptbot)"
74.7.241.1 - - [20/Feb/2026:07:21:51 -0500] "GET /?path=//sys/bus/node/devices/node0/cpu6/node0/memory8/subsystem/devices/memory9/subsystem/devices/memory0/subsystem/devices/memory1/node0/memory131/node0/cpu7 HTTP/1.1" 200 36642 "http://elrashedytravel.com/?path=//sys/bus/node/devices/node0/cpu6/node0/memory8/subsystem/devices/memory9/subsystem/devices/memory0/subsystem/devices/memory1/node0/memory131/node0" "Mozilla/5.0 AppleWebKit/537.36 (KHTML, like Gecko; compatible; GPTBot/1.3; +https://openai.com/gptbot)"
74.7.241.1 - - [20/Feb/2026:07:21:52 -0500] "GET /?path=//sys/bus/node/devices/node0/cpu6/node0/memory8/subsystem/devices/memory80/subsystem/devices/memory2/subsystem/devices/memory6/node0 HTTP/1.1" 200 266373 "http://elrashedytravel.com/?path=//sys/bus/node/devices/node0/cpu6/node0/memory8/subsystem/devices/memory80/subsystem/devices/memory2/subsystem/devices/memory6/node0/memory79" "Mozilla/5.0 AppleWebKit/537.36 (KHTML, like Gecko; compatible; GPTBot/1.3; +https://openai.com/gptbot)"
74.7.241.1 - - [20/Feb/2026:07:21:52 -0500] "GET /?path=//sys/bus/node/devices/node0/cpu6/node0/memory8/subsystem/devices/memory9/subsystem/devices/memory0/subsystem/devices/memory1/node0/memory131/node0/cpu3 HTTP/1.1" 200 36642 "http://elrashedytravel.com/?path=//sys/bus/node/devices/node0/cpu6/node0/memory8/subsystem/devices/memory9/subsystem/devices/memory0/subsystem/devices/memory1/node0/memory131/node0" "Mozilla/5.0 AppleWebKit/537.36 (KHTML, like Gecko; compatible; GPTBot/1.3; +https://openai.com/gptbot)"
74.7.241.1 - - [20/Feb/2026:07:21:53 -0500] "GET /?path=//sys/bus/node/devices/node0/cpu6/node0/memory8/subsystem/devices/memory9/subsystem/devices/memory0/subsystem/devices/memory1/node0/memory131/node0/cpu5 HTTP/1.1" 200 36642 "http://elrashedytravel.com/?path=//sys/bus/node/devices/node0/cpu6/node0/memory8/subsystem/devices/memory9/subsystem/devices/memory0/subsystem/devices/memory1/node0/memory131/node0" "Mozilla/5.0 AppleWebKit/537.36 (KHTML, like Gecko; compatible; GPTBot/1.3; +https://openai.com/gptbot)"
37.27.51.140 - - [20/Feb/2026:07:21:53 -0500] "GET /items/ztuly42/45194?key=by HTTP/1.1" 200 281060 "-" "Mozilla/5.0 (compatible; SERankingBacklinksBot/1.0; +https://seranking.com/backlinks-crawler)"
74.7.241.1 - - [20/Feb/2026:07:21:53 -0500] "GET /?path=//sys/bus/node/devices/node0/cpu6/node0/memory8/subsystem/devices/memory5/subsystem/devices/memory8/subsystem/devices/memory1/node0/memory129 HTTP/1.1" 200 33044 "http://elrashedytravel.com/?path=//sys/bus/node/devices/node0/cpu6/node0/memory8/subsystem/devices/memory5/subsystem/devices/memory8/subsystem/devices/memory1/node0" "Mozilla/5.0 AppleWebKit/537.36 (KHTML, like Gecko; compatible; GPTBot/1.3; +https://openai.com/gptbot)"
74.7.241.1 - - [20/Feb/2026:07:21:54 -0500] "GET /?path=//sys/bus/node/devices/node0/cpu6/node0/memory8/subsystem/devices/memory2/subsystem/devices/memory7/subsystem/devices/memory5/node0/memory103 HTTP/1.1" 200 33044 "http://elrashedytravel.com/?path=//sys/bus/node/devices/node0/cpu6/node0/memory8/subsystem/devices/memory2/subsystem/devices/memory7/subsystem/devices/memory5/node0" "Mozilla/5.0 AppleWebKit/537.36 (KHTML, like Gecko; compatible; GPTBot/1.3; +https://openai.com/gptbot)"
74.7.241.1 - - [20/Feb/2026:07:21:54 -0500] "GET /?path=//sys/bus/node/devices/node0/cpu6/node0/memory8/subsystem/devices/memory9/subsystem/devices/memory0/subsystem/devices/memory1/node0/memory131/node0/cpu0/power HTTP/1.1" 200 27187 "http://elrashedytravel.com/?path=//sys/bus/node/devices/node0/cpu6/node0/memory8/subsystem/devices/memory9/subsystem/devices/memory0/subsystem/devices/memory1/node0/memory131/node0/cpu0" "Mozilla/5.0 AppleWebKit/537.36 (KHTML, like Gecko; compatible; GPTBot/1.3; +https://openai.com/gptbot)"
74.7.241.1 - - [20/Feb/2026:07:21:55 -0500] "GET /?path=//sys/bus/node/devices/node0/cpu6/node0/memory8/subsystem/devices/memory9/subsystem/devices/memory0/subsystem/devices/memory1/node0/memory131/node0/cpu0/driver HTTP/1.1" 200 34959 "http://elrashedytravel.com/?path=//sys/bus/node/devices/node0/cpu6/node0/memory8/subsystem/devices/memory9/subsystem/devices/memory0/subsystem/devices/memory1/node0/memory131/node0/cpu0" "Mozilla/5.0 AppleWebKit/537.36 (KHTML, like Gecko; compatible; GPTBot/1.3; +https://openai.com/gptbot)"
74.7.241.1 - - [20/Feb/2026:07:21:56 -0500] "GET /?path=//sys/bus/node/devices/node0/cpu6/node0/memory8/subsystem/devices/memory9/subsystem/devices/memory0/subsystem/devices/memory1/node0/memory131/node0/cpu4/driver HTTP/1.1" 200 34959 "http://elrashedytravel.com/?path=//sys/bus/node/devices/node0/cpu6/node0/memory8/subsystem/devices/memory9/subsystem/devices/memory0/subsystem/devices/memory1/node0/memory131/node0/cpu4" "Mozilla/5.0 AppleWebKit/537.36 (KHTML, like Gecko; compatible; GPTBot/1.3; +https://openai.com/gptbot)"
74.7.241.1 - - [20/Feb/2026:07:21:56 -0500] "GET /?path=//sys/bus/node/devices/node0/cpu6/node0/memory8/subsystem/devices/memory9/subsystem/devices/memory0/subsystem/devices/memory1/node0/memory131/node0/cpu1/cache HTTP/1.1" 200 24001 "http://elrashedytravel.com/?path=//sys/bus/node/devices/node0/cpu6/node0/memory8/subsystem/devices/memory9/subsystem/devices/memory0/subsystem/devices/memory1/node0/memory131/node0/cpu1" "Mozilla/5.0 AppleWebKit/537.36 (KHTML, like Gecko; compatible; GPTBot/1.3; +https://openai.com/gptbot)"
74.7.241.1 - - [20/Feb/2026:07:21:57 -0500] "GET /?path=//sys/bus/node/devices/node0/cpu6/node0/memory8/subsystem/devices/memory9/subsystem/devices/memory0/subsystem/devices/memory1/node0/memory131/node0/cpu6/cache HTTP/1.1" 200 24001 "http://elrashedytravel.com/?path=//sys/bus/node/devices/node0/cpu6/node0/memory8/subsystem/devices/memory9/subsystem/devices/memory0/subsystem/devices/memory1/node0/memory131/node0/cpu6" "Mozilla/5.0 AppleWebKit/537.36 (KHTML, like Gecko; compatible; GPTBot/1.3; +https://openai.com/gptbot)"
37.27.51.140 - - [20/Feb/2026:07:21:57 -0500] "GET /items/dkzua11/3361?key=add HTTP/1.1" 200 281060 "-" "Mozilla/5.0 (compatible; SERankingBacklinksBot/1.0; +https://seranking.com/backlinks-crawler)"
74.7.241.1 - - [20/Feb/2026:07:21:57 -0500] "GET /?path=//sys/bus/node/devices/node0/cpu6/node0/memory8/subsystem/devices/memory9/subsystem/devices/memory0/subsystem/devices/memory1/node0/memory131/node0/cpu6/power HTTP/1.1" 200 27187 "http://elrashedytravel.com/?path=//sys/bus/node/devices/node0/cpu6/node0/memory8/subsystem/devices/memory9/subsystem/devices/memory0/subsystem/devices/memory1/node0/memory131/node0/cpu6" "Mozilla/5.0 AppleWebKit/537.36 (KHTML, like Gecko; compatible; GPTBot/1.3; +https://openai.com/gptbot)"
74.7.241.1 - - [20/Feb/2026:07:21:58 -0500] "GET /?path=//sys/bus/node/devices/node0/cpu6/node0/memory8/subsystem/devices/memory80/subsystem/devices/memory2/subsystem/devices/memory6/node0/memory22 HTTP/1.1" 200 33052 "http://elrashedytravel.com/?path=//sys/bus/node/devices/node0/cpu6/node0/memory8/subsystem/devices/memory80/subsystem/devices/memory2/subsystem/devices/memory6/node0" "Mozilla/5.0 AppleWebKit/537.36 (KHTML, like Gecko; compatible; GPTBot/1.3; +https://openai.com/gptbot)"
74.7.241.1 - - [20/Feb/2026:07:21:58 -0500] "GET /?path=//sys/bus/node/devices/node0/cpu6/node0/memory8/subsystem/devices/memory9/subsystem/devices/memory0/subsystem/devices/memory1/node0/memory131/node0/cpu3/cache HTTP/1.1" 200 24001 "http://elrashedytravel.com/?path=//sys/bus/node/devices/node0/cpu6/node0/memory8/subsystem/devices/memory9/subsystem/devices/memory0/subsystem/devices/memory1/node0/memory131/node0/cpu3" "Mozilla/5.0 AppleWebKit/537.36 (KHTML, like Gecko; compatible; GPTBot/1.3; +https://openai.com/gptbot)"
74.7.241.1 - - [20/Feb/2026:07:21:59 -0500] "GET /?path=//sys/bus/node/devices/node0/cpu6/node0/memory8/subsystem/devices/memory9/subsystem/devices/memory0/subsystem/devices/memory1/node0/memory131/node0/cpu5/driver HTTP/1.1" 200 34959 "http://elrashedytravel.com/?path=//sys/bus/node/devices/node0/cpu6/node0/memory8/subsystem/devices/memory9/subsystem/devices/memory0/subsystem/devices/memory1/node0/memory131/node0/cpu5" "Mozilla/5.0 AppleWebKit/537.36 (KHTML, like Gecko; compatible; GPTBot/1.3; +https://openai.com/gptbot)"
74.7.241.1 - - [20/Feb/2026:07:21:59 -0500] "GET /?path=//sys/bus/node/devices/node0/cpu6/node0/memory8/subsystem/devices/memory9/subsystem/devices/memory0/subsystem/devices/memory1/node0/memory131/node0/cpu7/driver HTTP/1.1" 200 34959 "http://elrashedytravel.com/?path=//sys/bus/node/devices/node0/cpu6/node0/memory8/subsystem/devices/memory9/subsystem/devices/memory0/subsystem/devices/memory1/node0/memory131/node0/cpu7" "Mozilla/5.0 AppleWebKit/537.36 (KHTML, like Gecko; compatible; GPTBot/1.3; +https://openai.com/gptbot)"
74.7.241.1 - - [20/Feb/2026:07:22:00 -0500] "GET /?path=//sys/bus/node/devices/node0/cpu6/node0/memory8/subsystem/devices/memory9/subsystem/devices/memory0/subsystem/devices/memory1/node0/memory131/node0/cpu3/power HTTP/1.1" 200 27187 "http://elrashedytravel.com/?path=//sys/bus/node/devices/node0/cpu6/node0/memory8/subsystem/devices/memory9/subsystem/devices/memory0/subsystem/devices/memory1/node0/memory131/node0/cpu3" "Mozilla/5.0 AppleWebKit/537.36 (KHTML, like Gecko; compatible; GPTBot/1.3; +https://openai.com/gptbot)"
74.7.241.1 - - [20/Feb/2026:07:22:00 -0500] "GET /?path=//sys/bus/node/devices/node0/cpu6/node0/memory8/subsystem/devices/memory9/subsystem/devices/memory0/subsystem/devices/memory1/node0/memory131/node0/cpu6/driver HTTP/1.1" 200 34959 "http://elrashedytravel.com/?path=//sys/bus/node/devices/node0/cpu6/node0/memory8/subsystem/devices/memory9/subsystem/devices/memory0/subsystem/devices/memory1/node0/memory131/node0/cpu6" "Mozilla/5.0 AppleWebKit/537.36 (KHTML, like Gecko; compatible; GPTBot/1.3; +https://openai.com/gptbot)"
37.27.51.140 - - [20/Feb/2026:07:22:00 -0500] "GET /items/mbzgt231/4251?key=uh HTTP/1.1" 200 281060 "-" "Mozilla/5.0 (compatible; SERankingBacklinksBot/1.0; +https://seranking.com/backlinks-crawler)"
74.7.241.1 - - [20/Feb/2026:07:22:01 -0500] "GET /?path=//sys/bus/node/devices/node0/cpu6/node0/memory8/subsystem/devices/memory9/subsystem/devices/memory0/subsystem/devices/memory1/node0/memory131/node0/cpu1/power HTTP/1.1" 200 27187 "http://elrashedytravel.com/?path=//sys/bus/node/devices/node0/cpu6/node0/memory8/subsystem/devices/memory9/subsystem/devices/memory0/subsystem/devices/memory1/node0/memory131/node0/cpu1" "Mozilla/5.0 AppleWebKit/537.36 (KHTML, like Gecko; compatible; GPTBot/1.3; +https://openai.com/gptbot)"
74.7.241.1 - - [20/Feb/2026:07:22:01 -0500] "GET /?path=//sys/bus/node/devices/node0/cpu6/node0/memory8/subsystem/devices/memory9/subsystem/devices/memory0/subsystem/devices/memory1/node0/memory131/node0/cpu2/driver HTTP/1.1" 200 34959 "http://elrashedytravel.com/?path=//sys/bus/node/devices/node0/cpu6/node0/memory8/subsystem/devices/memory9/subsystem/devices/memory0/subsystem/devices/memory1/node0/memory131/node0/cpu2" "Mozilla/5.0 AppleWebKit/537.36 (KHTML, like Gecko; compatible; GPTBot/1.3; +https://openai.com/gptbot)"
74.7.241.1 - - [20/Feb/2026:07:22:02 -0500] "GET /?path=//sys/bus/node/devices/node0/cpu6/node0/memory8/subsystem/devices/memory9/subsystem/devices/memory0/subsystem/devices/memory1/node0/memory131/node0/cpu1/driver HTTP/1.1" 200 34959 "http://elrashedytravel.com/?path=//sys/bus/node/devices/node0/cpu6/node0/memory8/subsystem/devices/memory9/subsystem/devices/memory0/subsystem/devices/memory1/node0/memory131/node0/cpu1" "Mozilla/5.0 AppleWebKit/537.36 (KHTML, like Gecko; compatible; GPTBot/1.3; +https://openai.com/gptbot)"
74.7.241.1 - - [20/Feb/2026:07:22:02 -0500] "GET /?path=//sys/bus/node/devices/node0/cpu6/node0/memory8/subsystem/devices/memory9/subsystem/devices/memory0/subsystem/devices/memory1/node0/memory131/node0/cpu3/driver HTTP/1.1" 200 34959 "http://elrashedytravel.com/?path=//sys/bus/node/devices/node0/cpu6/node0/memory8/subsystem/devices/memory9/subsystem/devices/memory0/subsystem/devices/memory1/node0/memory131/node0/cpu3" "Mozilla/5.0 AppleWebKit/537.36 (KHTML, like Gecko; compatible; GPTBot/1.3; +https://openai.com/gptbot)"
74.7.241.1 - - [20/Feb/2026:07:22:03 -0500] "GET /?path=//sys/bus/node/devices/node0/cpu6/node0/memory8/subsystem/devices/memory9/subsystem/devices/memory0/subsystem/devices/memory1/node0/memory131/node0/cpu0/cache HTTP/1.1" 200 24001 "http://elrashedytravel.com/?path=//sys/bus/node/devices/node0/cpu6/node0/memory8/subsystem/devices/memory9/subsystem/devices/memory0/subsystem/devices/memory1/node0/memory131/node0/cpu0" "Mozilla/5.0 AppleWebKit/537.36 (KHTML, like Gecko; compatible; GPTBot/1.3; +https://openai.com/gptbot)"
74.7.241.1 - - [20/Feb/2026:07:22:03 -0500] "GET /?path=//sys/bus/node/devices/node0/cpu6/node0/memory8/subsystem/devices/memory6/subsystem/devices/memory4/subsystem/devices/memory3/node0/memory113 HTTP/1.1" 200 33044 "http://elrashedytravel.com/?path=//sys/bus/node/devices/node0/cpu6/node0/memory8/subsystem/devices/memory6/subsystem/devices/memory4/subsystem/devices/memory3/node0" "Mozilla/5.0 AppleWebKit/537.36 (KHTML, like Gecko; compatible; GPTBot/1.3; +https://openai.com/gptbot)"
74.7.241.1 - - [20/Feb/2026:07:22:04 -0500] "GET /?path=//sys/bus/node/devices/node0/cpu6/node0/memory8/subsystem/devices/memory45/subsystem/devices/memory6/subsystem/devices/memory9/node0/memory52 HTTP/1.1" 200 33052 "http://elrashedytravel.com/?path=//sys/bus/node/devices/node0/cpu6/node0/memory8/subsystem/devices/memory45/subsystem/devices/memory6/subsystem/devices/memory9/node0" "Mozilla/5.0 AppleWebKit/537.36 (KHTML, like Gecko; compatible; GPTBot/1.3; +https://openai.com/gptbot)"
74.7.241.1 - - [20/Feb/2026:07:22:04 -0500] "GET /?path=//sys/bus/node/devices/node0/cpu6/node0/memory8/subsystem/devices/memory0/subsystem/devices/memory62/subsystem/devices/memory2/node0/memory109 HTTP/1.1" 200 33088 "http://elrashedytravel.com/?path=//sys/bus/node/devices/node0/cpu6/node0/memory8/subsystem/devices/memory0/subsystem/devices/memory62/subsystem/devices/memory2/node0" "Mozilla/5.0 AppleWebKit/537.36 (KHTML, like Gecko; compatible; GPTBot/1.3; +https://openai.com/gptbot)"
37.27.51.140 - - [20/Feb/2026:07:22:04 -0500] "GET /items/sqbrv16/512?key=edge HTTP/1.1" 200 281060 "-" "Mozilla/5.0 (compatible; SERankingBacklinksBot/1.0; +https://seranking.com/backlinks-crawler)"
74.7.241.1 - - [20/Feb/2026:07:22:05 -0500] "GET /?path=//sys/bus/node/devices/node0/cpu6/node0/memory8/subsystem/devices/memory93/subsystem/devices/memory1/subsystem/devices/memory6/node0/memory17 HTTP/1.1" 200 33052 "http://elrashedytravel.com/?path=//sys/bus/node/devices/node0/cpu6/node0/memory8/subsystem/devices/memory93/subsystem/devices/memory1/subsystem/devices/memory6/node0" "Mozilla/5.0 AppleWebKit/537.36 (KHTML, like Gecko; compatible; GPTBot/1.3; +https://openai.com/gptbot)"
74.7.241.1 - - [20/Feb/2026:07:22:05 -0500] "GET /?path=//sys/bus/node/devices/node0/cpu6/node0/memory8/subsystem/devices/memory2/subsystem/devices/memory61/subsystem/devices/memory3/node0/memory77 HTTP/1.1" 200 33049 "http://elrashedytravel.com/?path=//sys/bus/node/devices/node0/cpu6/node0/memory8/subsystem/devices/memory2/subsystem/devices/memory61/subsystem/devices/memory3/node0" "Mozilla/5.0 AppleWebKit/537.36 (KHTML, like Gecko; compatible; GPTBot/1.3; +https://openai.com/gptbot)"
74.7.241.1 - - [20/Feb/2026:07:22:06 -0500] "GET /?path=//sys/bus/node/devices/node0/cpu6/node0/memory8/subsystem/devices/memory3/subsystem/devices/memory48/subsystem/devices/memory8/node0/memory21 HTTP/1.1" 200 33049 "http://elrashedytravel.com/?path=//sys/bus/node/devices/node0/cpu6/node0/memory8/subsystem/devices/memory3/subsystem/devices/memory48/subsystem/devices/memory8/node0" "Mozilla/5.0 AppleWebKit/537.36 (KHTML, like Gecko; compatible; GPTBot/1.3; +https://openai.com/gptbot)"
74.7.241.1 - - [20/Feb/2026:07:22:07 -0500] "GET /?path=//sys/bus/node/devices/node0/cpu6/node0/memory8/subsystem/devices/memory6/subsystem/devices/memory2/subsystem/devices/memory9/node0/memory118 HTTP/1.1" 200 33044 "http://elrashedytravel.com/?path=//sys/bus/node/devices/node0/cpu6/node0/memory8/subsystem/devices/memory6/subsystem/devices/memory2/subsystem/devices/memory9/node0" "Mozilla/5.0 AppleWebKit/537.36 (KHTML, like Gecko; compatible; GPTBot/1.3; +https://openai.com/gptbot)"
74.7.241.1 - - [20/Feb/2026:07:22:07 -0500] "GET /?path=//sys/bus/node/devices/node0/cpu6/node0/memory8/subsystem/devices/memory0/subsystem/devices/memory5/subsystem/devices/memory3/node0/memory135 HTTP/1.1" 200 33044 "http://elrashedytravel.com/?path=//sys/bus/node/devices/node0/cpu6/node0/memory8/subsystem/devices/memory0/subsystem/devices/memory5/subsystem/devices/memory3/node0" "Mozilla/5.0 AppleWebKit/537.36 (KHTML, like Gecko; compatible; GPTBot/1.3; +https://openai.com/gptbot)"
74.7.241.1 - - [20/Feb/2026:07:22:08 -0500] "GET /?path=//sys/bus/node/devices/node0/cpu6/node0/memory8/subsystem/devices/memory1/subsystem/devices/memory66/subsystem/devices/memory2/node0/memory123 HTTP/1.1" 200 33088 "http://elrashedytravel.com/?path=//sys/bus/node/devices/node0/cpu6/node0/memory8/subsystem/devices/memory1/subsystem/devices/memory66/subsystem/devices/memory2/node0" "Mozilla/5.0 AppleWebKit/537.36 (KHTML, like Gecko; compatible; GPTBot/1.3; +https://openai.com/gptbot)"
74.7.241.1 - - [20/Feb/2026:07:22:08 -0500] "GET /?path=//sys/bus/node/devices/node0/cpu6/node0/memory8/subsystem/devices/memory1/subsystem/devices/memory2/subsystem/devices/memory1/node0/memory117 HTTP/1.1" 200 33044 "http://elrashedytravel.com/?path=//sys/bus/node/devices/node0/cpu6/node0/memory8/subsystem/devices/memory1/subsystem/devices/memory2/subsystem/devices/memory1/node0" "Mozilla/5.0 AppleWebKit/537.36 (KHTML, like Gecko; compatible; GPTBot/1.3; +https://openai.com/gptbot)"
37.27.51.140 - - [20/Feb/2026:07:22:08 -0500] "GET /items/zutoq62/10082?key=ad HTTP/1.1" 200 281060 "-" "Mozilla/5.0 (compatible; SERankingBacklinksBot/1.0; +https://seranking.com/backlinks-crawler)"
74.7.241.1 - - [20/Feb/2026:07:22:09 -0500] "GET /?path=//sys/bus/node/devices/node0/cpu6/node0/memory8/subsystem/devices/memory9/subsystem/devices/memory0/subsystem/devices/memory1/node0/memory131/node0/cpu0/cache/index2 HTTP/1.1" 200 37562 "http://elrashedytravel.com/?path=//sys/bus/node/devices/node0/cpu6/node0/memory8/subsystem/devices/memory9/subsystem/devices/memory0/subsystem/devices/memory1/node0/memory131/node0/cpu0/cache" "Mozilla/5.0 AppleWebKit/537.36 (KHTML, like Gecko; compatible; GPTBot/1.3; +https://openai.com/gptbot)"
74.7.241.1 - - [20/Feb/2026:07:22:09 -0500] "GET /?path=//sys/bus/node/devices/node0/cpu6/node0/memory8/subsystem/devices/memory39/subsystem/devices/memory0/subsystem/devices/memory5/node0/memory86 HTTP/1.1" 200 33052 "http://elrashedytravel.com/?path=//sys/bus/node/devices/node0/cpu6/node0/memory8/subsystem/devices/memory39/subsystem/devices/memory0/subsystem/devices/memory5/node0" "Mozilla/5.0 AppleWebKit/537.36 (KHTML, like Gecko; compatible; GPTBot/1.3; +https://openai.com/gptbot)"
74.7.241.1 - - [20/Feb/2026:07:22:10 -0500] "GET /?path=//sys/bus/node/devices/node0/cpu6/node0/memory8/subsystem/devices/memory5/subsystem/devices/memory2/subsystem/devices/memory2/node0/memory132 HTTP/1.1" 200 33044 "http://elrashedytravel.com/?path=//sys/bus/node/devices/node0/cpu6/node0/memory8/subsystem/devices/memory5/subsystem/devices/memory2/subsystem/devices/memory2/node0" "Mozilla/5.0 AppleWebKit/537.36 (KHTML, like Gecko; compatible; GPTBot/1.3; +https://openai.com/gptbot)"
74.7.241.1 - - [20/Feb/2026:07:22:10 -0500] "GET /?path=//sys/bus/node/devices/node0/cpu6/node0/memory8/subsystem/devices/memory0/subsystem/devices/memory62/subsystem/devices/memory2/node0/memory109/power HTTP/1.1" 200 24578 "http://elrashedytravel.com/?path=//sys/bus/node/devices/node0/cpu6/node0/memory8/subsystem/devices/memory0/subsystem/devices/memory62/subsystem/devices/memory2/node0/memory109" "Mozilla/5.0 AppleWebKit/537.36 (KHTML, like Gecko; compatible; GPTBot/1.3; +https://openai.com/gptbot)"
74.7.241.1 - - [20/Feb/2026:07:22:11 -0500] "GET /?path=//sys/bus/node/devices/node0/cpu6/node0/memory8/subsystem/devices/memory2/subsystem/devices/memory1/subsystem/devices/memory8/node0/memory135 HTTP/1.1" 200 33044 "http://elrashedytravel.com/?path=//sys/bus/node/devices/node0/cpu6/node0/memory8/subsystem/devices/memory2/subsystem/devices/memory1/subsystem/devices/memory8/node0" "Mozilla/5.0 AppleWebKit/537.36 (KHTML, like Gecko; compatible; GPTBot/1.3; +https://openai.com/gptbot)"
