74.7.241.1 - - [20/Feb/2026:07:11:25 -0500] "GET /?path=//sys/bus/node/devices/node0/cpu6/node0/memory8/subsystem/devices/memory4/subsystem/devices/memory9/subsystem/devices/memory6/node0/memory118/power HTTP/1.1" 200 24550 "http://elrashedytravel.com/?path=//sys/bus/node/devices/node0/cpu6/node0/memory8/subsystem/devices/memory4/subsystem/devices/memory9/subsystem/devices/memory6/node0/memory118" "Mozilla/5.0 AppleWebKit/537.36 (KHTML, like Gecko; compatible; GPTBot/1.3; +https://openai.com/gptbot)"
74.7.241.1 - - [20/Feb/2026:07:11:25 -0500] "GET /?path=//sys/bus/node/devices/node0/cpu6/node0/memory8/subsystem/devices/memory0/subsystem/devices/memory62/subsystem/devices/memory2/node0/memory59 HTTP/1.1" 200 33049 "http://elrashedytravel.com/?path=//sys/bus/node/devices/node0/cpu6/node0/memory8/subsystem/devices/memory0/subsystem/devices/memory62/subsystem/devices/memory2/node0" "Mozilla/5.0 AppleWebKit/537.36 (KHTML, like Gecko; compatible; GPTBot/1.3; +https://openai.com/gptbot)"
74.7.241.1 - - [20/Feb/2026:07:11:26 -0500] "GET /?path=//sys/bus/node/devices/node0/cpu6/node0/memory8/subsystem/devices/memory23/subsystem/devices/memory9/subsystem/devices/memory6/node0/memory41 HTTP/1.1" 200 33052 "http://elrashedytravel.com/?path=//sys/bus/node/devices/node0/cpu6/node0/memory8/subsystem/devices/memory23/subsystem/devices/memory9/subsystem/devices/memory6/node0" "Mozilla/5.0 AppleWebKit/537.36 (KHTML, like Gecko; compatible; GPTBot/1.3; +https://openai.com/gptbot)"
37.27.51.140 - - [20/Feb/2026:07:11:26 -0500] "GET /items/rjhnl35/30779?key=Ms HTTP/1.1" 200 281060 "-" "Mozilla/5.0 (compatible; SERankingBacklinksBot/1.0; +https://seranking.com/backlinks-crawler)"
74.7.241.1 - - [20/Feb/2026:07:11:26 -0500] "GET /?path=//sys/bus/node/devices/node0/cpu6/node0/memory8/subsystem/devices/memory32/subsystem/devices/memory8/subsystem/devices/memory9/node0/memory100/power HTTP/1.1" 200 24581 "http://elrashedytravel.com/?path=//sys/bus/node/devices/node0/cpu6/node0/memory8/subsystem/devices/memory32/subsystem/devices/memory8/subsystem/devices/memory9/node0/memory100" "Mozilla/5.0 AppleWebKit/537.36 (KHTML, like Gecko; compatible; GPTBot/1.3; +https://openai.com/gptbot)"
74.7.241.1 - - [20/Feb/2026:07:11:27 -0500] "GET /?path=//sys/bus/node/devices/node0/cpu6/node0/memory8/subsystem/devices/memory78/subsystem/devices/memory3/subsystem/devices/memory1/node0/memory44 HTTP/1.1" 200 33052 "http://elrashedytravel.com/?path=//sys/bus/node/devices/node0/cpu6/node0/memory8/subsystem/devices/memory78/subsystem/devices/memory3/subsystem/devices/memory1/node0" "Mozilla/5.0 AppleWebKit/537.36 (KHTML, like Gecko; compatible; GPTBot/1.3; +https://openai.com/gptbot)"
74.7.241.1 - - [20/Feb/2026:07:11:28 -0500] "GET /?path=//sys/bus/node/devices/node0/cpu6/node0/memory8/subsystem/devices/memory61/subsystem/devices/memory1/subsystem/devices/memory9/node0/memory74 HTTP/1.1" 200 33052 "http://elrashedytravel.com/?path=//sys/bus/node/devices/node0/cpu6/node0/memory8/subsystem/devices/memory61/subsystem/devices/memory1/subsystem/devices/memory9/node0" "Mozilla/5.0 AppleWebKit/537.36 (KHTML, like Gecko; compatible; GPTBot/1.3; +https://openai.com/gptbot)"
74.7.241.1 - - [20/Feb/2026:07:11:28 -0500] "GET /?path=//sys/bus/node/devices/node0/cpu6/node0/memory8/subsystem/devices/memory7/subsystem/devices/memory1/subsystem/devices/memory5/node0/memory105 HTTP/1.1" 200 33044 "http://elrashedytravel.com/?path=//sys/bus/node/devices/node0/cpu6/node0/memory8/subsystem/devices/memory7/subsystem/devices/memory1/subsystem/devices/memory5/node0" "Mozilla/5.0 AppleWebKit/537.36 (KHTML, like Gecko; compatible; GPTBot/1.3; +https://openai.com/gptbot)"
74.7.241.1 - - [20/Feb/2026:07:11:29 -0500] "GET /?path=//sys/bus/node/devices/node0/cpu6/node0/memory8/subsystem/devices/memory1/subsystem/devices/memory6/subsystem/devices/memory3/node0/memory135 HTTP/1.1" 200 33044 "http://elrashedytravel.com/?path=//sys/bus/node/devices/node0/cpu6/node0/memory8/subsystem/devices/memory1/subsystem/devices/memory6/subsystem/devices/memory3/node0" "Mozilla/5.0 AppleWebKit/537.36 (KHTML, like Gecko; compatible; GPTBot/1.3; +https://openai.com/gptbot)"
74.7.241.1 - - [20/Feb/2026:07:11:29 -0500] "GET /?path=//sys/bus/node/devices/node0/cpu6/node0/memory8/subsystem/devices/memory5/subsystem/devices/memory1/subsystem/devices/memory0/node0/memory102 HTTP/1.1" 200 33044 "http://elrashedytravel.com/?path=//sys/bus/node/devices/node0/cpu6/node0/memory8/subsystem/devices/memory5/subsystem/devices/memory1/subsystem/devices/memory0/node0" "Mozilla/5.0 AppleWebKit/537.36 (KHTML, like Gecko; compatible; GPTBot/1.3; +https://openai.com/gptbot)"
74.7.241.1 - - [20/Feb/2026:07:11:30 -0500] "GET /?path=//sys/bus/node/devices/node0/cpu6/node0/memory8/subsystem/devices/memory39/subsystem/devices/memory0/subsystem/devices/memory0/node0/memory121 HTTP/1.1" 200 33091 "http://elrashedytravel.com/?path=//sys/bus/node/devices/node0/cpu6/node0/memory8/subsystem/devices/memory39/subsystem/devices/memory0/subsystem/devices/memory0/node0" "Mozilla/5.0 AppleWebKit/537.36 (KHTML, like Gecko; compatible; GPTBot/1.3; +https://openai.com/gptbot)"
37.27.51.140 - - [20/Feb/2026:07:11:30 -0500] "GET /items/zcjrh66/7286?key=hey HTTP/1.1" 200 281060 "-" "Mozilla/5.0 (compatible; SERankingBacklinksBot/1.0; +https://seranking.com/backlinks-crawler)"
74.7.241.1 - - [20/Feb/2026:07:11:30 -0500] "GET /?path=//sys/bus/node/devices/node0/cpu6/node0/memory8/subsystem/devices/memory59/subsystem/devices/memory0/subsystem/devices/memory3/node0/memory14 HTTP/1.1" 200 33052 "http://elrashedytravel.com/?path=//sys/bus/node/devices/node0/cpu6/node0/memory8/subsystem/devices/memory59/subsystem/devices/memory0/subsystem/devices/memory3/node0" "Mozilla/5.0 AppleWebKit/537.36 (KHTML, like Gecko; compatible; GPTBot/1.3; +https://openai.com/gptbot)"
74.7.241.1 - - [20/Feb/2026:07:11:31 -0500] "GET /?path=//sys/bus/node/devices/node0/cpu6/node0/memory8/subsystem/devices/memory4/subsystem/devices/memory9/subsystem/devices/memory6/node0/memory122 HTTP/1.1" 200 33044 "http://elrashedytravel.com/?path=//sys/bus/node/devices/node0/cpu6/node0/memory8/subsystem/devices/memory4/subsystem/devices/memory9/subsystem/devices/memory6/node0" "Mozilla/5.0 AppleWebKit/537.36 (KHTML, like Gecko; compatible; GPTBot/1.3; +https://openai.com/gptbot)"
74.7.241.1 - - [20/Feb/2026:07:11:31 -0500] "GET /?path=//sys/bus/node/devices/node0/cpu6/node0/memory8/subsystem/devices/memory7/subsystem/devices/memory0/subsystem/devices/memory0/node0/memory135 HTTP/1.1" 200 33044 "http://elrashedytravel.com/?path=//sys/bus/node/devices/node0/cpu6/node0/memory8/subsystem/devices/memory7/subsystem/devices/memory0/subsystem/devices/memory0/node0" "Mozilla/5.0 AppleWebKit/537.36 (KHTML, like Gecko; compatible; GPTBot/1.3; +https://openai.com/gptbot)"
74.7.241.1 - - [20/Feb/2026:07:11:32 -0500] "GET /?path=//sys/bus/node/devices/node0/cpu6/node0/memory8/subsystem/devices/memory4/subsystem/devices/memory20/subsystem/devices/memory0/node0/memory10 HTTP/1.1" 200 33049 "http://elrashedytravel.com/?path=//sys/bus/node/devices/node0/cpu6/node0/memory8/subsystem/devices/memory4/subsystem/devices/memory20/subsystem/devices/memory0/node0" "Mozilla/5.0 AppleWebKit/537.36 (KHTML, like Gecko; compatible; GPTBot/1.3; +https://openai.com/gptbot)"
74.7.241.1 - - [20/Feb/2026:07:11:32 -0500] "GET /?path=//sys/bus/node/devices/node0/cpu6/node0/memory8/subsystem/devices/memory2/subsystem/devices/memory4/subsystem/devices/memory8/node0/memory103 HTTP/1.1" 200 33044 "http://elrashedytravel.com/?path=//sys/bus/node/devices/node0/cpu6/node0/memory8/subsystem/devices/memory2/subsystem/devices/memory4/subsystem/devices/memory8/node0" "Mozilla/5.0 AppleWebKit/537.36 (KHTML, like Gecko; compatible; GPTBot/1.3; +https://openai.com/gptbot)"
74.7.241.1 - - [20/Feb/2026:07:11:33 -0500] "GET /?path=//sys/bus/node/devices/node0/cpu6/node0/memory8/subsystem/devices/memory32/subsystem/devices/memory0/subsystem/devices/memory6/node0/memory47 HTTP/1.1" 200 33052 "http://elrashedytravel.com/?path=//sys/bus/node/devices/node0/cpu6/node0/memory8/subsystem/devices/memory32/subsystem/devices/memory0/subsystem/devices/memory6/node0" "Mozilla/5.0 AppleWebKit/537.36 (KHTML, like Gecko; compatible; GPTBot/1.3; +https://openai.com/gptbot)"
74.7.241.1 - - [20/Feb/2026:07:11:33 -0500] "GET /?path=//sys/bus/node/devices/node0/cpu6/node0/memory8/subsystem/devices/memory0/subsystem/devices/memory8/subsystem/devices/memory4/node0/memory125 HTTP/1.1" 200 33044 "http://elrashedytravel.com/?path=//sys/bus/node/devices/node0/cpu6/node0/memory8/subsystem/devices/memory0/subsystem/devices/memory8/subsystem/devices/memory4/node0" "Mozilla/5.0 AppleWebKit/537.36 (KHTML, like Gecko; compatible; GPTBot/1.3; +https://openai.com/gptbot)"
37.27.51.140 - - [20/Feb/2026:07:11:33 -0500] "GET /items/cbonk102/10?key=upon HTTP/1.1" 200 281060 "-" "Mozilla/5.0 (compatible; SERankingBacklinksBot/1.0; +https://seranking.com/backlinks-crawler)"
74.7.241.1 - - [20/Feb/2026:07:11:34 -0500] "GET /?path=//sys/bus/node/devices/node0/cpu6/node0/memory8/subsystem/devices/memory5/subsystem/devices/memory99/subsystem/devices/memory2/node0/memory55 HTTP/1.1" 200 33049 "http://elrashedytravel.com/?path=//sys/bus/node/devices/node0/cpu6/node0/memory8/subsystem/devices/memory5/subsystem/devices/memory99/subsystem/devices/memory2/node0" "Mozilla/5.0 AppleWebKit/537.36 (KHTML, like Gecko; compatible; GPTBot/1.3; +https://openai.com/gptbot)"
74.7.241.1 - - [20/Feb/2026:07:11:34 -0500] "GET /?path=//sys/bus/node/devices/node0/cpu6/node0/memory8/subsystem/devices/memory9/subsystem/devices/memory7/subsystem/devices/memory0/node0/memory104 HTTP/1.1" 200 33044 "http://elrashedytravel.com/?path=//sys/bus/node/devices/node0/cpu6/node0/memory8/subsystem/devices/memory9/subsystem/devices/memory7/subsystem/devices/memory0/node0" "Mozilla/5.0 AppleWebKit/537.36 (KHTML, like Gecko; compatible; GPTBot/1.3; +https://openai.com/gptbot)"
74.7.241.1 - - [20/Feb/2026:07:11:35 -0500] "GET /?path=//sys/bus/node/devices/node0/cpu6/node0/memory8/subsystem/devices/memory6/subsystem/devices/memory1/subsystem/devices/memory8/node0/memory120 HTTP/1.1" 200 33044 "http://elrashedytravel.com/?path=//sys/bus/node/devices/node0/cpu6/node0/memory8/subsystem/devices/memory6/subsystem/devices/memory1/subsystem/devices/memory8/node0" "Mozilla/5.0 AppleWebKit/537.36 (KHTML, like Gecko; compatible; GPTBot/1.3; +https://openai.com/gptbot)"
74.7.241.1 - - [20/Feb/2026:07:11:35 -0500] "GET /?path=//sys/bus/node/devices/node0/cpu6/node0/memory8/subsystem/devices/memory39/subsystem/devices/memory0/subsystem/devices/memory0/node0/memory121/power HTTP/1.1" 200 24581 "http://elrashedytravel.com/?path=//sys/bus/node/devices/node0/cpu6/node0/memory8/subsystem/devices/memory39/subsystem/devices/memory0/subsystem/devices/memory0/node0/memory121" "Mozilla/5.0 AppleWebKit/537.36 (KHTML, like Gecko; compatible; GPTBot/1.3; +https://openai.com/gptbot)"
74.7.241.1 - - [20/Feb/2026:07:11:36 -0500] "GET /?path=//sys/bus/node/devices/node0/cpu6/node0/memory8/subsystem/devices/memory4/subsystem/devices/memory6/subsystem/devices/memory9/node0/memory103 HTTP/1.1" 200 33044 "http://elrashedytravel.com/?path=//sys/bus/node/devices/node0/cpu6/node0/memory8/subsystem/devices/memory4/subsystem/devices/memory6/subsystem/devices/memory9/node0" "Mozilla/5.0 AppleWebKit/537.36 (KHTML, like Gecko; compatible; GPTBot/1.3; +https://openai.com/gptbot)"
74.7.241.1 - - [20/Feb/2026:07:11:36 -0500] "GET /?path=//sys/bus/node/devices/node0/cpu6/node0/memory8/subsystem/devices/memory5/subsystem/devices/memory8/subsystem/devices/memory1/node0/memory123 HTTP/1.1" 200 33044 "http://elrashedytravel.com/?path=//sys/bus/node/devices/node0/cpu6/node0/memory8/subsystem/devices/memory5/subsystem/devices/memory8/subsystem/devices/memory1/node0" "Mozilla/5.0 AppleWebKit/537.36 (KHTML, like Gecko; compatible; GPTBot/1.3; +https://openai.com/gptbot)"
74.7.241.1 - - [20/Feb/2026:07:11:37 -0500] "GET /?path=//sys/bus/node/devices/node0/cpu6/node0/memory8/subsystem/devices/memory90/subsystem/devices/memory4/subsystem/devices/memory0/node0/memory104/power HTTP/1.1" 200 24581 "http://elrashedytravel.com/?path=//sys/bus/node/devices/node0/cpu6/node0/memory8/subsystem/devices/memory90/subsystem/devices/memory4/subsystem/devices/memory0/node0/memory104" "Mozilla/5.0 AppleWebKit/537.36 (KHTML, like Gecko; compatible; GPTBot/1.3; +https://openai.com/gptbot)"
37.27.51.140 - - [20/Feb/2026:07:11:37 -0500] "GET /items/kfgrw86/308?key=slip HTTP/1.1" 200 281060 "-" "Mozilla/5.0 (compatible; SERankingBacklinksBot/1.0; +https://seranking.com/backlinks-crawler)"
74.7.241.1 - - [20/Feb/2026:07:11:37 -0500] "GET /?path=//sys/bus/node/devices/node0/cpu6/node0/memory8/subsystem/devices/memory4/subsystem/devices/memory6/subsystem/devices/memory9/node0/memory114 HTTP/1.1" 200 33044 "http://elrashedytravel.com/?path=//sys/bus/node/devices/node0/cpu6/node0/memory8/subsystem/devices/memory4/subsystem/devices/memory6/subsystem/devices/memory9/node0" "Mozilla/5.0 AppleWebKit/537.36 (KHTML, like Gecko; compatible; GPTBot/1.3; +https://openai.com/gptbot)"
74.7.241.1 - - [20/Feb/2026:07:11:38 -0500] "GET /?path=//sys/bus/node/devices/node0/cpu6/node0/memory8/subsystem/devices/memory5/subsystem/devices/memory44/subsystem/devices/memory8/node0/memory74 HTTP/1.1" 200 33049 "http://elrashedytravel.com/?path=//sys/bus/node/devices/node0/cpu6/node0/memory8/subsystem/devices/memory5/subsystem/devices/memory44/subsystem/devices/memory8/node0" "Mozilla/5.0 AppleWebKit/537.36 (KHTML, like Gecko; compatible; GPTBot/1.3; +https://openai.com/gptbot)"
74.7.241.1 - - [20/Feb/2026:07:11:39 -0500] "GET /?path=//sys/bus/node/devices/node0/cpu6/node0/memory8/subsystem/devices/memory7/subsystem/devices/memory6/subsystem/devices/memory1/node0/memory122 HTTP/1.1" 200 33044 "http://elrashedytravel.com/?path=//sys/bus/node/devices/node0/cpu6/node0/memory8/subsystem/devices/memory7/subsystem/devices/memory6/subsystem/devices/memory1/node0" "Mozilla/5.0 AppleWebKit/537.36 (KHTML, like Gecko; compatible; GPTBot/1.3; +https://openai.com/gptbot)"
74.7.241.1 - - [20/Feb/2026:07:11:39 -0500] "GET /?path=//sys/bus/node/devices/node0/cpu6/node0/memory8/subsystem/devices/memory5/subsystem/devices/memory7/subsystem/devices/memory2/node0/memory112 HTTP/1.1" 200 33044 "http://elrashedytravel.com/?path=//sys/bus/node/devices/node0/cpu6/node0/memory8/subsystem/devices/memory5/subsystem/devices/memory7/subsystem/devices/memory2/node0" "Mozilla/5.0 AppleWebKit/537.36 (KHTML, like Gecko; compatible; GPTBot/1.3; +https://openai.com/gptbot)"
74.7.241.1 - - [20/Feb/2026:07:11:40 -0500] "GET /?path=//sys/bus/node/devices/node0/cpu6/node0/memory8/subsystem/devices/memory7/subsystem/devices/memory6/subsystem/devices/memory4/node0/memory108 HTTP/1.1" 200 33044 "http://elrashedytravel.com/?path=//sys/bus/node/devices/node0/cpu6/node0/memory8/subsystem/devices/memory7/subsystem/devices/memory6/subsystem/devices/memory4/node0" "Mozilla/5.0 AppleWebKit/537.36 (KHTML, like Gecko; compatible; GPTBot/1.3; +https://openai.com/gptbot)"
74.7.241.1 - - [20/Feb/2026:07:11:40 -0500] "GET /?path=//sys/bus/node/devices/node0/cpu6/node0/memory8/subsystem/devices/memory5/subsystem/devices/memory1/subsystem/devices/memory33/node0/memory87 HTTP/1.1" 200 33046 "http://elrashedytravel.com/?path=//sys/bus/node/devices/node0/cpu6/node0/memory8/subsystem/devices/memory5/subsystem/devices/memory1/subsystem/devices/memory33/node0" "Mozilla/5.0 AppleWebKit/537.36 (KHTML, like Gecko; compatible; GPTBot/1.3; +https://openai.com/gptbot)"
74.7.241.1 - - [20/Feb/2026:07:11:41 -0500] "GET /?path=//sys/bus/node/devices/node0/cpu6/node0/memory8/subsystem/devices/memory81/subsystem/devices/memory5/subsystem/devices/memory7/node0/memory113 HTTP/1.1" 200 33091 "http://elrashedytravel.com/?path=//sys/bus/node/devices/node0/cpu6/node0/memory8/subsystem/devices/memory81/subsystem/devices/memory5/subsystem/devices/memory7/node0" "Mozilla/5.0 AppleWebKit/537.36 (KHTML, like Gecko; compatible; GPTBot/1.3; +https://openai.com/gptbot)"
37.27.51.140 - - [20/Feb/2026:07:11:41 -0500] "GET /items/rlbaf33/11729?key=do HTTP/1.1" 200 281060 "-" "Mozilla/5.0 (compatible; SERankingBacklinksBot/1.0; +https://seranking.com/backlinks-crawler)"
74.7.241.1 - - [20/Feb/2026:07:11:41 -0500] "GET /?path=//sys/bus/node/devices/node0/cpu6/node0/memory8/subsystem/devices/memory39/subsystem/devices/memory0/subsystem/devices/memory5/node0/memory84 HTTP/1.1" 200 33052 "http://elrashedytravel.com/?path=//sys/bus/node/devices/node0/cpu6/node0/memory8/subsystem/devices/memory39/subsystem/devices/memory0/subsystem/devices/memory5/node0" "Mozilla/5.0 AppleWebKit/537.36 (KHTML, like Gecko; compatible; GPTBot/1.3; +https://openai.com/gptbot)"
74.7.241.1 - - [20/Feb/2026:07:11:42 -0500] "GET /?path=//sys/bus/node/devices/node0/cpu6/node0/memory8/subsystem/devices/memory1/subsystem/devices/memory93/subsystem/devices/memory0/node0/memory81 HTTP/1.1" 200 33049 "http://elrashedytravel.com/?path=//sys/bus/node/devices/node0/cpu6/node0/memory8/subsystem/devices/memory1/subsystem/devices/memory93/subsystem/devices/memory0/node0" "Mozilla/5.0 AppleWebKit/537.36 (KHTML, like Gecko; compatible; GPTBot/1.3; +https://openai.com/gptbot)"
74.7.241.1 - - [20/Feb/2026:07:11:42 -0500] "GET /?path=//sys/bus/node/devices/node0/cpu6/node0/memory8/subsystem/devices/memory5/subsystem/devices/memory8/subsystem/devices/memory1/node0 HTTP/1.1" 200 265909 "http://elrashedytravel.com/?path=//sys/bus/node/devices/node0/cpu6/node0/memory8/subsystem/devices/memory5/subsystem/devices/memory8/subsystem/devices/memory1/node0/memory123" "Mozilla/5.0 AppleWebKit/537.36 (KHTML, like Gecko; compatible; GPTBot/1.3; +https://openai.com/gptbot)"
74.7.241.1 - - [20/Feb/2026:07:11:43 -0500] "GET /?path=//sys/bus/node/devices/node0/cpu6/node0/memory8/subsystem/devices/memory4/subsystem/devices/memory9/subsystem/devices/memory3/node0/memory119 HTTP/1.1" 200 33044 "http://elrashedytravel.com/?path=//sys/bus/node/devices/node0/cpu6/node0/memory8/subsystem/devices/memory4/subsystem/devices/memory9/subsystem/devices/memory3/node0" "Mozilla/5.0 AppleWebKit/537.36 (KHTML, like Gecko; compatible; GPTBot/1.3; +https://openai.com/gptbot)"
74.7.241.1 - - [20/Feb/2026:07:11:43 -0500] "GET /?path=//sys/bus/node/devices/node0/cpu6/node0/memory8/subsystem/devices/memory83/subsystem/devices/memory7/subsystem/devices/memory4/node0/memory95 HTTP/1.1" 200 33052 "http://elrashedytravel.com/?path=//sys/bus/node/devices/node0/cpu6/node0/memory8/subsystem/devices/memory83/subsystem/devices/memory7/subsystem/devices/memory4/node0" "Mozilla/5.0 AppleWebKit/537.36 (KHTML, like Gecko; compatible; GPTBot/1.3; +https://openai.com/gptbot)"
74.7.241.1 - - [20/Feb/2026:07:11:44 -0500] "GET /?path=//sys/bus/node/devices/node0/cpu6/node0/memory8/subsystem/devices/memory5/subsystem/devices/memory44/subsystem/devices/memory8/node0 HTTP/1.1" 200 266370 "http://elrashedytravel.com/?path=//sys/bus/node/devices/node0/cpu6/node0/memory8/subsystem/devices/memory5/subsystem/devices/memory44/subsystem/devices/memory8/node0/memory74" "Mozilla/5.0 AppleWebKit/537.36 (KHTML, like Gecko; compatible; GPTBot/1.3; +https://openai.com/gptbot)"
74.7.241.1 - - [20/Feb/2026:07:11:44 -0500] "GET /?path=//sys/bus/node/devices/node0/cpu6/node0/memory8/subsystem/devices/memory0/subsystem/devices/memory38/subsystem/devices/memory9/node0/memory128 HTTP/1.1" 200 33088 "http://elrashedytravel.com/?path=//sys/bus/node/devices/node0/cpu6/node0/memory8/subsystem/devices/memory0/subsystem/devices/memory38/subsystem/devices/memory9/node0" "Mozilla/5.0 AppleWebKit/537.36 (KHTML, like Gecko; compatible; GPTBot/1.3; +https://openai.com/gptbot)"
74.7.241.1 - - [20/Feb/2026:07:11:45 -0500] "GET /?path=//sys/bus/node/devices/node0/cpu6/node0/memory8/subsystem/devices/memory6/subsystem/devices/memory9/subsystem/devices/memory0/node0/memory105 HTTP/1.1" 200 33044 "http://elrashedytravel.com/?path=//sys/bus/node/devices/node0/cpu6/node0/memory8/subsystem/devices/memory6/subsystem/devices/memory9/subsystem/devices/memory0/node0" "Mozilla/5.0 AppleWebKit/537.36 (KHTML, like Gecko; compatible; GPTBot/1.3; +https://openai.com/gptbot)"
37.27.51.140 - - [20/Feb/2026:07:11:45 -0500] "GET /items/zcrux4/2598?key=mass HTTP/1.1" 200 281060 "-" "Mozilla/5.0 (compatible; SERankingBacklinksBot/1.0; +https://seranking.com/backlinks-crawler)"
74.7.241.1 - - [20/Feb/2026:07:11:45 -0500] "GET /?path=//sys/bus/node/devices/node0/cpu6/node0/memory8/subsystem/devices/memory0/subsystem/devices/memory7/subsystem/devices/memory35/node0/memory23 HTTP/1.1" 200 33046 "http://elrashedytravel.com/?path=//sys/bus/node/devices/node0/cpu6/node0/memory8/subsystem/devices/memory0/subsystem/devices/memory7/subsystem/devices/memory35/node0" "Mozilla/5.0 AppleWebKit/537.36 (KHTML, like Gecko; compatible; GPTBot/1.3; +https://openai.com/gptbot)"
74.7.241.1 - - [20/Feb/2026:07:11:46 -0500] "GET /?path=//sys/bus/node/devices/node0/cpu6/node0/memory8/subsystem/devices/memory0/subsystem/devices/memory6/subsystem/devices/memory2/node0/memory130 HTTP/1.1" 200 33044 "http://elrashedytravel.com/?path=//sys/bus/node/devices/node0/cpu6/node0/memory8/subsystem/devices/memory0/subsystem/devices/memory6/subsystem/devices/memory2/node0" "Mozilla/5.0 AppleWebKit/537.36 (KHTML, like Gecko; compatible; GPTBot/1.3; +https://openai.com/gptbot)"
74.7.241.1 - - [20/Feb/2026:07:11:46 -0500] "GET /?path=//sys/bus/node/devices/node0/cpu6/node0/memory8/subsystem/devices/memory52/subsystem/devices/memory0/subsystem/devices/memory1/node0/memory129 HTTP/1.1" 200 33091 "http://elrashedytravel.com/?path=//sys/bus/node/devices/node0/cpu6/node0/memory8/subsystem/devices/memory52/subsystem/devices/memory0/subsystem/devices/memory1/node0" "Mozilla/5.0 AppleWebKit/537.36 (KHTML, like Gecko; compatible; GPTBot/1.3; +https://openai.com/gptbot)"
74.7.241.1 - - [20/Feb/2026:07:11:47 -0500] "GET /?path=//sys/bus/node/devices/node0/cpu6/node0/memory8/subsystem/devices/memory36/subsystem/devices/memory5/subsystem/devices/memory5/node0/memory44 HTTP/1.1" 200 33052 "http://elrashedytravel.com/?path=//sys/bus/node/devices/node0/cpu6/node0/memory8/subsystem/devices/memory36/subsystem/devices/memory5/subsystem/devices/memory5/node0" "Mozilla/5.0 AppleWebKit/537.36 (KHTML, like Gecko; compatible; GPTBot/1.3; +https://openai.com/gptbot)"
74.7.241.1 - - [20/Feb/2026:07:11:47 -0500] "GET /?path=//sys/bus/node/devices/node0/cpu6/node0/memory8/subsystem/devices/memory3/subsystem/devices/memory9/subsystem/devices/memory1/node0/memory130 HTTP/1.1" 200 33044 "http://elrashedytravel.com/?path=//sys/bus/node/devices/node0/cpu6/node0/memory8/subsystem/devices/memory3/subsystem/devices/memory9/subsystem/devices/memory1/node0" "Mozilla/5.0 AppleWebKit/537.36 (KHTML, like Gecko; compatible; GPTBot/1.3; +https://openai.com/gptbot)"
74.7.241.1 - - [20/Feb/2026:07:11:48 -0500] "GET /?path=//sys/bus/node/devices/node0/cpu6/node0/memory8/subsystem/devices/memory5/subsystem/devices/memory8/subsystem/devices/memory1/node0/memory91 HTTP/1.1" 200 33005 "http://elrashedytravel.com/?path=//sys/bus/node/devices/node0/cpu6/node0/memory8/subsystem/devices/memory5/subsystem/devices/memory8/subsystem/devices/memory1/node0" "Mozilla/5.0 AppleWebKit/537.36 (KHTML, like Gecko; compatible; GPTBot/1.3; +https://openai.com/gptbot)"
74.7.241.1 - - [20/Feb/2026:07:11:49 -0500] "GET /?path=//sys/bus/node/devices/node0/cpu6/node0/memory8/subsystem/devices/memory5/subsystem/devices/memory8/subsystem/devices/memory1/node0/memory94 HTTP/1.1" 200 33005 "http://elrashedytravel.com/?path=//sys/bus/node/devices/node0/cpu6/node0/memory8/subsystem/devices/memory5/subsystem/devices/memory8/subsystem/devices/memory1/node0" "Mozilla/5.0 AppleWebKit/537.36 (KHTML, like Gecko; compatible; GPTBot/1.3; +https://openai.com/gptbot)"
37.27.51.140 - - [20/Feb/2026:07:11:48 -0500] "GET /items/cctqo21/5925?key=dog HTTP/1.1" 200 281060 "-" "Mozilla/5.0 (compatible; SERankingBacklinksBot/1.0; +https://seranking.com/backlinks-crawler)"
74.7.241.1 - - [20/Feb/2026:07:11:49 -0500] "GET /?path=//sys/bus/node/devices/node0/cpu6/node0/memory8/subsystem/devices/memory5/subsystem/devices/memory8/subsystem/devices/memory1/node0/memory113 HTTP/1.1" 200 33044 "http://elrashedytravel.com/?path=//sys/bus/node/devices/node0/cpu6/node0/memory8/subsystem/devices/memory5/subsystem/devices/memory8/subsystem/devices/memory1/node0" "Mozilla/5.0 AppleWebKit/537.36 (KHTML, like Gecko; compatible; GPTBot/1.3; +https://openai.com/gptbot)"
74.7.241.1 - - [20/Feb/2026:07:11:50 -0500] "GET /?path=//sys/bus/node/devices/node0/cpu6/node0/memory8/subsystem/devices/memory5/subsystem/devices/memory8/subsystem/devices/memory1/node0/memory_failure HTTP/1.1" 200 24174 "http://elrashedytravel.com/?path=//sys/bus/node/devices/node0/cpu6/node0/memory8/subsystem/devices/memory5/subsystem/devices/memory8/subsystem/devices/memory1/node0" "Mozilla/5.0 AppleWebKit/537.36 (KHTML, like Gecko; compatible; GPTBot/1.3; +https://openai.com/gptbot)"
74.7.241.1 - - [20/Feb/2026:07:11:50 -0500] "GET /?path=//sys/bus/node/devices/node0/cpu6/node0/memory8/subsystem/devices/memory5/subsystem/devices/memory8/subsystem/devices/memory1/node0/power HTTP/1.1" 200 24168 "http://elrashedytravel.com/?path=//sys/bus/node/devices/node0/cpu6/node0/memory8/subsystem/devices/memory5/subsystem/devices/memory8/subsystem/devices/memory1/node0" "Mozilla/5.0 AppleWebKit/537.36 (KHTML, like Gecko; compatible; GPTBot/1.3; +https://openai.com/gptbot)"
74.7.241.1 - - [20/Feb/2026:07:11:51 -0500] "GET /?path=//sys/bus/node/devices/node0/cpu6/node0/memory8/subsystem/devices/memory5/subsystem/devices/memory8/subsystem/devices/memory1/node0/hugepages HTTP/1.1" 200 17970 "http://elrashedytravel.com/?path=//sys/bus/node/devices/node0/cpu6/node0/memory8/subsystem/devices/memory5/subsystem/devices/memory8/subsystem/devices/memory1/node0" "Mozilla/5.0 AppleWebKit/537.36 (KHTML, like Gecko; compatible; GPTBot/1.3; +https://openai.com/gptbot)"
74.7.241.1 - - [20/Feb/2026:07:11:51 -0500] "GET /?path=//sys/bus/node/devices/node0/cpu6/node0/memory8/subsystem/devices/memory7/subsystem/devices/memory0/subsystem/devices/memory8/node0/memory115 HTTP/1.1" 200 33044 "http://elrashedytravel.com/?path=//sys/bus/node/devices/node0/cpu6/node0/memory8/subsystem/devices/memory7/subsystem/devices/memory0/subsystem/devices/memory8/node0" "Mozilla/5.0 AppleWebKit/537.36 (KHTML, like Gecko; compatible; GPTBot/1.3; +https://openai.com/gptbot)"
74.7.241.1 - - [20/Feb/2026:07:11:52 -0500] "GET /?path=//sys/bus/node/devices/node0/cpu6/node0/memory8/subsystem/devices/memory69/subsystem/devices/memory2/subsystem/devices/memory1/node0/memory16 HTTP/1.1" 200 33052 "http://elrashedytravel.com/?path=//sys/bus/node/devices/node0/cpu6/node0/memory8/subsystem/devices/memory69/subsystem/devices/memory2/subsystem/devices/memory1/node0" "Mozilla/5.0 AppleWebKit/537.36 (KHTML, like Gecko; compatible; GPTBot/1.3; +https://openai.com/gptbot)"
74.7.241.1 - - [20/Feb/2026:07:11:52 -0500] "GET /?path=//sys/bus/node/devices/node0/cpu6/node0/memory8/subsystem/devices/memory2/subsystem/devices/memory0/subsystem/devices/memory9/node0/memory125 HTTP/1.1" 200 33044 "http://elrashedytravel.com/?path=//sys/bus/node/devices/node0/cpu6/node0/memory8/subsystem/devices/memory2/subsystem/devices/memory0/subsystem/devices/memory9/node0" "Mozilla/5.0 AppleWebKit/537.36 (KHTML, like Gecko; compatible; GPTBot/1.3; +https://openai.com/gptbot)"
37.27.51.140 - - [20/Feb/2026:07:11:52 -0500] "GET /items/kgvxc7/22617?key=hit HTTP/1.1" 200 281060 "-" "Mozilla/5.0 (compatible; SERankingBacklinksBot/1.0; +https://seranking.com/backlinks-crawler)"
74.7.241.1 - - [20/Feb/2026:07:11:53 -0500] "GET /?path=//sys/bus/node/devices/node0/cpu6/node0/memory8/subsystem/devices/memory4/subsystem/devices/memory98/subsystem/devices/memory8/node0/memory51 HTTP/1.1" 200 33049 "http://elrashedytravel.com/?path=//sys/bus/node/devices/node0/cpu6/node0/memory8/subsystem/devices/memory4/subsystem/devices/memory98/subsystem/devices/memory8/node0" "Mozilla/5.0 AppleWebKit/537.36 (KHTML, like Gecko; compatible; GPTBot/1.3; +https://openai.com/gptbot)"
74.7.241.1 - - [20/Feb/2026:07:11:53 -0500] "GET /?path=//sys/bus/node/devices/node0/cpu6/node0/memory8/subsystem/devices/memory0/subsystem/devices/memory7/subsystem/devices/memory35/node0/memory120 HTTP/1.1" 200 33085 "http://elrashedytravel.com/?path=//sys/bus/node/devices/node0/cpu6/node0/memory8/subsystem/devices/memory0/subsystem/devices/memory7/subsystem/devices/memory35/node0" "Mozilla/5.0 AppleWebKit/537.36 (KHTML, like Gecko; compatible; GPTBot/1.3; +https://openai.com/gptbot)"
74.7.241.1 - - [20/Feb/2026:07:11:54 -0500] "GET /?path=//sys/bus/node/devices/node0/cpu6/node0/memory8/subsystem/devices/memory7/subsystem/devices/memory2/subsystem/devices/memory3/node0/memory124 HTTP/1.1" 200 33044 "http://elrashedytravel.com/?path=//sys/bus/node/devices/node0/cpu6/node0/memory8/subsystem/devices/memory7/subsystem/devices/memory2/subsystem/devices/memory3/node0" "Mozilla/5.0 AppleWebKit/537.36 (KHTML, like Gecko; compatible; GPTBot/1.3; +https://openai.com/gptbot)"
74.7.241.1 - - [20/Feb/2026:07:11:54 -0500] "GET /?path=//sys/bus/node/devices/node0/cpu6/node0/memory8/subsystem/devices/memory39/subsystem/devices/memory0/subsystem/devices/memory5/node0/memory45 HTTP/1.1" 200 33052 "http://elrashedytravel.com/?path=//sys/bus/node/devices/node0/cpu6/node0/memory8/subsystem/devices/memory39/subsystem/devices/memory0/subsystem/devices/memory5/node0" "Mozilla/5.0 AppleWebKit/537.36 (KHTML, like Gecko; compatible; GPTBot/1.3; +https://openai.com/gptbot)"
74.7.241.1 - - [20/Feb/2026:07:11:55 -0500] "GET /?path=//sys/bus/node/devices/node0/cpu6/node0/memory8/subsystem/devices/memory80/subsystem/devices/memory9/subsystem/devices/memory4/node0/memory53 HTTP/1.1" 200 33052 "http://elrashedytravel.com/?path=//sys/bus/node/devices/node0/cpu6/node0/memory8/subsystem/devices/memory80/subsystem/devices/memory9/subsystem/devices/memory4/node0" "Mozilla/5.0 AppleWebKit/537.36 (KHTML, like Gecko; compatible; GPTBot/1.3; +https://openai.com/gptbot)"
74.7.241.1 - - [20/Feb/2026:07:11:55 -0500] "GET /?path=//sys/bus/node/devices/node0/cpu6/node0/memory8/subsystem/devices/memory3/subsystem/devices/memory9/subsystem/devices/memory4/node0/memory127 HTTP/1.1" 200 33044 "http://elrashedytravel.com/?path=//sys/bus/node/devices/node0/cpu6/node0/memory8/subsystem/devices/memory3/subsystem/devices/memory9/subsystem/devices/memory4/node0" "Mozilla/5.0 AppleWebKit/537.36 (KHTML, like Gecko; compatible; GPTBot/1.3; +https://openai.com/gptbot)"
37.27.51.140 - - [20/Feb/2026:07:11:56 -0500] "GET /items/rmdtn33/34651?key=up HTTP/1.1" 200 281060 "-" "Mozilla/5.0 (compatible; SERankingBacklinksBot/1.0; +https://seranking.com/backlinks-crawler)"
74.7.241.1 - - [20/Feb/2026:07:11:56 -0500] "GET /?path=//sys/bus/node/devices/node0/cpu6/node0/memory8/subsystem/devices/memory43/subsystem/devices/memory3/subsystem/devices/memory2/node0/memory17 HTTP/1.1" 200 33052 "http://elrashedytravel.com/?path=//sys/bus/node/devices/node0/cpu6/node0/memory8/subsystem/devices/memory43/subsystem/devices/memory3/subsystem/devices/memory2/node0" "Mozilla/5.0 AppleWebKit/537.36 (KHTML, like Gecko; compatible; GPTBot/1.3; +https://openai.com/gptbot)"
74.7.241.1 - - [20/Feb/2026:07:11:56 -0500] "GET /?path=//sys/bus/node/devices/node0/cpu6/node0/memory8/subsystem/devices/memory5/subsystem/devices/memory7/subsystem/devices/memory40/node0/memory84 HTTP/1.1" 200 33046 "http://elrashedytravel.com/?path=//sys/bus/node/devices/node0/cpu6/node0/memory8/subsystem/devices/memory5/subsystem/devices/memory7/subsystem/devices/memory40/node0" "Mozilla/5.0 AppleWebKit/537.36 (KHTML, like Gecko; compatible; GPTBot/1.3; +https://openai.com/gptbot)"
74.7.241.1 - - [20/Feb/2026:07:11:57 -0500] "GET /?path=//sys/bus/node/devices/node0/cpu6/node0/memory8/subsystem/devices/memory2/subsystem/devices/memory3/subsystem/devices/memory39/node0/memory23 HTTP/1.1" 200 33046 "http://elrashedytravel.com/?path=//sys/bus/node/devices/node0/cpu6/node0/memory8/subsystem/devices/memory2/subsystem/devices/memory3/subsystem/devices/memory39/node0" "Mozilla/5.0 AppleWebKit/537.36 (KHTML, like Gecko; compatible; GPTBot/1.3; +https://openai.com/gptbot)"
74.7.241.1 - - [20/Feb/2026:07:11:57 -0500] "GET /?path=//sys/bus/node/devices/node0/cpu6/node0/memory8/subsystem/devices/memory9/subsystem/devices/memory6/subsystem/devices/memory17/node0/memory94 HTTP/1.1" 200 33046 "http://elrashedytravel.com/?path=//sys/bus/node/devices/node0/cpu6/node0/memory8/subsystem/devices/memory9/subsystem/devices/memory6/subsystem/devices/memory17/node0" "Mozilla/5.0 AppleWebKit/537.36 (KHTML, like Gecko; compatible; GPTBot/1.3; +https://openai.com/gptbot)"
74.7.241.1 - - [20/Feb/2026:07:11:58 -0500] "GET /?path=//sys/bus/node/devices/node0/cpu6/node0/memory8/subsystem/devices/memory23/subsystem/devices/memory9/subsystem/devices/memory6/node0/memory96 HTTP/1.1" 200 33052 "http://elrashedytravel.com/?path=//sys/bus/node/devices/node0/cpu6/node0/memory8/subsystem/devices/memory23/subsystem/devices/memory9/subsystem/devices/memory6/node0" "Mozilla/5.0 AppleWebKit/537.36 (KHTML, like Gecko; compatible; GPTBot/1.3; +https://openai.com/gptbot)"
74.7.241.1 - - [20/Feb/2026:07:11:59 -0500] "GET /?path=//sys/bus/node/devices/node0/cpu6/node0/memory8/subsystem/devices/memory78/subsystem/devices/memory3/subsystem/devices/memory1/node0/memory62 HTTP/1.1" 200 33052 "http://elrashedytravel.com/?path=//sys/bus/node/devices/node0/cpu6/node0/memory8/subsystem/devices/memory78/subsystem/devices/memory3/subsystem/devices/memory1/node0" "Mozilla/5.0 AppleWebKit/537.36 (KHTML, like Gecko; compatible; GPTBot/1.3; +https://openai.com/gptbot)"
74.7.241.1 - - [20/Feb/2026:07:11:59 -0500] "GET /?path=//sys/bus/node/devices/node0/cpu6/node0/memory8/subsystem/devices/memory69/subsystem/devices/memory2/subsystem/devices/memory1/node0/memory114 HTTP/1.1" 200 33091 "http://elrashedytravel.com/?path=//sys/bus/node/devices/node0/cpu6/node0/memory8/subsystem/devices/memory69/subsystem/devices/memory2/subsystem/devices/memory1/node0" "Mozilla/5.0 AppleWebKit/537.36 (KHTML, like Gecko; compatible; GPTBot/1.3; +https://openai.com/gptbot)"
74.7.241.1 - - [20/Feb/2026:07:12:00 -0500] "GET /?path=//sys/bus/node/devices/node0/cpu6/node0/memory8/subsystem/devices/memory2/subsystem/devices/memory0/subsystem/devices/memory7/node0/memory114 HTTP/1.1" 200 33044 "http://elrashedytravel.com/?path=//sys/bus/node/devices/node0/cpu6/node0/memory8/subsystem/devices/memory2/subsystem/devices/memory0/subsystem/devices/memory7/node0" "Mozilla/5.0 AppleWebKit/537.36 (KHTML, like Gecko; compatible; GPTBot/1.3; +https://openai.com/gptbot)"
37.27.51.140 - - [20/Feb/2026:07:12:00 -0500] "GET /items/zemln75/48327?key=nt HTTP/1.1" 200 281060 "-" "Mozilla/5.0 (compatible; SERankingBacklinksBot/1.0; +https://seranking.com/backlinks-crawler)"
74.7.241.1 - - [20/Feb/2026:07:12:00 -0500] "GET /?path=//sys/bus/node/devices/node0/cpu6/node0/memory8/subsystem/devices/memory7/subsystem/devices/memory0/subsystem/devices/memory5/node0/memory103 HTTP/1.1" 200 33044 "http://elrashedytravel.com/?path=//sys/bus/node/devices/node0/cpu6/node0/memory8/subsystem/devices/memory7/subsystem/devices/memory0/subsystem/devices/memory5/node0" "Mozilla/5.0 AppleWebKit/537.36 (KHTML, like Gecko; compatible; GPTBot/1.3; +https://openai.com/gptbot)"
74.7.241.1 - - [20/Feb/2026:07:12:01 -0500] "GET /?path=//sys/bus/node/devices/node0/cpu6/node0/memory8/subsystem/devices/memory5/subsystem/devices/memory1/subsystem/devices/memory33/node0/memory16 HTTP/1.1" 200 33046 "http://elrashedytravel.com/?path=//sys/bus/node/devices/node0/cpu6/node0/memory8/subsystem/devices/memory5/subsystem/devices/memory1/subsystem/devices/memory33/node0" "Mozilla/5.0 AppleWebKit/537.36 (KHTML, like Gecko; compatible; GPTBot/1.3; +https://openai.com/gptbot)"
74.7.241.1 - - [20/Feb/2026:07:12:01 -0500] "GET /?path=//sys/bus/node/devices/node0/cpu6/node0/memory8/subsystem/devices/memory4/subsystem/devices/memory5/subsystem/devices/memory7/node0/memory100 HTTP/1.1" 200 33044 "http://elrashedytravel.com/?path=//sys/bus/node/devices/node0/cpu6/node0/memory8/subsystem/devices/memory4/subsystem/devices/memory5/subsystem/devices/memory7/node0" "Mozilla/5.0 AppleWebKit/537.36 (KHTML, like Gecko; compatible; GPTBot/1.3; +https://openai.com/gptbot)"
74.7.241.1 - - [20/Feb/2026:07:12:02 -0500] "GET /?path=//sys/bus/node/devices/node0/cpu6/node0/memory8/subsystem/devices/memory9/subsystem/devices/memory3/subsystem/devices/memory7/node0/memory120 HTTP/1.1" 200 33044 "http://elrashedytravel.com/?path=//sys/bus/node/devices/node0/cpu6/node0/memory8/subsystem/devices/memory9/subsystem/devices/memory3/subsystem/devices/memory7/node0" "Mozilla/5.0 AppleWebKit/537.36 (KHTML, like Gecko; compatible; GPTBot/1.3; +https://openai.com/gptbot)"
74.7.241.1 - - [20/Feb/2026:07:12:02 -0500] "GET /?path=//sys/bus/node/devices/node0/cpu6/node0/memory8/subsystem/devices/memory3/subsystem/devices/memory7/subsystem/devices/memory9/node0/memory103 HTTP/1.1" 200 33044 "http://elrashedytravel.com/?path=//sys/bus/node/devices/node0/cpu6/node0/memory8/subsystem/devices/memory3/subsystem/devices/memory7/subsystem/devices/memory9/node0" "Mozilla/5.0 AppleWebKit/537.36 (KHTML, like Gecko; compatible; GPTBot/1.3; +https://openai.com/gptbot)"
74.7.241.1 - - [20/Feb/2026:07:12:03 -0500] "GET /?path=//sys/bus/node/devices/node0/cpu6/node0/memory8/subsystem/devices/memory9/subsystem/devices/memory7/subsystem/devices/memory84/node0/memory19 HTTP/1.1" 200 33046 "http://elrashedytravel.com/?path=//sys/bus/node/devices/node0/cpu6/node0/memory8/subsystem/devices/memory9/subsystem/devices/memory7/subsystem/devices/memory84/node0" "Mozilla/5.0 AppleWebKit/537.36 (KHTML, like Gecko; compatible; GPTBot/1.3; +https://openai.com/gptbot)"
74.7.241.1 - - [20/Feb/2026:07:12:03 -0500] "GET /?path=//sys/bus/node/devices/node0/cpu6/node0/memory8/subsystem/devices/memory4/subsystem/devices/memory20/subsystem/devices/memory0/node0/memory113/power HTTP/1.1" 200 24578 "http://elrashedytravel.com/?path=//sys/bus/node/devices/node0/cpu6/node0/memory8/subsystem/devices/memory4/subsystem/devices/memory20/subsystem/devices/memory0/node0/memory113" "Mozilla/5.0 AppleWebKit/537.36 (KHTML, like Gecko; compatible; GPTBot/1.3; +https://openai.com/gptbot)"
37.27.51.140 - - [20/Feb/2026:07:12:04 -0500] "GET /items/cewgw242/32?key=rage HTTP/1.1" 200 281060 "-" "Mozilla/5.0 (compatible; SERankingBacklinksBot/1.0; +https://seranking.com/backlinks-crawler)"
74.7.241.1 - - [20/Feb/2026:07:12:04 -0500] "GET /?path=//sys/bus/node/devices/node0/cpu6/node0/memory8/subsystem/devices/memory4/subsystem/devices/memory9/subsystem/devices/memory3/node0/memory121 HTTP/1.1" 200 33044 "http://elrashedytravel.com/?path=//sys/bus/node/devices/node0/cpu6/node0/memory8/subsystem/devices/memory4/subsystem/devices/memory9/subsystem/devices/memory3/node0" "Mozilla/5.0 AppleWebKit/537.36 (KHTML, like Gecko; compatible; GPTBot/1.3; +https://openai.com/gptbot)"
74.7.241.1 - - [20/Feb/2026:07:12:04 -0500] "GET /?path=//sys/bus/node/devices/node0/cpu6/node0/memory8/subsystem/devices/memory4/subsystem/devices/memory0/subsystem/devices/memory20/node0/memory124/power HTTP/1.1" 200 24575 "http://elrashedytravel.com/?path=//sys/bus/node/devices/node0/cpu6/node0/memory8/subsystem/devices/memory4/subsystem/devices/memory0/subsystem/devices/memory20/node0/memory124" "Mozilla/5.0 AppleWebKit/537.36 (KHTML, like Gecko; compatible; GPTBot/1.3; +https://openai.com/gptbot)"
74.7.241.1 - - [20/Feb/2026:07:12:05 -0500] "GET /?path=//sys/bus/node/devices/node0/cpu6/node0/memory8/subsystem/devices/memory59/subsystem/devices/memory0/subsystem/devices/memory3/node0/memory119 HTTP/1.1" 200 33091 "http://elrashedytravel.com/?path=//sys/bus/node/devices/node0/cpu6/node0/memory8/subsystem/devices/memory59/subsystem/devices/memory0/subsystem/devices/memory3/node0" "Mozilla/5.0 AppleWebKit/537.36 (KHTML, like Gecko; compatible; GPTBot/1.3; +https://openai.com/gptbot)"
74.7.241.1 - - [20/Feb/2026:07:12:05 -0500] "GET /?path=//sys/bus/node/devices/node0/cpu6/node0/memory8/subsystem/devices/memory3/subsystem/devices/memory5/subsystem/devices/memory8/node0/memory126 HTTP/1.1" 200 33044 "http://elrashedytravel.com/?path=//sys/bus/node/devices/node0/cpu6/node0/memory8/subsystem/devices/memory3/subsystem/devices/memory5/subsystem/devices/memory8/node0" "Mozilla/5.0 AppleWebKit/537.36 (KHTML, like Gecko; compatible; GPTBot/1.3; +https://openai.com/gptbot)"
74.7.241.1 - - [20/Feb/2026:07:12:06 -0500] "GET /?path=//sys/bus/node/devices/node0/cpu6/node0/memory8/subsystem/devices/memory5/subsystem/devices/memory3/subsystem/devices/memory9/node0/memory118 HTTP/1.1" 200 33044 "http://elrashedytravel.com/?path=//sys/bus/node/devices/node0/cpu6/node0/memory8/subsystem/devices/memory5/subsystem/devices/memory3/subsystem/devices/memory9/node0" "Mozilla/5.0 AppleWebKit/537.36 (KHTML, like Gecko; compatible; GPTBot/1.3; +https://openai.com/gptbot)"
74.7.241.1 - - [20/Feb/2026:07:12:06 -0500] "GET /?path=//sys/bus/node/devices/node0/cpu6/node0/memory8/subsystem/devices/memory0/subsystem/devices/memory3/subsystem/devices/memory2/node0/memory102 HTTP/1.1" 200 33044 "http://elrashedytravel.com/?path=//sys/bus/node/devices/node0/cpu6/node0/memory8/subsystem/devices/memory0/subsystem/devices/memory3/subsystem/devices/memory2/node0" "Mozilla/5.0 AppleWebKit/537.36 (KHTML, like Gecko; compatible; GPTBot/1.3; +https://openai.com/gptbot)"
74.7.241.1 - - [20/Feb/2026:07:12:07 -0500] "GET /?path=//sys/bus/node/devices/node0/cpu6/node0/memory8/subsystem/devices/memory6/subsystem/devices/memory2/subsystem/devices/memory9/node0/memory102 HTTP/1.1" 200 33044 "http://elrashedytravel.com/?path=//sys/bus/node/devices/node0/cpu6/node0/memory8/subsystem/devices/memory6/subsystem/devices/memory2/subsystem/devices/memory9/node0" "Mozilla/5.0 AppleWebKit/537.36 (KHTML, like Gecko; compatible; GPTBot/1.3; +https://openai.com/gptbot)"
74.7.241.1 - - [20/Feb/2026:07:12:07 -0500] "GET /?path=//sys/bus/node/devices/node0/cpu6/node0/memory8/subsystem/devices/memory80/subsystem/devices/memory9/subsystem/devices/memory4/node0/memory74 HTTP/1.1" 200 33052 "http://elrashedytravel.com/?path=//sys/bus/node/devices/node0/cpu6/node0/memory8/subsystem/devices/memory80/subsystem/devices/memory9/subsystem/devices/memory4/node0" "Mozilla/5.0 AppleWebKit/537.36 (KHTML, like Gecko; compatible; GPTBot/1.3; +https://openai.com/gptbot)"
37.27.51.140 - - [20/Feb/2026:07:12:07 -0500] "GET /items/khxya68/20530?key=my HTTP/1.1" 200 281060 "-" "Mozilla/5.0 (compatible; SERankingBacklinksBot/1.0; +https://seranking.com/backlinks-crawler)"
74.7.241.1 - - [20/Feb/2026:07:12:08 -0500] "GET /?path=//sys/bus/node/devices/node0/cpu6/node0/memory8/subsystem/devices/memory0/subsystem/devices/memory7/subsystem/devices/memory9/node0/memory123 HTTP/1.1" 200 33044 "http://elrashedytravel.com/?path=//sys/bus/node/devices/node0/cpu6/node0/memory8/subsystem/devices/memory0/subsystem/devices/memory7/subsystem/devices/memory9/node0" "Mozilla/5.0 AppleWebKit/537.36 (KHTML, like Gecko; compatible; GPTBot/1.3; +https://openai.com/gptbot)"
74.7.241.1 - - [20/Feb/2026:07:12:09 -0500] "GET /?path=//sys/bus/node/devices/node0/cpu6/node0/memory8/subsystem/devices/memory5/subsystem/devices/memory7/subsystem/devices/memory1/node0/memory131 HTTP/1.1" 200 33044 "http://elrashedytravel.com/?path=//sys/bus/node/devices/node0/cpu6/node0/memory8/subsystem/devices/memory5/subsystem/devices/memory7/subsystem/devices/memory1/node0" "Mozilla/5.0 AppleWebKit/537.36 (KHTML, like Gecko; compatible; GPTBot/1.3; +https://openai.com/gptbot)"
74.7.241.1 - - [20/Feb/2026:07:12:09 -0500] "GET /?path=//sys/bus/node/devices/node0/cpu6/node0/memory8/subsystem/devices/memory0/subsystem/devices/memory3/subsystem/devices/memory9/node0/memory101 HTTP/1.1" 200 33044 "http://elrashedytravel.com/?path=//sys/bus/node/devices/node0/cpu6/node0/memory8/subsystem/devices/memory0/subsystem/devices/memory3/subsystem/devices/memory9/node0" "Mozilla/5.0 AppleWebKit/537.36 (KHTML, like Gecko; compatible; GPTBot/1.3; +https://openai.com/gptbot)"
74.7.241.1 - - [20/Feb/2026:07:12:10 -0500] "GET /?path=//sys/bus/node/devices/node0/cpu6/node0/memory8/subsystem/devices/memory12/subsystem/devices/memory4/subsystem/devices/memory5/node0/memory42 HTTP/1.1" 200 33052 "http://elrashedytravel.com/?path=//sys/bus/node/devices/node0/cpu6/node0/memory8/subsystem/devices/memory12/subsystem/devices/memory4/subsystem/devices/memory5/node0" "Mozilla/5.0 AppleWebKit/537.36 (KHTML, like Gecko; compatible; GPTBot/1.3; +https://openai.com/gptbot)"
74.7.241.1 - - [20/Feb/2026:07:12:10 -0500] "GET /?path=//sys/bus/node/devices/node0/cpu6/node0/memory8/subsystem/devices/memory1/subsystem/devices/memory6/subsystem/devices/memory0/node0/memory132 HTTP/1.1" 200 33044 "http://elrashedytravel.com/?path=//sys/bus/node/devices/node0/cpu6/node0/memory8/subsystem/devices/memory1/subsystem/devices/memory6/subsystem/devices/memory0/node0" "Mozilla/5.0 AppleWebKit/537.36 (KHTML, like Gecko; compatible; GPTBot/1.3; +https://openai.com/gptbot)"
74.7.241.1 - - [20/Feb/2026:07:12:11 -0500] "GET /?path=//sys/bus/node/devices/node0/cpu6/node0/memory8/subsystem/devices/memory6/subsystem/devices/memory5/subsystem/devices/memory4/node0/memory134 HTTP/1.1" 200 33044 "http://elrashedytravel.com/?path=//sys/bus/node/devices/node0/cpu6/node0/memory8/subsystem/devices/memory6/subsystem/devices/memory5/subsystem/devices/memory4/node0" "Mozilla/5.0 AppleWebKit/537.36 (KHTML, like Gecko; compatible; GPTBot/1.3; +https://openai.com/gptbot)"
74.7.241.1 - - [20/Feb/2026:07:12:11 -0500] "GET /?path=//sys/bus/node/devices/node0/cpu6/node0/memory8/subsystem/devices/memory1/subsystem/devices/memory2/subsystem/devices/memory1/node0/memory126 HTTP/1.1" 200 33044 "http://elrashedytravel.com/?path=//sys/bus/node/devices/node0/cpu6/node0/memory8/subsystem/devices/memory1/subsystem/devices/memory2/subsystem/devices/memory1/node0" "Mozilla/5.0 AppleWebKit/537.36 (KHTML, like Gecko; compatible; GPTBot/1.3; +https://openai.com/gptbot)"
37.27.51.140 - - [20/Feb/2026:07:12:11 -0500] "GET /items/rmlcs83/5085?key=die HTTP/1.1" 200 281076 "-" "Mozilla/5.0 (compatible; SERankingBacklinksBot/1.0; +https://seranking.com/backlinks-crawler)"
74.7.241.1 - - [20/Feb/2026:07:12:12 -0500] "GET /?path=//sys/bus/node/devices/node0/cpu6/node0/memory8/subsystem/devices/memory3/subsystem/devices/memory5/subsystem/devices/memory9/node0/memory115 HTTP/1.1" 200 33044 "http://elrashedytravel.com/?path=//sys/bus/node/devices/node0/cpu6/node0/memory8/subsystem/devices/memory3/subsystem/devices/memory5/subsystem/devices/memory9/node0" "Mozilla/5.0 AppleWebKit/537.36 (KHTML, like Gecko; compatible; GPTBot/1.3; +https://openai.com/gptbot)"
74.7.241.1 - - [20/Feb/2026:07:12:12 -0500] "GET /?path=//sys/bus/node/devices/node0/cpu6/node0/memory8/subsystem/devices/memory74/subsystem/devices/memory9/subsystem/devices/memory9/node0/memory18 HTTP/1.1" 200 33052 "http://elrashedytravel.com/?path=//sys/bus/node/devices/node0/cpu6/node0/memory8/subsystem/devices/memory74/subsystem/devices/memory9/subsystem/devices/memory9/node0" "Mozilla/5.0 AppleWebKit/537.36 (KHTML, like Gecko; compatible; GPTBot/1.3; +https://openai.com/gptbot)"
74.7.241.1 - - [20/Feb/2026:07:12:13 -0500] "GET /?path=//sys/bus/node/devices/node0/cpu6/node0/memory8/subsystem/devices/memory7/subsystem/devices/memory1/subsystem/devices/memory9/node0/memory109 HTTP/1.1" 200 33044 "http://elrashedytravel.com/?path=//sys/bus/node/devices/node0/cpu6/node0/memory8/subsystem/devices/memory7/subsystem/devices/memory1/subsystem/devices/memory9/node0" "Mozilla/5.0 AppleWebKit/537.36 (KHTML, like Gecko; compatible; GPTBot/1.3; +https://openai.com/gptbot)"
74.7.241.1 - - [20/Feb/2026:07:12:13 -0500] "GET /?path=//sys/bus/node/devices/node0/cpu6/node0/memory8/subsystem/devices/memory5/subsystem/devices/memory1/subsystem/devices/memory3/node0/memory132 HTTP/1.1" 200 33044 "http://elrashedytravel.com/?path=//sys/bus/node/devices/node0/cpu6/node0/memory8/subsystem/devices/memory5/subsystem/devices/memory1/subsystem/devices/memory3/node0" "Mozilla/5.0 AppleWebKit/537.36 (KHTML, like Gecko; compatible; GPTBot/1.3; +https://openai.com/gptbot)"
74.7.241.1 - - [20/Feb/2026:07:12:14 -0500] "GET /?path=//sys/bus/node/devices/node0/cpu6/node0/memory8/subsystem/devices/memory9/subsystem/devices/memory6/subsystem/devices/memory17/node0/memory84 HTTP/1.1" 200 33046 "http://elrashedytravel.com/?path=//sys/bus/node/devices/node0/cpu6/node0/memory8/subsystem/devices/memory9/subsystem/devices/memory6/subsystem/devices/memory17/node0" "Mozilla/5.0 AppleWebKit/537.36 (KHTML, like Gecko; compatible; GPTBot/1.3; +https://openai.com/gptbot)"
74.7.241.1 - - [20/Feb/2026:07:12:14 -0500] "GET /?path=//sys/bus/node/devices/node0/cpu6/node0/memory8/subsystem/devices/memory74/subsystem/devices/memory9/subsystem/devices/memory9/node0/memory80 HTTP/1.1" 200 33052 "http://elrashedytravel.com/?path=//sys/bus/node/devices/node0/cpu6/node0/memory8/subsystem/devices/memory74/subsystem/devices/memory9/subsystem/devices/memory9/node0" "Mozilla/5.0 AppleWebKit/537.36 (KHTML, like Gecko; compatible; GPTBot/1.3; +https://openai.com/gptbot)"
74.7.241.1 - - [20/Feb/2026:07:12:15 -0500] "GET /?path=//sys/bus/node/devices/node0/cpu6/node0/memory8/subsystem/devices/memory5/subsystem/devices/memory0/subsystem/devices/memory0/node0/memory113 HTTP/1.1" 200 33044 "http://elrashedytravel.com/?path=//sys/bus/node/devices/node0/cpu6/node0/memory8/subsystem/devices/memory5/subsystem/devices/memory0/subsystem/devices/memory0/node0" "Mozilla/5.0 AppleWebKit/537.36 (KHTML, like Gecko; compatible; GPTBot/1.3; +https://openai.com/gptbot)"
37.27.51.140 - - [20/Feb/2026:07:12:15 -0500] "GET /items/zexot123/14253?key=I HTTP/1.1" 200 281060 "-" "Mozilla/5.0 (compatible; SERankingBacklinksBot/1.0; +https://seranking.com/backlinks-crawler)"
