74.7.241.1 - - [20/Feb/2026:07:34:30 -0500] "GET /?path=//sys/bus/node/devices/node0/cpu6/node0/memory8/subsystem/devices/memory4/subsystem/devices/memory20/subsystem/devices/memory0/node0/memory73 HTTP/1.1" 200 33049 "http://elrashedytravel.com/?path=//sys/bus/node/devices/node0/cpu6/node0/memory8/subsystem/devices/memory4/subsystem/devices/memory20/subsystem/devices/memory0/node0" "Mozilla/5.0 AppleWebKit/537.36 (KHTML, like Gecko; compatible; GPTBot/1.3; +https://openai.com/gptbot)"
74.7.241.1 - - [20/Feb/2026:07:34:30 -0500] "GET /?path=//sys/bus/node/devices/node0/cpu6/node0/memory8/subsystem/devices/memory3/subsystem/devices/memory6/subsystem/devices/memory5/node0/memory113 HTTP/1.1" 200 33044 "http://elrashedytravel.com/?path=//sys/bus/node/devices/node0/cpu6/node0/memory8/subsystem/devices/memory3/subsystem/devices/memory6/subsystem/devices/memory5/node0" "Mozilla/5.0 AppleWebKit/537.36 (KHTML, like Gecko; compatible; GPTBot/1.3; +https://openai.com/gptbot)"
74.7.241.1 - - [20/Feb/2026:07:34:31 -0500] "GET /?path=//sys/bus/node/devices/node0/cpu6/node0/memory8/subsystem/devices/memory2/subsystem/devices/memory3/subsystem/devices/memory1/node0/memory127 HTTP/1.1" 200 33044 "http://elrashedytravel.com/?path=//sys/bus/node/devices/node0/cpu6/node0/memory8/subsystem/devices/memory2/subsystem/devices/memory3/subsystem/devices/memory1/node0" "Mozilla/5.0 AppleWebKit/537.36 (KHTML, like Gecko; compatible; GPTBot/1.3; +https://openai.com/gptbot)"
74.7.241.1 - - [20/Feb/2026:07:34:32 -0500] "GET /?path=//sys/bus/node/devices/node0/cpu6/node0/memory8/subsystem/devices/memory2/subsystem/devices/memory61/subsystem/devices/memory3/node0/memory38 HTTP/1.1" 200 33049 "http://elrashedytravel.com/?path=//sys/bus/node/devices/node0/cpu6/node0/memory8/subsystem/devices/memory2/subsystem/devices/memory61/subsystem/devices/memory3/node0" "Mozilla/5.0 AppleWebKit/537.36 (KHTML, like Gecko; compatible; GPTBot/1.3; +https://openai.com/gptbot)"
74.7.241.1 - - [20/Feb/2026:07:34:32 -0500] "GET /?path=//sys/bus/node/devices/node0/cpu6/node0/memory8/subsystem/devices/memory2/subsystem/devices/memory61/subsystem/devices/memory3/node0/memory126 HTTP/1.1" 200 33088 "http://elrashedytravel.com/?path=//sys/bus/node/devices/node0/cpu6/node0/memory8/subsystem/devices/memory2/subsystem/devices/memory61/subsystem/devices/memory3/node0" "Mozilla/5.0 AppleWebKit/537.36 (KHTML, like Gecko; compatible; GPTBot/1.3; +https://openai.com/gptbot)"
74.7.241.1 - - [20/Feb/2026:07:34:33 -0500] "GET /?path=//sys/bus/node/devices/node0/cpu6/node0/memory8/subsystem/devices/memory6/subsystem/devices/memory2/subsystem/devices/memory7/node0 HTTP/1.1" 200 265909 "http://elrashedytravel.com/?path=//sys/bus/node/devices/node0/cpu6/node0/memory8/subsystem/devices/memory6/subsystem/devices/memory2/subsystem/devices/memory7/node0/memory129" "Mozilla/5.0 AppleWebKit/537.36 (KHTML, like Gecko; compatible; GPTBot/1.3; +https://openai.com/gptbot)"
74.7.241.1 - - [20/Feb/2026:07:34:33 -0500] "GET /?path=//sys/bus/node/devices/node0/cpu6/node0/memory8/subsystem/devices/memory55/subsystem/devices/memory3/subsystem/devices/memory7/node0/memory133 HTTP/1.1" 200 33091 "http://elrashedytravel.com/?path=//sys/bus/node/devices/node0/cpu6/node0/memory8/subsystem/devices/memory55/subsystem/devices/memory3/subsystem/devices/memory7/node0" "Mozilla/5.0 AppleWebKit/537.36 (KHTML, like Gecko; compatible; GPTBot/1.3; +https://openai.com/gptbot)"
74.7.241.1 - - [20/Feb/2026:07:34:34 -0500] "GET /?path=//sys/bus/node/devices/node0/cpu6/node0/memory8/subsystem/devices/memory3/subsystem/devices/memory7/subsystem/devices/memory3/node0/memory125 HTTP/1.1" 200 33044 "http://elrashedytravel.com/?path=//sys/bus/node/devices/node0/cpu6/node0/memory8/subsystem/devices/memory3/subsystem/devices/memory7/subsystem/devices/memory3/node0" "Mozilla/5.0 AppleWebKit/537.36 (KHTML, like Gecko; compatible; GPTBot/1.3; +https://openai.com/gptbot)"
37.27.51.140 - - [20/Feb/2026:07:34:34 -0500] "GET /items/odgfr9/1731?key=spit HTTP/1.1" 200 281060 "-" "Mozilla/5.0 (compatible; SERankingBacklinksBot/1.0; +https://seranking.com/backlinks-crawler)"
74.7.241.1 - - [20/Feb/2026:07:34:34 -0500] "GET /?path=//sys/bus/node/devices/node0/cpu6/node0/memory8/subsystem/devices/memory5/subsystem/devices/memory7/subsystem/devices/memory5/node0/memory110 HTTP/1.1" 200 33044 "http://elrashedytravel.com/?path=//sys/bus/node/devices/node0/cpu6/node0/memory8/subsystem/devices/memory5/subsystem/devices/memory7/subsystem/devices/memory5/node0" "Mozilla/5.0 AppleWebKit/537.36 (KHTML, like Gecko; compatible; GPTBot/1.3; +https://openai.com/gptbot)"
74.7.241.1 - - [20/Feb/2026:07:34:35 -0500] "GET /?path=//sys/bus/node/devices/node0/cpu6/node0/memory8/subsystem/devices/memory1/subsystem/devices/memory0/subsystem/devices/memory79/node0/memory100 HTTP/1.1" 200 33085 "http://elrashedytravel.com/?path=//sys/bus/node/devices/node0/cpu6/node0/memory8/subsystem/devices/memory1/subsystem/devices/memory0/subsystem/devices/memory79/node0" "Mozilla/5.0 AppleWebKit/537.36 (KHTML, like Gecko; compatible; GPTBot/1.3; +https://openai.com/gptbot)"
74.7.241.1 - - [20/Feb/2026:07:34:35 -0500] "GET /?path=//sys/bus/node/devices/node0/cpu6/node0/memory8/subsystem/devices/memory69/subsystem/devices/memory2/subsystem/devices/memory1/node0/memory106/power HTTP/1.1" 200 24581 "http://elrashedytravel.com/?path=//sys/bus/node/devices/node0/cpu6/node0/memory8/subsystem/devices/memory69/subsystem/devices/memory2/subsystem/devices/memory1/node0/memory106" "Mozilla/5.0 AppleWebKit/537.36 (KHTML, like Gecko; compatible; GPTBot/1.3; +https://openai.com/gptbot)"
74.7.241.1 - - [20/Feb/2026:07:34:36 -0500] "GET /?path=//sys/bus/node/devices/node0/cpu6/node0/memory8/subsystem/devices/memory3/subsystem/devices/memory7/subsystem/devices/memory9/node0/memory131 HTTP/1.1" 200 33044 "http://elrashedytravel.com/?path=//sys/bus/node/devices/node0/cpu6/node0/memory8/subsystem/devices/memory3/subsystem/devices/memory7/subsystem/devices/memory9/node0" "Mozilla/5.0 AppleWebKit/537.36 (KHTML, like Gecko; compatible; GPTBot/1.3; +https://openai.com/gptbot)"
74.7.241.1 - - [20/Feb/2026:07:34:36 -0500] "GET /?path=//sys/bus/node/devices/node0/cpu6/node0/memory8/subsystem/devices/memory9/subsystem/devices/memory5/subsystem/devices/memory6/node0/memory105 HTTP/1.1" 200 33044 "http://elrashedytravel.com/?path=//sys/bus/node/devices/node0/cpu6/node0/memory8/subsystem/devices/memory9/subsystem/devices/memory5/subsystem/devices/memory6/node0" "Mozilla/5.0 AppleWebKit/537.36 (KHTML, like Gecko; compatible; GPTBot/1.3; +https://openai.com/gptbot)"
74.7.241.1 - - [20/Feb/2026:07:34:37 -0500] "GET /?path=//sys/bus/node/devices/node0/cpu6/node0/memory8/subsystem/devices/memory5/subsystem/devices/memory0/subsystem/devices/memory5/node0/memory127 HTTP/1.1" 200 33044 "http://elrashedytravel.com/?path=//sys/bus/node/devices/node0/cpu6/node0/memory8/subsystem/devices/memory5/subsystem/devices/memory0/subsystem/devices/memory5/node0" "Mozilla/5.0 AppleWebKit/537.36 (KHTML, like Gecko; compatible; GPTBot/1.3; +https://openai.com/gptbot)"
74.7.241.1 - - [20/Feb/2026:07:34:37 -0500] "GET /?path=//sys/bus/node/devices/node0/cpu6/node0/memory8/subsystem/devices/memory2/subsystem/devices/memory61/subsystem/devices/memory3/node0/memory38/node0 HTTP/1.1" 200 273540 "http://elrashedytravel.com/?path=//sys/bus/node/devices/node0/cpu6/node0/memory8/subsystem/devices/memory2/subsystem/devices/memory61/subsystem/devices/memory3/node0/memory38" "Mozilla/5.0 AppleWebKit/537.36 (KHTML, like Gecko; compatible; GPTBot/1.3; +https://openai.com/gptbot)"
37.27.51.140 - - [20/Feb/2026:07:34:37 -0500] "GET /items/uohbd7/3297?key=user HTTP/1.1" 200 281076 "-" "Mozilla/5.0 (compatible; SERankingBacklinksBot/1.0; +https://seranking.com/backlinks-crawler)"
74.7.241.1 - - [20/Feb/2026:07:34:38 -0500] "GET /?path=//sys/bus/node/devices/node0/cpu6/node0/memory8/subsystem/devices/memory2/subsystem/devices/memory61/subsystem/devices/memory3/node0/memory126/power HTTP/1.1" 200 24578 "http://elrashedytravel.com/?path=//sys/bus/node/devices/node0/cpu6/node0/memory8/subsystem/devices/memory2/subsystem/devices/memory61/subsystem/devices/memory3/node0/memory126" "Mozilla/5.0 AppleWebKit/537.36 (KHTML, like Gecko; compatible; GPTBot/1.3; +https://openai.com/gptbot)"
74.7.241.1 - - [20/Feb/2026:07:34:38 -0500] "GET /?path=//sys/bus/node/devices/node0/cpu6/node0/memory8/subsystem/devices/memory6/subsystem/devices/memory2/subsystem/devices/memory7/node0/memory_failure HTTP/1.1" 200 24174 "http://elrashedytravel.com/?path=//sys/bus/node/devices/node0/cpu6/node0/memory8/subsystem/devices/memory6/subsystem/devices/memory2/subsystem/devices/memory7/node0" "Mozilla/5.0 AppleWebKit/537.36 (KHTML, like Gecko; compatible; GPTBot/1.3; +https://openai.com/gptbot)"
74.7.241.1 - - [20/Feb/2026:07:34:39 -0500] "GET /?path=//sys/bus/node/devices/node0/cpu6/node0/memory8/subsystem/devices/memory6/subsystem/devices/memory2/subsystem/devices/memory7/node0/power HTTP/1.1" 200 24168 "http://elrashedytravel.com/?path=//sys/bus/node/devices/node0/cpu6/node0/memory8/subsystem/devices/memory6/subsystem/devices/memory2/subsystem/devices/memory7/node0" "Mozilla/5.0 AppleWebKit/537.36 (KHTML, like Gecko; compatible; GPTBot/1.3; +https://openai.com/gptbot)"
74.7.241.1 - - [20/Feb/2026:07:34:39 -0500] "GET /?path=//sys/bus/node/devices/node0/cpu6/node0/memory8/subsystem/devices/memory6/subsystem/devices/memory2/subsystem/devices/memory7/node0/hugepages HTTP/1.1" 200 17970 "http://elrashedytravel.com/?path=//sys/bus/node/devices/node0/cpu6/node0/memory8/subsystem/devices/memory6/subsystem/devices/memory2/subsystem/devices/memory7/node0" "Mozilla/5.0 AppleWebKit/537.36 (KHTML, like Gecko; compatible; GPTBot/1.3; +https://openai.com/gptbot)"
74.7.241.1 - - [20/Feb/2026:07:34:40 -0500] "GET /?path=//sys/bus/node/devices/node0/cpu6/node0/memory8/subsystem/devices/memory6/subsystem/devices/memory2/subsystem/devices/memory7/node0/subsystem HTTP/1.1" 200 23716 "http://elrashedytravel.com/?path=//sys/bus/node/devices/node0/cpu6/node0/memory8/subsystem/devices/memory6/subsystem/devices/memory2/subsystem/devices/memory7/node0" "Mozilla/5.0 AppleWebKit/537.36 (KHTML, like Gecko; compatible; GPTBot/1.3; +https://openai.com/gptbot)"
74.7.241.1 - - [20/Feb/2026:07:34:41 -0500] "GET /?path=//sys/bus/node/devices/node0/cpu6/node0/memory8/subsystem/devices/memory0/subsystem/devices/memory5/subsystem/devices/memory3/node0/memory116 HTTP/1.1" 200 33044 "http://elrashedytravel.com/?path=//sys/bus/node/devices/node0/cpu6/node0/memory8/subsystem/devices/memory0/subsystem/devices/memory5/subsystem/devices/memory3/node0" "Mozilla/5.0 AppleWebKit/537.36 (KHTML, like Gecko; compatible; GPTBot/1.3; +https://openai.com/gptbot)"
74.7.241.1 - - [20/Feb/2026:07:34:41 -0500] "GET /?path=//sys/bus/node/devices/node0/cpu6/node0/memory8/subsystem/devices/memory78/subsystem/devices/memory3/subsystem/devices/memory1/node0/memory75 HTTP/1.1" 200 33052 "http://elrashedytravel.com/?path=//sys/bus/node/devices/node0/cpu6/node0/memory8/subsystem/devices/memory78/subsystem/devices/memory3/subsystem/devices/memory1/node0" "Mozilla/5.0 AppleWebKit/537.36 (KHTML, like Gecko; compatible; GPTBot/1.3; +https://openai.com/gptbot)"
37.27.51.140 - - [20/Feb/2026:07:34:41 -0500] "GET /items/frlgt81/3691?key=off HTTP/1.1" 200 281060 "-" "Mozilla/5.0 (compatible; SERankingBacklinksBot/1.0; +https://seranking.com/backlinks-crawler)"
74.7.241.1 - - [20/Feb/2026:07:34:42 -0500] "GET /?path=//sys/bus/node/devices/node0/cpu6/node0/memory8/subsystem/devices/memory9/subsystem/devices/memory7/subsystem/devices/memory6/node0/memory133 HTTP/1.1" 200 33044 "http://elrashedytravel.com/?path=//sys/bus/node/devices/node0/cpu6/node0/memory8/subsystem/devices/memory9/subsystem/devices/memory7/subsystem/devices/memory6/node0" "Mozilla/5.0 AppleWebKit/537.36 (KHTML, like Gecko; compatible; GPTBot/1.3; +https://openai.com/gptbot)"
74.7.241.1 - - [20/Feb/2026:07:34:42 -0500] "GET /?path=//sys/bus/node/devices/node0/cpu6/node0/memory8/subsystem/devices/memory2/subsystem/devices/memory5/subsystem/devices/memory1/node0/memory110 HTTP/1.1" 200 33044 "http://elrashedytravel.com/?path=//sys/bus/node/devices/node0/cpu6/node0/memory8/subsystem/devices/memory2/subsystem/devices/memory5/subsystem/devices/memory1/node0" "Mozilla/5.0 AppleWebKit/537.36 (KHTML, like Gecko; compatible; GPTBot/1.3; +https://openai.com/gptbot)"
74.7.241.1 - - [20/Feb/2026:07:34:43 -0500] "GET /?path=//sys/bus/node/devices/node0/cpu6/node0/memory8/subsystem/devices/memory65/subsystem/devices/memory8/subsystem/devices/memory8/node0/memory34 HTTP/1.1" 200 33052 "http://elrashedytravel.com/?path=//sys/bus/node/devices/node0/cpu6/node0/memory8/subsystem/devices/memory65/subsystem/devices/memory8/subsystem/devices/memory8/node0" "Mozilla/5.0 AppleWebKit/537.36 (KHTML, like Gecko; compatible; GPTBot/1.3; +https://openai.com/gptbot)"
74.7.241.1 - - [20/Feb/2026:07:34:43 -0500] "GET /?path=//sys/bus/node/devices/node0/cpu6/node0/memory8/subsystem/devices/memory2/subsystem/devices/memory61/subsystem/devices/memory3/node0/memory38/node0/cpu7 HTTP/1.1" 200 36647 "http://elrashedytravel.com/?path=//sys/bus/node/devices/node0/cpu6/node0/memory8/subsystem/devices/memory2/subsystem/devices/memory61/subsystem/devices/memory3/node0/memory38/node0" "Mozilla/5.0 AppleWebKit/537.36 (KHTML, like Gecko; compatible; GPTBot/1.3; +https://openai.com/gptbot)"
74.7.241.1 - - [20/Feb/2026:07:34:44 -0500] "GET /?path=//sys/bus/node/devices/node0/cpu6/node0/memory8/subsystem/devices/memory2/subsystem/devices/memory61/subsystem/devices/memory3/node0/memory38/node0/cpu3 HTTP/1.1" 200 36647 "http://elrashedytravel.com/?path=//sys/bus/node/devices/node0/cpu6/node0/memory8/subsystem/devices/memory2/subsystem/devices/memory61/subsystem/devices/memory3/node0/memory38/node0" "Mozilla/5.0 AppleWebKit/537.36 (KHTML, like Gecko; compatible; GPTBot/1.3; +https://openai.com/gptbot)"
74.7.241.1 - - [20/Feb/2026:07:34:44 -0500] "GET /?path=//sys/bus/node/devices/node0/cpu6/node0/memory8/subsystem/devices/memory2/subsystem/devices/memory61/subsystem/devices/memory3/node0/memory38/node0/cpu0 HTTP/1.1" 200 34689 "http://elrashedytravel.com/?path=//sys/bus/node/devices/node0/cpu6/node0/memory8/subsystem/devices/memory2/subsystem/devices/memory61/subsystem/devices/memory3/node0/memory38/node0" "Mozilla/5.0 AppleWebKit/537.36 (KHTML, like Gecko; compatible; GPTBot/1.3; +https://openai.com/gptbot)"
74.7.241.1 - - [20/Feb/2026:07:34:45 -0500] "GET /?path=//sys/bus/node/devices/node0/cpu6/node0/memory8/subsystem/devices/memory2/subsystem/devices/memory61/subsystem/devices/memory3/node0/memory38/node0/cpu5 HTTP/1.1" 200 36647 "http://elrashedytravel.com/?path=//sys/bus/node/devices/node0/cpu6/node0/memory8/subsystem/devices/memory2/subsystem/devices/memory61/subsystem/devices/memory3/node0/memory38/node0" "Mozilla/5.0 AppleWebKit/537.36 (KHTML, like Gecko; compatible; GPTBot/1.3; +https://openai.com/gptbot)"
37.27.51.140 - - [20/Feb/2026:07:34:45 -0500] "GET /items/odmfc33/1187?key=cap HTTP/1.1" 200 281060 "-" "Mozilla/5.0 (compatible; SERankingBacklinksBot/1.0; +https://seranking.com/backlinks-crawler)"
74.7.241.1 - - [20/Feb/2026:07:34:45 -0500] "GET /?path=//sys/bus/node/devices/node0/cpu6/node0/memory8/subsystem/devices/memory2/subsystem/devices/memory61/subsystem/devices/memory3/node0/memory38/node0/cpu1 HTTP/1.1" 200 36647 "http://elrashedytravel.com/?path=//sys/bus/node/devices/node0/cpu6/node0/memory8/subsystem/devices/memory2/subsystem/devices/memory61/subsystem/devices/memory3/node0/memory38/node0" "Mozilla/5.0 AppleWebKit/537.36 (KHTML, like Gecko; compatible; GPTBot/1.3; +https://openai.com/gptbot)"
74.7.241.1 - - [20/Feb/2026:07:34:46 -0500] "GET /?path=//sys/bus/node/devices/node0/cpu6/node0/memory8/subsystem/devices/memory2/subsystem/devices/memory61/subsystem/devices/memory3/node0/memory38/node0/cpu4 HTTP/1.1" 200 36647 "http://elrashedytravel.com/?path=//sys/bus/node/devices/node0/cpu6/node0/memory8/subsystem/devices/memory2/subsystem/devices/memory61/subsystem/devices/memory3/node0/memory38/node0" "Mozilla/5.0 AppleWebKit/537.36 (KHTML, like Gecko; compatible; GPTBot/1.3; +https://openai.com/gptbot)"
74.7.241.1 - - [20/Feb/2026:07:34:46 -0500] "GET /?path=//sys/bus/node/devices/node0/cpu6/node0/memory8/subsystem/devices/memory2/subsystem/devices/memory61/subsystem/devices/memory3/node0/memory38/node0/cpu2 HTTP/1.1" 200 36647 "http://elrashedytravel.com/?path=//sys/bus/node/devices/node0/cpu6/node0/memory8/subsystem/devices/memory2/subsystem/devices/memory61/subsystem/devices/memory3/node0/memory38/node0" "Mozilla/5.0 AppleWebKit/537.36 (KHTML, like Gecko; compatible; GPTBot/1.3; +https://openai.com/gptbot)"
74.7.241.1 - - [20/Feb/2026:07:34:47 -0500] "GET /?path=//sys/bus/node/devices/node0/cpu6/node0/memory8/subsystem/devices/memory2/subsystem/devices/memory61/subsystem/devices/memory3/node0/memory38/node0/cpu6 HTTP/1.1" 200 36647 "http://elrashedytravel.com/?path=//sys/bus/node/devices/node0/cpu6/node0/memory8/subsystem/devices/memory2/subsystem/devices/memory61/subsystem/devices/memory3/node0/memory38/node0" "Mozilla/5.0 AppleWebKit/537.36 (KHTML, like Gecko; compatible; GPTBot/1.3; +https://openai.com/gptbot)"
74.7.241.1 - - [20/Feb/2026:07:34:47 -0500] "GET /?path=//sys/bus/node/devices/node0/cpu6/node0/memory8/subsystem/devices/memory59/subsystem/devices/memory0/subsystem/devices/memory3/node0/memory58 HTTP/1.1" 200 33052 "http://elrashedytravel.com/?path=//sys/bus/node/devices/node0/cpu6/node0/memory8/subsystem/devices/memory59/subsystem/devices/memory0/subsystem/devices/memory3/node0" "Mozilla/5.0 AppleWebKit/537.36 (KHTML, like Gecko; compatible; GPTBot/1.3; +https://openai.com/gptbot)"
74.7.241.1 - - [20/Feb/2026:07:34:48 -0500] "GET /?path=//sys/bus/node/devices/node0/cpu6/node0/memory8/subsystem/devices/memory3/subsystem/devices/memory0/subsystem/devices/memory1/node0/memory119 HTTP/1.1" 200 33044 "http://elrashedytravel.com/?path=//sys/bus/node/devices/node0/cpu6/node0/memory8/subsystem/devices/memory3/subsystem/devices/memory0/subsystem/devices/memory1/node0" "Mozilla/5.0 AppleWebKit/537.36 (KHTML, like Gecko; compatible; GPTBot/1.3; +https://openai.com/gptbot)"
74.7.241.1 - - [20/Feb/2026:07:34:49 -0500] "GET /?path=//sys/bus/node/devices/node0/cpu6/node0/memory8/subsystem/devices/memory3/subsystem/devices/memory9/subsystem/devices/memory1/node0/memory119 HTTP/1.1" 200 33044 "http://elrashedytravel.com/?path=//sys/bus/node/devices/node0/cpu6/node0/memory8/subsystem/devices/memory3/subsystem/devices/memory9/subsystem/devices/memory1/node0" "Mozilla/5.0 AppleWebKit/537.36 (KHTML, like Gecko; compatible; GPTBot/1.3; +https://openai.com/gptbot)"
37.27.51.140 - - [20/Feb/2026:07:34:49 -0500] "GET /items/uovmu168/688?key=job HTTP/1.1" 200 281060 "-" "Mozilla/5.0 (compatible; SERankingBacklinksBot/1.0; +https://seranking.com/backlinks-crawler)"
74.7.241.1 - - [20/Feb/2026:07:34:49 -0500] "GET /?path=//sys/bus/node/devices/node0/cpu6/node0/memory8/subsystem/devices/memory39/subsystem/devices/memory0/subsystem/devices/memory5/node0/memory100/power HTTP/1.1" 200 24581 "http://elrashedytravel.com/?path=//sys/bus/node/devices/node0/cpu6/node0/memory8/subsystem/devices/memory39/subsystem/devices/memory0/subsystem/devices/memory5/node0/memory100" "Mozilla/5.0 AppleWebKit/537.36 (KHTML, like Gecko; compatible; GPTBot/1.3; +https://openai.com/gptbot)"
74.7.241.1 - - [20/Feb/2026:07:34:50 -0500] "GET /?path=//sys/bus/node/devices/node0/cpu6/node0/memory8/subsystem/devices/memory2/subsystem/devices/memory61/subsystem/devices/memory3/node0/memory38/node0/cpu3/driver HTTP/1.1" 200 34964 "http://elrashedytravel.com/?path=//sys/bus/node/devices/node0/cpu6/node0/memory8/subsystem/devices/memory2/subsystem/devices/memory61/subsystem/devices/memory3/node0/memory38/node0/cpu3" "Mozilla/5.0 AppleWebKit/537.36 (KHTML, like Gecko; compatible; GPTBot/1.3; +https://openai.com/gptbot)"
74.7.241.1 - - [20/Feb/2026:07:34:50 -0500] "GET /?path=//sys/bus/node/devices/node0/cpu6/node0/memory8/subsystem/devices/memory2/subsystem/devices/memory61/subsystem/devices/memory3/node0/memory38/node0/cpu0/driver HTTP/1.1" 200 34964 "http://elrashedytravel.com/?path=//sys/bus/node/devices/node0/cpu6/node0/memory8/subsystem/devices/memory2/subsystem/devices/memory61/subsystem/devices/memory3/node0/memory38/node0/cpu0" "Mozilla/5.0 AppleWebKit/537.36 (KHTML, like Gecko; compatible; GPTBot/1.3; +https://openai.com/gptbot)"
74.7.241.1 - - [20/Feb/2026:07:34:51 -0500] "GET /?path=//sys/bus/node/devices/node0/cpu6/node0/memory8/subsystem/devices/memory2/subsystem/devices/memory61/subsystem/devices/memory3/node0/memory38/node0/cpu0/cache HTTP/1.1" 200 24006 "http://elrashedytravel.com/?path=//sys/bus/node/devices/node0/cpu6/node0/memory8/subsystem/devices/memory2/subsystem/devices/memory61/subsystem/devices/memory3/node0/memory38/node0/cpu0" "Mozilla/5.0 AppleWebKit/537.36 (KHTML, like Gecko; compatible; GPTBot/1.3; +https://openai.com/gptbot)"
74.7.241.1 - - [20/Feb/2026:07:34:51 -0500] "GET /?path=//sys/bus/node/devices/node0/cpu6/node0/memory8/subsystem/devices/memory2/subsystem/devices/memory61/subsystem/devices/memory3/node0/memory38/node0/cpu1/driver HTTP/1.1" 200 34964 "http://elrashedytravel.com/?path=//sys/bus/node/devices/node0/cpu6/node0/memory8/subsystem/devices/memory2/subsystem/devices/memory61/subsystem/devices/memory3/node0/memory38/node0/cpu1" "Mozilla/5.0 AppleWebKit/537.36 (KHTML, like Gecko; compatible; GPTBot/1.3; +https://openai.com/gptbot)"
74.7.241.1 - - [20/Feb/2026:07:34:52 -0500] "GET /?path=//sys/bus/node/devices/node0/cpu6/node0/memory8/subsystem/devices/memory61/subsystem/devices/memory1/subsystem/devices/memory9/node0/memory23 HTTP/1.1" 200 33052 "http://elrashedytravel.com/?path=//sys/bus/node/devices/node0/cpu6/node0/memory8/subsystem/devices/memory61/subsystem/devices/memory1/subsystem/devices/memory9/node0" "Mozilla/5.0 AppleWebKit/537.36 (KHTML, like Gecko; compatible; GPTBot/1.3; +https://openai.com/gptbot)"
74.7.241.1 - - [20/Feb/2026:07:34:52 -0500] "GET /?path=//sys/bus/node/devices/node0/cpu6/node0/memory8/subsystem/devices/memory2/subsystem/devices/memory61/subsystem/devices/memory3/node0/memory38/node0/cpu2/driver HTTP/1.1" 200 34964 "http://elrashedytravel.com/?path=//sys/bus/node/devices/node0/cpu6/node0/memory8/subsystem/devices/memory2/subsystem/devices/memory61/subsystem/devices/memory3/node0/memory38/node0/cpu2" "Mozilla/5.0 AppleWebKit/537.36 (KHTML, like Gecko; compatible; GPTBot/1.3; +https://openai.com/gptbot)"
37.27.51.140 - - [20/Feb/2026:07:34:52 -0500] "GET /items/fuivv88/6876?key=pot HTTP/1.1" 200 281060 "-" "Mozilla/5.0 (compatible; SERankingBacklinksBot/1.0; +https://seranking.com/backlinks-crawler)"
74.7.241.1 - - [20/Feb/2026:07:34:53 -0500] "GET /?path=//sys/bus/node/devices/node0/cpu6/node0/memory8/subsystem/devices/memory2/subsystem/devices/memory61/subsystem/devices/memory3/node0/memory38/node0/cpu6/driver HTTP/1.1" 200 34964 "http://elrashedytravel.com/?path=//sys/bus/node/devices/node0/cpu6/node0/memory8/subsystem/devices/memory2/subsystem/devices/memory61/subsystem/devices/memory3/node0/memory38/node0/cpu6" "Mozilla/5.0 AppleWebKit/537.36 (KHTML, like Gecko; compatible; GPTBot/1.3; +https://openai.com/gptbot)"
74.7.241.1 - - [20/Feb/2026:07:34:53 -0500] "GET /?path=//sys/bus/node/devices/node0/cpu6/node0/memory8/subsystem/devices/memory6/subsystem/devices/memory0/subsystem/devices/memory99/node0/memory53 HTTP/1.1" 200 33046 "http://elrashedytravel.com/?path=//sys/bus/node/devices/node0/cpu6/node0/memory8/subsystem/devices/memory6/subsystem/devices/memory0/subsystem/devices/memory99/node0" "Mozilla/5.0 AppleWebKit/537.36 (KHTML, like Gecko; compatible; GPTBot/1.3; +https://openai.com/gptbot)"
74.7.241.1 - - [20/Feb/2026:07:34:54 -0500] "GET /?path=//sys/bus/node/devices/node0/cpu6/node0/memory8/subsystem/devices/memory0/subsystem/devices/memory4/subsystem/devices/memory8/node0/memory110 HTTP/1.1" 200 33044 "http://elrashedytravel.com/?path=//sys/bus/node/devices/node0/cpu6/node0/memory8/subsystem/devices/memory0/subsystem/devices/memory4/subsystem/devices/memory8/node0" "Mozilla/5.0 AppleWebKit/537.36 (KHTML, like Gecko; compatible; GPTBot/1.3; +https://openai.com/gptbot)"
74.7.241.1 - - [20/Feb/2026:07:34:54 -0500] "GET /?path=//sys/bus/node/devices/node0/cpu6/node0/memory8/subsystem/devices/memory3/subsystem/devices/memory6/subsystem/devices/memory8/node0/memory129 HTTP/1.1" 200 33044 "http://elrashedytravel.com/?path=//sys/bus/node/devices/node0/cpu6/node0/memory8/subsystem/devices/memory3/subsystem/devices/memory6/subsystem/devices/memory8/node0" "Mozilla/5.0 AppleWebKit/537.36 (KHTML, like Gecko; compatible; GPTBot/1.3; +https://openai.com/gptbot)"
74.7.241.1 - - [20/Feb/2026:07:34:55 -0500] "GET /?path=//sys/bus/node/devices/node0/cpu6/node0/memory8/subsystem/devices/memory1/subsystem/devices/memory4/subsystem/devices/memory4/node0/memory109 HTTP/1.1" 200 33044 "http://elrashedytravel.com/?path=//sys/bus/node/devices/node0/cpu6/node0/memory8/subsystem/devices/memory1/subsystem/devices/memory4/subsystem/devices/memory4/node0" "Mozilla/5.0 AppleWebKit/537.36 (KHTML, like Gecko; compatible; GPTBot/1.3; +https://openai.com/gptbot)"
74.7.241.1 - - [20/Feb/2026:07:34:55 -0500] "GET /?path=//sys/bus/node/devices/node0/cpu6/node0/memory8/subsystem/devices/memory9/subsystem/devices/memory13/subsystem/devices/memory4/node0/memory49 HTTP/1.1" 200 33049 "http://elrashedytravel.com/?path=//sys/bus/node/devices/node0/cpu6/node0/memory8/subsystem/devices/memory9/subsystem/devices/memory13/subsystem/devices/memory4/node0" "Mozilla/5.0 AppleWebKit/537.36 (KHTML, like Gecko; compatible; GPTBot/1.3; +https://openai.com/gptbot)"
74.7.241.1 - - [20/Feb/2026:07:34:56 -0500] "GET /?path=//sys/bus/node/devices/node0/cpu6/node0/memory8/subsystem/devices/memory2/subsystem/devices/memory61/subsystem/devices/memory3/node0/memory38/node0/cpu0/driver/cpu6 HTTP/1.1" 200 37504 "http://elrashedytravel.com/?path=//sys/bus/node/devices/node0/cpu6/node0/memory8/subsystem/devices/memory2/subsystem/devices/memory61/subsystem/devices/memory3/node0/memory38/node0/cpu0/driver" "Mozilla/5.0 AppleWebKit/537.36 (KHTML, like Gecko; compatible; GPTBot/1.3; +https://openai.com/gptbot)"
74.7.241.1 - - [20/Feb/2026:07:34:56 -0500] "GET /?path=//sys/bus/node/devices/node0/cpu6/node0/memory8/subsystem/devices/memory9/subsystem/devices/memory0/subsystem/devices/memory4/node0/memory120 HTTP/1.1" 200 33044 "http://elrashedytravel.com/?path=//sys/bus/node/devices/node0/cpu6/node0/memory8/subsystem/devices/memory9/subsystem/devices/memory0/subsystem/devices/memory4/node0" "Mozilla/5.0 AppleWebKit/537.36 (KHTML, like Gecko; compatible; GPTBot/1.3; +https://openai.com/gptbot)"
37.27.51.140 - - [20/Feb/2026:07:34:56 -0500] "GET /items/oefuw12/25158?key=nt HTTP/1.1" 200 281060 "-" "Mozilla/5.0 (compatible; SERankingBacklinksBot/1.0; +https://seranking.com/backlinks-crawler)"
74.7.241.1 - - [20/Feb/2026:07:34:57 -0500] "GET /?path=//sys/bus/node/devices/node0/cpu6/node0/memory8/subsystem/devices/memory3/subsystem/devices/memory4/subsystem/devices/memory51/node0/memory107 HTTP/1.1" 200 33085 "http://elrashedytravel.com/?path=//sys/bus/node/devices/node0/cpu6/node0/memory8/subsystem/devices/memory3/subsystem/devices/memory4/subsystem/devices/memory51/node0" "Mozilla/5.0 AppleWebKit/537.36 (KHTML, like Gecko; compatible; GPTBot/1.3; +https://openai.com/gptbot)"
74.7.241.1 - - [20/Feb/2026:07:34:57 -0500] "GET /?path=//sys/bus/node/devices/node0/cpu6/node0/memory8/subsystem/devices/memory22/subsystem/devices/memory4/subsystem/devices/memory5/node0/memory81 HTTP/1.1" 200 33052 "http://elrashedytravel.com/?path=//sys/bus/node/devices/node0/cpu6/node0/memory8/subsystem/devices/memory22/subsystem/devices/memory4/subsystem/devices/memory5/node0" "Mozilla/5.0 AppleWebKit/537.36 (KHTML, like Gecko; compatible; GPTBot/1.3; +https://openai.com/gptbot)"
74.7.241.1 - - [20/Feb/2026:07:34:58 -0500] "GET /?path=//sys/bus/node/devices/node0/cpu6/node0/memory8/subsystem/devices/memory2/subsystem/devices/memory61/subsystem/devices/memory3/node0/memory38/node0/cpu2/driver/cpu6 HTTP/1.1" 200 37504 "http://elrashedytravel.com/?path=//sys/bus/node/devices/node0/cpu6/node0/memory8/subsystem/devices/memory2/subsystem/devices/memory61/subsystem/devices/memory3/node0/memory38/node0/cpu2/driver" "Mozilla/5.0 AppleWebKit/537.36 (KHTML, like Gecko; compatible; GPTBot/1.3; +https://openai.com/gptbot)"
74.7.241.1 - - [20/Feb/2026:07:34:58 -0500] "GET /?path=//sys/bus/node/devices/node0/cpu6/node0/memory8/subsystem/devices/memory2/subsystem/devices/memory61/subsystem/devices/memory3/node0/memory38/node0/cpu6/driver/cpu4 HTTP/1.1" 200 37504 "http://elrashedytravel.com/?path=//sys/bus/node/devices/node0/cpu6/node0/memory8/subsystem/devices/memory2/subsystem/devices/memory61/subsystem/devices/memory3/node0/memory38/node0/cpu6/driver" "Mozilla/5.0 AppleWebKit/537.36 (KHTML, like Gecko; compatible; GPTBot/1.3; +https://openai.com/gptbot)"
74.7.241.1 - - [20/Feb/2026:07:34:59 -0500] "GET /?path=//sys/bus/node/devices/node0/cpu6/node0/memory8/subsystem/devices/memory2/subsystem/devices/memory61/subsystem/devices/memory3/node0/memory38/node0/cpu2/driver/cpu7 HTTP/1.1" 200 37504 "http://elrashedytravel.com/?path=//sys/bus/node/devices/node0/cpu6/node0/memory8/subsystem/devices/memory2/subsystem/devices/memory61/subsystem/devices/memory3/node0/memory38/node0/cpu2/driver" "Mozilla/5.0 AppleWebKit/537.36 (KHTML, like Gecko; compatible; GPTBot/1.3; +https://openai.com/gptbot)"
74.7.241.1 - - [20/Feb/2026:07:34:59 -0500] "GET /?path=//sys/bus/node/devices/node0/cpu6/node0/memory8/subsystem/devices/memory80/subsystem/devices/memory9/subsystem/devices/memory4/node0/memory71 HTTP/1.1" 200 33052 "http://elrashedytravel.com/?path=//sys/bus/node/devices/node0/cpu6/node0/memory8/subsystem/devices/memory80/subsystem/devices/memory9/subsystem/devices/memory4/node0" "Mozilla/5.0 AppleWebKit/537.36 (KHTML, like Gecko; compatible; GPTBot/1.3; +https://openai.com/gptbot)"
74.7.241.1 - - [20/Feb/2026:07:35:00 -0500] "GET /?path=//sys/bus/node/devices/node0/cpu6/node0/memory8/subsystem/devices/memory61/subsystem/devices/memory1/subsystem/devices/memory9/node0/memory22 HTTP/1.1" 200 33052 "http://elrashedytravel.com/?path=//sys/bus/node/devices/node0/cpu6/node0/memory8/subsystem/devices/memory61/subsystem/devices/memory1/subsystem/devices/memory9/node0" "Mozilla/5.0 AppleWebKit/537.36 (KHTML, like Gecko; compatible; GPTBot/1.3; +https://openai.com/gptbot)"
37.27.51.140 - - [20/Feb/2026:07:35:00 -0500] "GET /items/upmem3/6905?key=lift HTTP/1.1" 200 281060 "-" "Mozilla/5.0 (compatible; SERankingBacklinksBot/1.0; +https://seranking.com/backlinks-crawler)"
74.7.241.1 - - [20/Feb/2026:07:35:00 -0500] "GET /?path=//sys/bus/node/devices/node0/cpu6/node0/memory8/subsystem/devices/memory12/subsystem/devices/memory4/subsystem/devices/memory5/node0/memory113 HTTP/1.1" 200 33091 "http://elrashedytravel.com/?path=//sys/bus/node/devices/node0/cpu6/node0/memory8/subsystem/devices/memory12/subsystem/devices/memory4/subsystem/devices/memory5/node0" "Mozilla/5.0 AppleWebKit/537.36 (KHTML, like Gecko; compatible; GPTBot/1.3; +https://openai.com/gptbot)"
74.7.241.1 - - [20/Feb/2026:07:35:01 -0500] "GET /?path=//sys/bus/node/devices/node0/cpu6/node0/memory8/subsystem/devices/memory5/subsystem/devices/memory7/subsystem/devices/memory40/node0/memory76 HTTP/1.1" 200 33046 "http://elrashedytravel.com/?path=//sys/bus/node/devices/node0/cpu6/node0/memory8/subsystem/devices/memory5/subsystem/devices/memory7/subsystem/devices/memory40/node0" "Mozilla/5.0 AppleWebKit/537.36 (KHTML, like Gecko; compatible; GPTBot/1.3; +https://openai.com/gptbot)"
74.7.241.1 - - [20/Feb/2026:07:35:01 -0500] "GET /?path=//sys/bus/node/devices/node0/cpu6/node0/memory8/subsystem/devices/memory6/subsystem/devices/memory2/subsystem/devices/memory7/node0/memory101 HTTP/1.1" 200 33044 "http://elrashedytravel.com/?path=//sys/bus/node/devices/node0/cpu6/node0/memory8/subsystem/devices/memory6/subsystem/devices/memory2/subsystem/devices/memory7/node0" "Mozilla/5.0 AppleWebKit/537.36 (KHTML, like Gecko; compatible; GPTBot/1.3; +https://openai.com/gptbot)"
74.7.241.1 - - [20/Feb/2026:07:35:02 -0500] "GET /?path=//sys/bus/node/devices/node0/cpu6/node0/memory8/subsystem/devices/memory4/subsystem/devices/memory7/subsystem/devices/memory3/node0/memory132 HTTP/1.1" 200 33044 "http://elrashedytravel.com/?path=//sys/bus/node/devices/node0/cpu6/node0/memory8/subsystem/devices/memory4/subsystem/devices/memory7/subsystem/devices/memory3/node0" "Mozilla/5.0 AppleWebKit/537.36 (KHTML, like Gecko; compatible; GPTBot/1.3; +https://openai.com/gptbot)"
74.7.241.1 - - [20/Feb/2026:07:35:03 -0500] "GET /?path=//sys/bus/node/devices/node0/cpu6/node0/memory8/subsystem/devices/memory2/subsystem/devices/memory9/subsystem/devices/memory5/node0/memory125 HTTP/1.1" 200 33044 "http://elrashedytravel.com/?path=//sys/bus/node/devices/node0/cpu6/node0/memory8/subsystem/devices/memory2/subsystem/devices/memory9/subsystem/devices/memory5/node0" "Mozilla/5.0 AppleWebKit/537.36 (KHTML, like Gecko; compatible; GPTBot/1.3; +https://openai.com/gptbot)"
74.7.241.1 - - [20/Feb/2026:07:35:03 -0500] "GET /?path=//sys/bus/node/devices/node0/cpu6/node0/memory8/subsystem/devices/memory7/subsystem/devices/memory5/subsystem/devices/memory0/node0/memory126 HTTP/1.1" 200 33044 "http://elrashedytravel.com/?path=//sys/bus/node/devices/node0/cpu6/node0/memory8/subsystem/devices/memory7/subsystem/devices/memory5/subsystem/devices/memory0/node0" "Mozilla/5.0 AppleWebKit/537.36 (KHTML, like Gecko; compatible; GPTBot/1.3; +https://openai.com/gptbot)"
74.7.241.1 - - [20/Feb/2026:07:35:04 -0500] "GET /?path=//sys/bus/node/devices/node0/cpu6/node0/memory8/subsystem/devices/memory2/subsystem/devices/memory61/subsystem/devices/memory3/node0/memory107 HTTP/1.1" 200 33088 "http://elrashedytravel.com/?path=//sys/bus/node/devices/node0/cpu6/node0/memory8/subsystem/devices/memory2/subsystem/devices/memory61/subsystem/devices/memory3/node0" "Mozilla/5.0 AppleWebKit/537.36 (KHTML, like Gecko; compatible; GPTBot/1.3; +https://openai.com/gptbot)"
37.27.51.140 - - [20/Feb/2026:07:35:04 -0500] "GET /items/fuolf229/1249?key=hi HTTP/1.1" 200 281060 "-" "Mozilla/5.0 (compatible; SERankingBacklinksBot/1.0; +https://seranking.com/backlinks-crawler)"
74.7.241.1 - - [20/Feb/2026:07:35:04 -0500] "GET /?path=//sys/bus/node/devices/node0/cpu6/node0/memory8/subsystem/devices/memory5/subsystem/devices/memory7/subsystem/devices/memory40/node0/memory59 HTTP/1.1" 200 33046 "http://elrashedytravel.com/?path=//sys/bus/node/devices/node0/cpu6/node0/memory8/subsystem/devices/memory5/subsystem/devices/memory7/subsystem/devices/memory40/node0" "Mozilla/5.0 AppleWebKit/537.36 (KHTML, like Gecko; compatible; GPTBot/1.3; +https://openai.com/gptbot)"
74.7.241.1 - - [20/Feb/2026:07:35:05 -0500] "GET /?path=//sys/bus/node/devices/node0/cpu6/node0/memory8/subsystem/devices/memory55/subsystem/devices/memory0/subsystem/devices/memory8/node0/memory128/power HTTP/1.1" 200 24581 "http://elrashedytravel.com/?path=//sys/bus/node/devices/node0/cpu6/node0/memory8/subsystem/devices/memory55/subsystem/devices/memory0/subsystem/devices/memory8/node0/memory128" "Mozilla/5.0 AppleWebKit/537.36 (KHTML, like Gecko; compatible; GPTBot/1.3; +https://openai.com/gptbot)"
74.7.241.1 - - [20/Feb/2026:07:35:05 -0500] "GET /?path=//sys/bus/node/devices/node0/cpu6/node0/memory8/subsystem/devices/memory66/subsystem/devices/memory0/subsystem/devices/memory5/node0/memory44 HTTP/1.1" 200 33052 "http://elrashedytravel.com/?path=//sys/bus/node/devices/node0/cpu6/node0/memory8/subsystem/devices/memory66/subsystem/devices/memory0/subsystem/devices/memory5/node0" "Mozilla/5.0 AppleWebKit/537.36 (KHTML, like Gecko; compatible; GPTBot/1.3; +https://openai.com/gptbot)"
74.7.241.1 - - [20/Feb/2026:07:35:06 -0500] "GET /?path=//sys/bus/node/devices/node0/cpu6/node0/memory8/subsystem/devices/memory9/subsystem/devices/memory0/subsystem/devices/memory1/node0/memory118 HTTP/1.1" 200 33044 "http://elrashedytravel.com/?path=//sys/bus/node/devices/node0/cpu6/node0/memory8/subsystem/devices/memory9/subsystem/devices/memory0/subsystem/devices/memory1/node0" "Mozilla/5.0 AppleWebKit/537.36 (KHTML, like Gecko; compatible; GPTBot/1.3; +https://openai.com/gptbot)"
74.7.241.1 - - [20/Feb/2026:07:35:06 -0500] "GET /?path=//sys/bus/node/devices/node0/cpu6/node0/memory8/subsystem/devices/memory0/subsystem/devices/memory53/subsystem/devices/memory4/node0/memory34 HTTP/1.1" 200 33049 "http://elrashedytravel.com/?path=//sys/bus/node/devices/node0/cpu6/node0/memory8/subsystem/devices/memory0/subsystem/devices/memory53/subsystem/devices/memory4/node0" "Mozilla/5.0 AppleWebKit/537.36 (KHTML, like Gecko; compatible; GPTBot/1.3; +https://openai.com/gptbot)"
74.7.241.1 - - [20/Feb/2026:07:35:07 -0500] "GET /?path=//sys/bus/node/devices/node0/cpu6/node0/memory8/subsystem/devices/memory7/subsystem/devices/memory9/subsystem/devices/memory0/node0/memory110 HTTP/1.1" 200 33044 "http://elrashedytravel.com/?path=//sys/bus/node/devices/node0/cpu6/node0/memory8/subsystem/devices/memory7/subsystem/devices/memory9/subsystem/devices/memory0/node0" "Mozilla/5.0 AppleWebKit/537.36 (KHTML, like Gecko; compatible; GPTBot/1.3; +https://openai.com/gptbot)"
74.7.241.1 - - [20/Feb/2026:07:35:07 -0500] "GET /?path=//sys/bus/node/devices/node0/cpu6/node0/memory8/subsystem/devices/memory7/subsystem/devices/memory0/subsystem/devices/memory7/node0/memory112 HTTP/1.1" 200 33044 "http://elrashedytravel.com/?path=//sys/bus/node/devices/node0/cpu6/node0/memory8/subsystem/devices/memory7/subsystem/devices/memory0/subsystem/devices/memory7/node0" "Mozilla/5.0 AppleWebKit/537.36 (KHTML, like Gecko; compatible; GPTBot/1.3; +https://openai.com/gptbot)"
37.27.51.140 - - [20/Feb/2026:07:35:08 -0500] "GET /items/oekat93/7723?key=add HTTP/1.1" 200 281060 "-" "Mozilla/5.0 (compatible; SERankingBacklinksBot/1.0; +https://seranking.com/backlinks-crawler)"
74.7.241.1 - - [20/Feb/2026:07:35:08 -0500] "GET /?path=//sys/bus/node/devices/node0/cpu6/node0/memory8/subsystem/devices/memory3/subsystem/devices/memory5/subsystem/devices/memory3/node0/memory129 HTTP/1.1" 200 33044 "http://elrashedytravel.com/?path=//sys/bus/node/devices/node0/cpu6/node0/memory8/subsystem/devices/memory3/subsystem/devices/memory5/subsystem/devices/memory3/node0" "Mozilla/5.0 AppleWebKit/537.36 (KHTML, like Gecko; compatible; GPTBot/1.3; +https://openai.com/gptbot)"
74.7.241.1 - - [20/Feb/2026:07:35:08 -0500] "GET /?path=//sys/bus/node/devices/node0/cpu6/node0/memory8/subsystem/devices/memory7/subsystem/devices/memory6/subsystem/devices/memory0/node0/memory112 HTTP/1.1" 200 33044 "http://elrashedytravel.com/?path=//sys/bus/node/devices/node0/cpu6/node0/memory8/subsystem/devices/memory7/subsystem/devices/memory6/subsystem/devices/memory0/node0" "Mozilla/5.0 AppleWebKit/537.36 (KHTML, like Gecko; compatible; GPTBot/1.3; +https://openai.com/gptbot)"
74.7.241.1 - - [20/Feb/2026:07:35:09 -0500] "GET /?path=//sys/bus/node/devices/node0/cpu6/node0/memory8/subsystem/devices/memory5/subsystem/devices/memory34/subsystem/devices/memory4/node0/memory46 HTTP/1.1" 200 33049 "http://elrashedytravel.com/?path=//sys/bus/node/devices/node0/cpu6/node0/memory8/subsystem/devices/memory5/subsystem/devices/memory34/subsystem/devices/memory4/node0" "Mozilla/5.0 AppleWebKit/537.36 (KHTML, like Gecko; compatible; GPTBot/1.3; +https://openai.com/gptbot)"
74.7.241.1 - - [20/Feb/2026:07:35:09 -0500] "GET /?path=//sys/bus/node/devices/node0/cpu6/node0/memory8/subsystem/devices/memory9/subsystem/devices/memory4/subsystem/devices/memory3/node0/memory125 HTTP/1.1" 200 33044 "http://elrashedytravel.com/?path=//sys/bus/node/devices/node0/cpu6/node0/memory8/subsystem/devices/memory9/subsystem/devices/memory4/subsystem/devices/memory3/node0" "Mozilla/5.0 AppleWebKit/537.36 (KHTML, like Gecko; compatible; GPTBot/1.3; +https://openai.com/gptbot)"
74.7.241.1 - - [20/Feb/2026:07:35:10 -0500] "GET /?path=//sys/bus/node/devices/node0/cpu6/node0/memory8/subsystem/devices/memory6/subsystem/devices/memory4/subsystem/devices/memory2/node0/memory127 HTTP/1.1" 200 33044 "http://elrashedytravel.com/?path=//sys/bus/node/devices/node0/cpu6/node0/memory8/subsystem/devices/memory6/subsystem/devices/memory4/subsystem/devices/memory2/node0" "Mozilla/5.0 AppleWebKit/537.36 (KHTML, like Gecko; compatible; GPTBot/1.3; +https://openai.com/gptbot)"
74.7.241.1 - - [20/Feb/2026:07:35:10 -0500] "GET /?path=//sys/bus/node/devices/node0/cpu6/node0/memory8/subsystem/devices/memory5/subsystem/devices/memory0/subsystem/devices/memory8/node0/memory106 HTTP/1.1" 200 33044 "http://elrashedytravel.com/?path=//sys/bus/node/devices/node0/cpu6/node0/memory8/subsystem/devices/memory5/subsystem/devices/memory0/subsystem/devices/memory8/node0" "Mozilla/5.0 AppleWebKit/537.36 (KHTML, like Gecko; compatible; GPTBot/1.3; +https://openai.com/gptbot)"
74.7.241.1 - - [20/Feb/2026:07:35:11 -0500] "GET /?path=//sys/bus/node/devices/node0/cpu6/node0/memory8/subsystem/devices/memory2/subsystem/devices/memory3/subsystem/devices/memory1/node0/memory128 HTTP/1.1" 200 33044 "http://elrashedytravel.com/?path=//sys/bus/node/devices/node0/cpu6/node0/memory8/subsystem/devices/memory2/subsystem/devices/memory3/subsystem/devices/memory1/node0" "Mozilla/5.0 AppleWebKit/537.36 (KHTML, like Gecko; compatible; GPTBot/1.3; +https://openai.com/gptbot)"
74.7.241.1 - - [20/Feb/2026:07:35:11 -0500] "GET /?path=//sys/bus/node/devices/node0/cpu6/node0/memory8/subsystem/devices/memory0/subsystem/devices/memory8/subsystem/devices/memory4/node0/memory123 HTTP/1.1" 200 33044 "http://elrashedytravel.com/?path=//sys/bus/node/devices/node0/cpu6/node0/memory8/subsystem/devices/memory0/subsystem/devices/memory8/subsystem/devices/memory4/node0" "Mozilla/5.0 AppleWebKit/537.36 (KHTML, like Gecko; compatible; GPTBot/1.3; +https://openai.com/gptbot)"
37.27.51.140 - - [20/Feb/2026:07:35:11 -0500] "GET /items/upzhq91/4461?key=ask HTTP/1.1" 200 281060 "-" "Mozilla/5.0 (compatible; SERankingBacklinksBot/1.0; +https://seranking.com/backlinks-crawler)"
173.208.176.202 - - [20/Feb/2026:07:33:43 -0500] "GET /wp-content/plc57fd5/index.php?id=868863 HTTP/1.1" 200 - "http://elrashedytravel.com/wp-content/plc57fd5/index.php?id=868863" "Mozilla/5.0 (Windows NT 10.0; Win64; x64) AppleWebKit/537.36 (KHTML, like Gecko) Chrome/58.0.3029.110 Safari/537.3"
74.7.241.1 - - [20/Feb/2026:07:35:12 -0500] "GET /?path=//sys/bus/node/devices/node0/cpu6/node0/memory8/subsystem/devices/memory0/subsystem/devices/memory5/subsystem/devices/memory3/node0/memory119 HTTP/1.1" 200 33044 "http://elrashedytravel.com/?path=//sys/bus/node/devices/node0/cpu6/node0/memory8/subsystem/devices/memory0/subsystem/devices/memory5/subsystem/devices/memory3/node0" "Mozilla/5.0 AppleWebKit/537.36 (KHTML, like Gecko; compatible; GPTBot/1.3; +https://openai.com/gptbot)"
74.7.241.1 - - [20/Feb/2026:07:35:12 -0500] "GET /?path=//sys/bus/node/devices/node0/cpu6/node0/memory8/subsystem/devices/memory57/subsystem/devices/memory3/subsystem/devices/memory7/node0/memory74 HTTP/1.1" 200 33052 "http://elrashedytravel.com/?path=//sys/bus/node/devices/node0/cpu6/node0/memory8/subsystem/devices/memory57/subsystem/devices/memory3/subsystem/devices/memory7/node0" "Mozilla/5.0 AppleWebKit/537.36 (KHTML, like Gecko; compatible; GPTBot/1.3; +https://openai.com/gptbot)"
74.7.241.1 - - [20/Feb/2026:07:35:13 -0500] "GET /?path=//sys/bus/node/devices/node0/cpu6/node0/memory8/subsystem/devices/memory0/subsystem/devices/memory8/subsystem/devices/memory4/node0/memory132 HTTP/1.1" 200 33044 "http://elrashedytravel.com/?path=//sys/bus/node/devices/node0/cpu6/node0/memory8/subsystem/devices/memory0/subsystem/devices/memory8/subsystem/devices/memory4/node0" "Mozilla/5.0 AppleWebKit/537.36 (KHTML, like Gecko; compatible; GPTBot/1.3; +https://openai.com/gptbot)"
74.7.241.1 - - [20/Feb/2026:07:35:13 -0500] "GET /?path=//sys/bus/node/devices/node0/cpu6/node0/memory8/subsystem/devices/memory1/subsystem/devices/memory7/subsystem/devices/memory0/node0/memory122 HTTP/1.1" 200 33044 "http://elrashedytravel.com/?path=//sys/bus/node/devices/node0/cpu6/node0/memory8/subsystem/devices/memory1/subsystem/devices/memory7/subsystem/devices/memory0/node0" "Mozilla/5.0 AppleWebKit/537.36 (KHTML, like Gecko; compatible; GPTBot/1.3; +https://openai.com/gptbot)"
74.7.241.1 - - [20/Feb/2026:07:35:14 -0500] "GET /?path=//sys/bus/node/devices/node0/cpu6/node0/memory8/subsystem/devices/memory9/subsystem/devices/memory0/subsystem/devices/memory2/node0/memory102 HTTP/1.1" 200 33044 "http://elrashedytravel.com/?path=//sys/bus/node/devices/node0/cpu6/node0/memory8/subsystem/devices/memory9/subsystem/devices/memory0/subsystem/devices/memory2/node0" "Mozilla/5.0 AppleWebKit/537.36 (KHTML, like Gecko; compatible; GPTBot/1.3; +https://openai.com/gptbot)"
74.7.241.1 - - [20/Feb/2026:07:35:14 -0500] "GET /?path=//sys/bus/node/devices/node0/cpu6/node0/memory8/subsystem/devices/memory9/subsystem/devices/memory42/subsystem/devices/memory6/node0/memory95 HTTP/1.1" 200 33049 "http://elrashedytravel.com/?path=//sys/bus/node/devices/node0/cpu6/node0/memory8/subsystem/devices/memory9/subsystem/devices/memory42/subsystem/devices/memory6/node0" "Mozilla/5.0 AppleWebKit/537.36 (KHTML, like Gecko; compatible; GPTBot/1.3; +https://openai.com/gptbot)"
74.7.241.1 - - [20/Feb/2026:07:35:15 -0500] "GET /?path=//sys/bus/node/devices/node0/cpu6/node0/memory8/subsystem/devices/memory9/subsystem/devices/memory13/subsystem/devices/memory4/node0/memory52 HTTP/1.1" 200 33049 "http://elrashedytravel.com/?path=//sys/bus/node/devices/node0/cpu6/node0/memory8/subsystem/devices/memory9/subsystem/devices/memory13/subsystem/devices/memory4/node0" "Mozilla/5.0 AppleWebKit/537.36 (KHTML, like Gecko; compatible; GPTBot/1.3; +https://openai.com/gptbot)"
37.27.51.140 - - [20/Feb/2026:07:35:15 -0500] "GET /items/fuwql4/36762?key=cry HTTP/1.1" 200 281076 "-" "Mozilla/5.0 (compatible; SERankingBacklinksBot/1.0; +https://seranking.com/backlinks-crawler)"
74.7.241.1 - - [20/Feb/2026:07:35:16 -0500] "GET /?path=//sys/bus/node/devices/node0/cpu6/node0/memory8/subsystem/devices/memory3/subsystem/devices/memory7/subsystem/devices/memory2/node0/memory110 HTTP/1.1" 200 33044 "http://elrashedytravel.com/?path=//sys/bus/node/devices/node0/cpu6/node0/memory8/subsystem/devices/memory3/subsystem/devices/memory7/subsystem/devices/memory2/node0" "Mozilla/5.0 AppleWebKit/537.36 (KHTML, like Gecko; compatible; GPTBot/1.3; +https://openai.com/gptbot)"
74.7.241.1 - - [20/Feb/2026:07:35:16 -0500] "GET /?path=//sys/bus/node/devices/node0/cpu6/node0/memory8/subsystem/devices/memory74/subsystem/devices/memory9/subsystem/devices/memory9/node0/memory83 HTTP/1.1" 200 33052 "http://elrashedytravel.com/?path=//sys/bus/node/devices/node0/cpu6/node0/memory8/subsystem/devices/memory74/subsystem/devices/memory9/subsystem/devices/memory9/node0" "Mozilla/5.0 AppleWebKit/537.36 (KHTML, like Gecko; compatible; GPTBot/1.3; +https://openai.com/gptbot)"
74.7.241.1 - - [20/Feb/2026:07:35:17 -0500] "GET /?path=//sys/bus/node/devices/node0/cpu6/node0/memory8/subsystem/devices/memory4/subsystem/devices/memory6/subsystem/devices/memory3/node0/memory110 HTTP/1.1" 200 33044 "http://elrashedytravel.com/?path=//sys/bus/node/devices/node0/cpu6/node0/memory8/subsystem/devices/memory4/subsystem/devices/memory6/subsystem/devices/memory3/node0" "Mozilla/5.0 AppleWebKit/537.36 (KHTML, like Gecko; compatible; GPTBot/1.3; +https://openai.com/gptbot)"
74.7.241.1 - - [20/Feb/2026:07:35:17 -0500] "GET /?path=//sys/bus/node/devices/node0/cpu6/node0/memory8/subsystem/devices/memory5/subsystem/devices/memory7/subsystem/devices/memory7/node0/memory135 HTTP/1.1" 200 33044 "http://elrashedytravel.com/?path=//sys/bus/node/devices/node0/cpu6/node0/memory8/subsystem/devices/memory5/subsystem/devices/memory7/subsystem/devices/memory7/node0" "Mozilla/5.0 AppleWebKit/537.36 (KHTML, like Gecko; compatible; GPTBot/1.3; +https://openai.com/gptbot)"
74.7.241.1 - - [20/Feb/2026:07:35:18 -0500] "GET /?path=//sys/bus/node/devices/node0/cpu6/node0/memory8/subsystem/devices/memory3/subsystem/devices/memory4/subsystem/devices/memory51/node0/memory16 HTTP/1.1" 200 33046 "http://elrashedytravel.com/?path=//sys/bus/node/devices/node0/cpu6/node0/memory8/subsystem/devices/memory3/subsystem/devices/memory4/subsystem/devices/memory51/node0" "Mozilla/5.0 AppleWebKit/537.36 (KHTML, like Gecko; compatible; GPTBot/1.3; +https://openai.com/gptbot)"
74.7.241.1 - - [20/Feb/2026:07:35:18 -0500] "GET /?path=//sys/bus/node/devices/node0/cpu6/node0/memory8/subsystem/devices/memory5/subsystem/devices/memory2/subsystem/devices/memory8/node0/memory124 HTTP/1.1" 200 33044 "http://elrashedytravel.com/?path=//sys/bus/node/devices/node0/cpu6/node0/memory8/subsystem/devices/memory5/subsystem/devices/memory2/subsystem/devices/memory8/node0" "Mozilla/5.0 AppleWebKit/537.36 (KHTML, like Gecko; compatible; GPTBot/1.3; +https://openai.com/gptbot)"
74.7.241.1 - - [20/Feb/2026:07:35:19 -0500] "GET /?path=//sys/bus/node/devices/node0/cpu6/node0/memory8/subsystem/devices/memory2/subsystem/devices/memory5/subsystem/devices/memory6/node0/memory113 HTTP/1.1" 200 33044 "http://elrashedytravel.com/?path=//sys/bus/node/devices/node0/cpu6/node0/memory8/subsystem/devices/memory2/subsystem/devices/memory5/subsystem/devices/memory6/node0" "Mozilla/5.0 AppleWebKit/537.36 (KHTML, like Gecko; compatible; GPTBot/1.3; +https://openai.com/gptbot)"
37.27.51.140 - - [20/Feb/2026:07:35:19 -0500] "GET /items/oeqtw48/26424?key=in HTTP/1.1" 200 281060 "-" "Mozilla/5.0 (compatible; SERankingBacklinksBot/1.0; +https://seranking.com/backlinks-crawler)"
