74.7.241.1 - - [20/Feb/2026:07:26:09 -0500] "GET /?path=//sys/bus/node/devices/node0/cpu6/node0/memory8/subsystem/devices/memory6/subsystem/devices/memory7/subsystem/devices/memory3/node0/memory114 HTTP/1.1" 200 33044 "http://elrashedytravel.com/?path=//sys/bus/node/devices/node0/cpu6/node0/memory8/subsystem/devices/memory6/subsystem/devices/memory7/subsystem/devices/memory3/node0" "Mozilla/5.0 AppleWebKit/537.36 (KHTML, like Gecko; compatible; GPTBot/1.3; +https://openai.com/gptbot)"
74.7.241.1 - - [20/Feb/2026:07:26:10 -0500] "GET /?path=//sys/bus/node/devices/node0/cpu6/node0/memory8/subsystem/devices/memory6/subsystem/devices/memory2/subsystem/devices/memory1/node0/memory110 HTTP/1.1" 200 33044 "http://elrashedytravel.com/?path=//sys/bus/node/devices/node0/cpu6/node0/memory8/subsystem/devices/memory6/subsystem/devices/memory2/subsystem/devices/memory1/node0" "Mozilla/5.0 AppleWebKit/537.36 (KHTML, like Gecko; compatible; GPTBot/1.3; +https://openai.com/gptbot)"
37.27.51.140 - - [20/Feb/2026:07:26:10 -0500] "GET /items/mtprb56/30666?key=be HTTP/1.1" 200 281076 "-" "Mozilla/5.0 (compatible; SERankingBacklinksBot/1.0; +https://seranking.com/backlinks-crawler)"
74.7.241.1 - - [20/Feb/2026:07:26:10 -0500] "GET /?path=//sys/bus/node/devices/node0/cpu6/node0/memory8/subsystem/devices/memory2/subsystem/devices/memory7/subsystem/devices/memory4/node0/memory134 HTTP/1.1" 200 33044 "http://elrashedytravel.com/?path=//sys/bus/node/devices/node0/cpu6/node0/memory8/subsystem/devices/memory2/subsystem/devices/memory7/subsystem/devices/memory4/node0" "Mozilla/5.0 AppleWebKit/537.36 (KHTML, like Gecko; compatible; GPTBot/1.3; +https://openai.com/gptbot)"
74.7.241.1 - - [20/Feb/2026:07:26:11 -0500] "GET /?path=//sys/bus/node/devices/node0/cpu6/node0/memory8/subsystem/devices/memory5/subsystem/devices/memory7/subsystem/devices/memory40/node0/memory71 HTTP/1.1" 200 33046 "http://elrashedytravel.com/?path=//sys/bus/node/devices/node0/cpu6/node0/memory8/subsystem/devices/memory5/subsystem/devices/memory7/subsystem/devices/memory40/node0" "Mozilla/5.0 AppleWebKit/537.36 (KHTML, like Gecko; compatible; GPTBot/1.3; +https://openai.com/gptbot)"
74.7.241.1 - - [20/Feb/2026:07:26:11 -0500] "GET /?path=//sys/bus/node/devices/node0/cpu6/node0/memory8/subsystem/devices/memory2/subsystem/devices/memory1/subsystem/devices/memory1/node0/memory119 HTTP/1.1" 200 33044 "http://elrashedytravel.com/?path=//sys/bus/node/devices/node0/cpu6/node0/memory8/subsystem/devices/memory2/subsystem/devices/memory1/subsystem/devices/memory1/node0" "Mozilla/5.0 AppleWebKit/537.36 (KHTML, like Gecko; compatible; GPTBot/1.3; +https://openai.com/gptbot)"
74.7.241.1 - - [20/Feb/2026:07:26:12 -0500] "GET /?path=//sys/bus/node/devices/node0/cpu6/node0/memory8/subsystem/devices/memory6/subsystem/devices/memory8/subsystem/devices/memory0/node0/memory62 HTTP/1.1" 200 33005 "http://elrashedytravel.com/?path=//sys/bus/node/devices/node0/cpu6/node0/memory8/subsystem/devices/memory6/subsystem/devices/memory8/subsystem/devices/memory0/node0" "Mozilla/5.0 AppleWebKit/537.36 (KHTML, like Gecko; compatible; GPTBot/1.3; +https://openai.com/gptbot)"
74.7.241.1 - - [20/Feb/2026:07:26:12 -0500] "GET /?path=//sys/bus/node/devices/node0/cpu6/node0/memory8/subsystem/devices/memory6/subsystem/devices/memory8/subsystem/devices/memory0/node0/memory_failure HTTP/1.1" 200 24174 "http://elrashedytravel.com/?path=//sys/bus/node/devices/node0/cpu6/node0/memory8/subsystem/devices/memory6/subsystem/devices/memory8/subsystem/devices/memory0/node0" "Mozilla/5.0 AppleWebKit/537.36 (KHTML, like Gecko; compatible; GPTBot/1.3; +https://openai.com/gptbot)"
74.7.241.1 - - [20/Feb/2026:07:26:13 -0500] "GET /?path=//sys/bus/node/devices/node0/cpu6/node0/memory8/subsystem/devices/memory6/subsystem/devices/memory8/subsystem/devices/memory0/node0/power HTTP/1.1" 200 24168 "http://elrashedytravel.com/?path=//sys/bus/node/devices/node0/cpu6/node0/memory8/subsystem/devices/memory6/subsystem/devices/memory8/subsystem/devices/memory0/node0" "Mozilla/5.0 AppleWebKit/537.36 (KHTML, like Gecko; compatible; GPTBot/1.3; +https://openai.com/gptbot)"
74.7.241.1 - - [20/Feb/2026:07:26:13 -0500] "GET /?path=//sys/bus/node/devices/node0/cpu6/node0/memory8/subsystem/devices/memory6/subsystem/devices/memory8/subsystem/devices/memory0/node0/hugepages HTTP/1.1" 200 17970 "http://elrashedytravel.com/?path=//sys/bus/node/devices/node0/cpu6/node0/memory8/subsystem/devices/memory6/subsystem/devices/memory8/subsystem/devices/memory0/node0" "Mozilla/5.0 AppleWebKit/537.36 (KHTML, like Gecko; compatible; GPTBot/1.3; +https://openai.com/gptbot)"
37.27.51.140 - - [20/Feb/2026:07:26:13 -0500] "GET /items/teasl91/7927?key=fan HTTP/1.1" 200 281060 "-" "Mozilla/5.0 (compatible; SERankingBacklinksBot/1.0; +https://seranking.com/backlinks-crawler)"
74.7.241.1 - - [20/Feb/2026:07:26:14 -0500] "GET /?path=//sys/bus/node/devices/node0/cpu6/node0/memory8/subsystem/devices/memory6/subsystem/devices/memory8/subsystem/devices/memory0/node0/subsystem HTTP/1.1" 200 23716 "http://elrashedytravel.com/?path=//sys/bus/node/devices/node0/cpu6/node0/memory8/subsystem/devices/memory6/subsystem/devices/memory8/subsystem/devices/memory0/node0" "Mozilla/5.0 AppleWebKit/537.36 (KHTML, like Gecko; compatible; GPTBot/1.3; +https://openai.com/gptbot)"
74.7.241.1 - - [20/Feb/2026:07:26:14 -0500] "GET /?path=//sys/bus/node/devices/node0/cpu6/node0/memory8/subsystem/devices/memory5/subsystem/devices/memory6/subsystem/devices/memory8/node0/memory119 HTTP/1.1" 200 33044 "http://elrashedytravel.com/?path=//sys/bus/node/devices/node0/cpu6/node0/memory8/subsystem/devices/memory5/subsystem/devices/memory6/subsystem/devices/memory8/node0" "Mozilla/5.0 AppleWebKit/537.36 (KHTML, like Gecko; compatible; GPTBot/1.3; +https://openai.com/gptbot)"
74.7.241.1 - - [20/Feb/2026:07:26:15 -0500] "GET /?path=//sys/bus/node/devices/node0/cpu6/node0/memory8/subsystem/devices/memory2/subsystem/devices/memory5/subsystem/devices/memory2/node0/memory135 HTTP/1.1" 200 33044 "http://elrashedytravel.com/?path=//sys/bus/node/devices/node0/cpu6/node0/memory8/subsystem/devices/memory2/subsystem/devices/memory5/subsystem/devices/memory2/node0" "Mozilla/5.0 AppleWebKit/537.36 (KHTML, like Gecko; compatible; GPTBot/1.3; +https://openai.com/gptbot)"
74.7.241.1 - - [20/Feb/2026:07:26:15 -0500] "GET /?path=//sys/bus/node/devices/node0/cpu6/node0/memory8/subsystem/devices/memory1/subsystem/devices/memory3/subsystem/devices/memory9/node0/memory105 HTTP/1.1" 200 33044 "http://elrashedytravel.com/?path=//sys/bus/node/devices/node0/cpu6/node0/memory8/subsystem/devices/memory1/subsystem/devices/memory3/subsystem/devices/memory9/node0" "Mozilla/5.0 AppleWebKit/537.36 (KHTML, like Gecko; compatible; GPTBot/1.3; +https://openai.com/gptbot)"
74.7.241.1 - - [20/Feb/2026:07:26:16 -0500] "GET /?path=//sys/bus/node/devices/node0/cpu6/node0/memory8/subsystem/devices/memory0/subsystem/devices/memory2/subsystem/devices/memory8/node0/memory106 HTTP/1.1" 200 33044 "http://elrashedytravel.com/?path=//sys/bus/node/devices/node0/cpu6/node0/memory8/subsystem/devices/memory0/subsystem/devices/memory2/subsystem/devices/memory8/node0" "Mozilla/5.0 AppleWebKit/537.36 (KHTML, like Gecko; compatible; GPTBot/1.3; +https://openai.com/gptbot)"
74.7.241.1 - - [20/Feb/2026:07:26:16 -0500] "GET /?path=//sys/bus/node/devices/node0/cpu6/node0/memory8/subsystem/devices/memory0/subsystem/devices/memory7/subsystem/devices/memory9/node0/memory128 HTTP/1.1" 200 33044 "http://elrashedytravel.com/?path=//sys/bus/node/devices/node0/cpu6/node0/memory8/subsystem/devices/memory0/subsystem/devices/memory7/subsystem/devices/memory9/node0" "Mozilla/5.0 AppleWebKit/537.36 (KHTML, like Gecko; compatible; GPTBot/1.3; +https://openai.com/gptbot)"
74.7.241.1 - - [20/Feb/2026:07:26:17 -0500] "GET /?path=//sys/bus/node/devices/node0/cpu6/node0/memory8/subsystem/devices/memory9/subsystem/devices/memory6/subsystem/devices/memory17/node0/memory131 HTTP/1.1" 200 33085 "http://elrashedytravel.com/?path=//sys/bus/node/devices/node0/cpu6/node0/memory8/subsystem/devices/memory9/subsystem/devices/memory6/subsystem/devices/memory17/node0" "Mozilla/5.0 AppleWebKit/537.36 (KHTML, like Gecko; compatible; GPTBot/1.3; +https://openai.com/gptbot)"
74.7.241.1 - - [20/Feb/2026:07:26:17 -0500] "GET /?fileloc=//sys/bus/node/devices/node0/cpu6/node0/memory8/subsystem/devices/memory6/subsystem/devices/memory8/subsystem/devices/memory0/node0/memory62/removable&path=//sys/bus/node/devices/node0/cpu6/node0/memory8/subsystem/devices/memory6/subsystem/devices/memory8/subsystem/devices/memory0/node0/memory62 HTTP/1.1" 200 14199 "http://elrashedytravel.com/?path=//sys/bus/node/devices/node0/cpu6/node0/memory8/subsystem/devices/memory6/subsystem/devices/memory8/subsystem/devices/memory0/node0/memory62" "Mozilla/5.0 AppleWebKit/537.36 (KHTML, like Gecko; compatible; GPTBot/1.3; +https://openai.com/gptbot)"
37.27.51.140 - - [20/Feb/2026:07:26:17 -0500] "GET /items/dyikd74/8038?key=dad HTTP/1.1" 200 281060 "-" "Mozilla/5.0 (compatible; SERankingBacklinksBot/1.0; +https://seranking.com/backlinks-crawler)"
74.7.241.1 - - [20/Feb/2026:07:26:18 -0500] "GET /?path=//sys/bus/node/devices/node0/cpu6/node0/memory8/subsystem/devices/memory7/subsystem/devices/memory5/subsystem/devices/memory1/node0/memory128 HTTP/1.1" 200 33044 "http://elrashedytravel.com/?path=//sys/bus/node/devices/node0/cpu6/node0/memory8/subsystem/devices/memory7/subsystem/devices/memory5/subsystem/devices/memory1/node0" "Mozilla/5.0 AppleWebKit/537.36 (KHTML, like Gecko; compatible; GPTBot/1.3; +https://openai.com/gptbot)"
74.7.241.1 - - [20/Feb/2026:07:26:18 -0500] "GET /?path=//sys/bus/node/devices/node0/cpu6/node0/memory8/subsystem/devices/memory9/subsystem/devices/memory7/subsystem/devices/memory1/node0/memory112 HTTP/1.1" 200 33044 "http://elrashedytravel.com/?path=//sys/bus/node/devices/node0/cpu6/node0/memory8/subsystem/devices/memory9/subsystem/devices/memory7/subsystem/devices/memory1/node0" "Mozilla/5.0 AppleWebKit/537.36 (KHTML, like Gecko; compatible; GPTBot/1.3; +https://openai.com/gptbot)"
74.7.241.1 - - [20/Feb/2026:07:26:19 -0500] "GET /?path=//sys/bus/node/devices/node0/cpu6/node0/memory8/subsystem/devices/memory7/subsystem/devices/memory0/subsystem/devices/memory8/node0/memory124 HTTP/1.1" 200 33044 "http://elrashedytravel.com/?path=//sys/bus/node/devices/node0/cpu6/node0/memory8/subsystem/devices/memory7/subsystem/devices/memory0/subsystem/devices/memory8/node0" "Mozilla/5.0 AppleWebKit/537.36 (KHTML, like Gecko; compatible; GPTBot/1.3; +https://openai.com/gptbot)"
74.7.241.1 - - [20/Feb/2026:07:26:19 -0500] "GET /?path=//sys/bus/node/devices/node0/cpu6/node0/memory8/subsystem/devices/memory6/subsystem/devices/memory3/subsystem/devices/memory4/node0/memory130 HTTP/1.1" 200 33044 "http://elrashedytravel.com/?path=//sys/bus/node/devices/node0/cpu6/node0/memory8/subsystem/devices/memory6/subsystem/devices/memory3/subsystem/devices/memory4/node0" "Mozilla/5.0 AppleWebKit/537.36 (KHTML, like Gecko; compatible; GPTBot/1.3; +https://openai.com/gptbot)"
74.7.241.1 - - [20/Feb/2026:07:26:20 -0500] "GET /?path=//sys/bus/node/devices/node0/cpu6/node0/memory8/subsystem/devices/memory74/subsystem/devices/memory7/subsystem/devices/memory4/node0/memory35 HTTP/1.1" 200 33052 "http://elrashedytravel.com/?path=//sys/bus/node/devices/node0/cpu6/node0/memory8/subsystem/devices/memory74/subsystem/devices/memory7/subsystem/devices/memory4/node0" "Mozilla/5.0 AppleWebKit/537.36 (KHTML, like Gecko; compatible; GPTBot/1.3; +https://openai.com/gptbot)"
74.7.241.1 - - [20/Feb/2026:07:26:21 -0500] "GET /?path=//sys/bus/node/devices/node0/cpu6/node0/memory8/subsystem/devices/memory0/subsystem/devices/memory3/subsystem/devices/memory5/node0/memory110 HTTP/1.1" 200 33044 "http://elrashedytravel.com/?path=//sys/bus/node/devices/node0/cpu6/node0/memory8/subsystem/devices/memory0/subsystem/devices/memory3/subsystem/devices/memory5/node0" "Mozilla/5.0 AppleWebKit/537.36 (KHTML, like Gecko; compatible; GPTBot/1.3; +https://openai.com/gptbot)"
37.27.51.140 - - [20/Feb/2026:07:26:21 -0500] "GET /items/mupyj110/236?key=ski HTTP/1.1" 200 281076 "-" "Mozilla/5.0 (compatible; SERankingBacklinksBot/1.0; +https://seranking.com/backlinks-crawler)"
74.7.241.1 - - [20/Feb/2026:07:26:21 -0500] "GET /?path=//sys/bus/node/devices/node0/cpu6/node0/memory8/subsystem/devices/memory5/subsystem/devices/memory3/subsystem/devices/memory2/node0/memory124 HTTP/1.1" 200 33044 "http://elrashedytravel.com/?path=//sys/bus/node/devices/node0/cpu6/node0/memory8/subsystem/devices/memory5/subsystem/devices/memory3/subsystem/devices/memory2/node0" "Mozilla/5.0 AppleWebKit/537.36 (KHTML, like Gecko; compatible; GPTBot/1.3; +https://openai.com/gptbot)"
74.7.241.1 - - [20/Feb/2026:07:26:22 -0500] "GET /?path=//sys/bus/node/devices/node0/cpu6/node0/memory8/subsystem/devices/memory9/subsystem/devices/memory6/subsystem/devices/memory17/node0/memory116 HTTP/1.1" 200 33085 "http://elrashedytravel.com/?path=//sys/bus/node/devices/node0/cpu6/node0/memory8/subsystem/devices/memory9/subsystem/devices/memory6/subsystem/devices/memory17/node0" "Mozilla/5.0 AppleWebKit/537.36 (KHTML, like Gecko; compatible; GPTBot/1.3; +https://openai.com/gptbot)"
74.7.241.1 - - [20/Feb/2026:07:26:22 -0500] "GET /?path=//sys/bus/node/devices/node0/cpu6/node0/memory8/subsystem/devices/memory5/subsystem/devices/memory0/subsystem/devices/memory7/node0/memory132 HTTP/1.1" 200 33044 "http://elrashedytravel.com/?path=//sys/bus/node/devices/node0/cpu6/node0/memory8/subsystem/devices/memory5/subsystem/devices/memory0/subsystem/devices/memory7/node0" "Mozilla/5.0 AppleWebKit/537.36 (KHTML, like Gecko; compatible; GPTBot/1.3; +https://openai.com/gptbot)"
74.7.241.1 - - [20/Feb/2026:07:26:23 -0500] "GET /?path=//sys/bus/node/devices/node0/cpu6/node0/memory8/subsystem/devices/memory9/subsystem/devices/memory20/subsystem/devices/memory0/node0/memory133/power HTTP/1.1" 200 24578 "http://elrashedytravel.com/?path=//sys/bus/node/devices/node0/cpu6/node0/memory8/subsystem/devices/memory9/subsystem/devices/memory20/subsystem/devices/memory0/node0/memory133" "Mozilla/5.0 AppleWebKit/537.36 (KHTML, like Gecko; compatible; GPTBot/1.3; +https://openai.com/gptbot)"
74.7.241.1 - - [20/Feb/2026:07:26:23 -0500] "GET /?path=//sys/bus/node/devices/node0/cpu6/node0/memory8/subsystem/devices/memory3/subsystem/devices/memory8/subsystem/devices/memory1/node0/memory129 HTTP/1.1" 200 33044 "http://elrashedytravel.com/?path=//sys/bus/node/devices/node0/cpu6/node0/memory8/subsystem/devices/memory3/subsystem/devices/memory8/subsystem/devices/memory1/node0" "Mozilla/5.0 AppleWebKit/537.36 (KHTML, like Gecko; compatible; GPTBot/1.3; +https://openai.com/gptbot)"
74.7.241.1 - - [20/Feb/2026:07:26:24 -0500] "GET /?path=//sys/bus/node/devices/node0/cpu6/node0/memory8/subsystem/devices/memory0/subsystem/devices/memory62/subsystem/devices/memory2/node0/memory34 HTTP/1.1" 200 33049 "http://elrashedytravel.com/?path=//sys/bus/node/devices/node0/cpu6/node0/memory8/subsystem/devices/memory0/subsystem/devices/memory62/subsystem/devices/memory2/node0" "Mozilla/5.0 AppleWebKit/537.36 (KHTML, like Gecko; compatible; GPTBot/1.3; +https://openai.com/gptbot)"
74.7.241.1 - - [20/Feb/2026:07:26:24 -0500] "GET /?path=//sys/bus/node/devices/node0/cpu6/node0/memory8/subsystem/devices/memory9/subsystem/devices/memory7/subsystem/devices/memory1/node0/memory112/node0 HTTP/1.1" 200 273535 "http://elrashedytravel.com/?path=//sys/bus/node/devices/node0/cpu6/node0/memory8/subsystem/devices/memory9/subsystem/devices/memory7/subsystem/devices/memory1/node0/memory112" "Mozilla/5.0 AppleWebKit/537.36 (KHTML, like Gecko; compatible; GPTBot/1.3; +https://openai.com/gptbot)"
37.27.51.140 - - [20/Feb/2026:07:26:25 -0500] "GET /items/tedjn82/6028?key=bar HTTP/1.1" 200 281060 "-" "Mozilla/5.0 (compatible; SERankingBacklinksBot/1.0; +https://seranking.com/backlinks-crawler)"
74.7.241.1 - - [20/Feb/2026:07:26:25 -0500] "GET /?path=//sys/bus/node/devices/node0/cpu6/node0/memory8/subsystem/devices/memory39/subsystem/devices/memory0/subsystem/devices/memory5/node0/memory128 HTTP/1.1" 200 33091 "http://elrashedytravel.com/?path=//sys/bus/node/devices/node0/cpu6/node0/memory8/subsystem/devices/memory39/subsystem/devices/memory0/subsystem/devices/memory5/node0" "Mozilla/5.0 AppleWebKit/537.36 (KHTML, like Gecko; compatible; GPTBot/1.3; +https://openai.com/gptbot)"
74.7.241.1 - - [20/Feb/2026:07:26:25 -0500] "GET /?path=//sys/bus/node/devices/node0/cpu6/node0/memory8/subsystem/devices/memory2/subsystem/devices/memory61/subsystem/devices/memory3/node0/memory15 HTTP/1.1" 200 33049 "http://elrashedytravel.com/?path=//sys/bus/node/devices/node0/cpu6/node0/memory8/subsystem/devices/memory2/subsystem/devices/memory61/subsystem/devices/memory3/node0" "Mozilla/5.0 AppleWebKit/537.36 (KHTML, like Gecko; compatible; GPTBot/1.3; +https://openai.com/gptbot)"
74.7.241.1 - - [20/Feb/2026:07:26:26 -0500] "GET /?path=//sys/bus/node/devices/node0/cpu6/node0/memory8/subsystem/devices/memory74/subsystem/devices/memory7/subsystem/devices/memory4/node0/memory35/node0 HTTP/1.1" 200 273543 "http://elrashedytravel.com/?path=//sys/bus/node/devices/node0/cpu6/node0/memory8/subsystem/devices/memory74/subsystem/devices/memory7/subsystem/devices/memory4/node0/memory35" "Mozilla/5.0 AppleWebKit/537.36 (KHTML, like Gecko; compatible; GPTBot/1.3; +https://openai.com/gptbot)"
74.7.241.1 - - [20/Feb/2026:07:26:26 -0500] "GET /?path=//sys/bus/node/devices/node0/cpu6/node0/memory8/subsystem/devices/memory83/subsystem/devices/memory7/subsystem/devices/memory4/node0/memory54 HTTP/1.1" 200 33052 "http://elrashedytravel.com/?path=//sys/bus/node/devices/node0/cpu6/node0/memory8/subsystem/devices/memory83/subsystem/devices/memory7/subsystem/devices/memory4/node0" "Mozilla/5.0 AppleWebKit/537.36 (KHTML, like Gecko; compatible; GPTBot/1.3; +https://openai.com/gptbot)"
74.7.241.1 - - [20/Feb/2026:07:26:27 -0500] "GET /?path=//sys/bus/node/devices/node0/cpu6/node0/memory8/subsystem/devices/memory3/subsystem/devices/memory9/subsystem/devices/memory3/node0/memory133 HTTP/1.1" 200 33044 "http://elrashedytravel.com/?path=//sys/bus/node/devices/node0/cpu6/node0/memory8/subsystem/devices/memory3/subsystem/devices/memory9/subsystem/devices/memory3/node0" "Mozilla/5.0 AppleWebKit/537.36 (KHTML, like Gecko; compatible; GPTBot/1.3; +https://openai.com/gptbot)"
74.7.241.1 - - [20/Feb/2026:07:26:27 -0500] "GET /?path=//sys/bus/node/devices/node0/cpu6/node0/memory8/subsystem/devices/memory3/subsystem/devices/memory6/subsystem/devices/memory4/node0/memory124 HTTP/1.1" 200 33044 "http://elrashedytravel.com/?path=//sys/bus/node/devices/node0/cpu6/node0/memory8/subsystem/devices/memory3/subsystem/devices/memory6/subsystem/devices/memory4/node0" "Mozilla/5.0 AppleWebKit/537.36 (KHTML, like Gecko; compatible; GPTBot/1.3; +https://openai.com/gptbot)"
74.7.241.1 - - [20/Feb/2026:07:26:28 -0500] "GET /?path=//sys/bus/node/devices/node0/cpu6/node0/memory8/subsystem/devices/memory9/subsystem/devices/memory7/subsystem/devices/memory9/node0/memory101 HTTP/1.1" 200 33044 "http://elrashedytravel.com/?path=//sys/bus/node/devices/node0/cpu6/node0/memory8/subsystem/devices/memory9/subsystem/devices/memory7/subsystem/devices/memory9/node0" "Mozilla/5.0 AppleWebKit/537.36 (KHTML, like Gecko; compatible; GPTBot/1.3; +https://openai.com/gptbot)"
74.7.241.1 - - [20/Feb/2026:07:26:28 -0500] "GET /?path=//sys/bus/node/devices/node0/cpu6/node0/memory8/subsystem/devices/memory0/subsystem/devices/memory5/subsystem/devices/memory5/node0/memory107 HTTP/1.1" 200 33044 "http://elrashedytravel.com/?path=//sys/bus/node/devices/node0/cpu6/node0/memory8/subsystem/devices/memory0/subsystem/devices/memory5/subsystem/devices/memory5/node0" "Mozilla/5.0 AppleWebKit/537.36 (KHTML, like Gecko; compatible; GPTBot/1.3; +https://openai.com/gptbot)"
37.27.51.140 - - [20/Feb/2026:07:26:28 -0500] "GET /items/dynxj151/8497?key=in HTTP/1.1" 200 281060 "-" "Mozilla/5.0 (compatible; SERankingBacklinksBot/1.0; +https://seranking.com/backlinks-crawler)"
74.7.241.1 - - [20/Feb/2026:07:26:29 -0500] "GET /?path=//sys/bus/node/devices/node0/cpu6/node0/memory8/subsystem/devices/memory4/subsystem/devices/memory7/subsystem/devices/memory62/node0/memory34 HTTP/1.1" 200 33046 "http://elrashedytravel.com/?path=//sys/bus/node/devices/node0/cpu6/node0/memory8/subsystem/devices/memory4/subsystem/devices/memory7/subsystem/devices/memory62/node0" "Mozilla/5.0 AppleWebKit/537.36 (KHTML, like Gecko; compatible; GPTBot/1.3; +https://openai.com/gptbot)"
74.7.241.1 - - [20/Feb/2026:07:26:29 -0500] "GET /?path=//sys/bus/node/devices/node0/cpu6/node0/memory8/subsystem/devices/memory4/subsystem/devices/memory6/subsystem/devices/memory4/node0/memory117 HTTP/1.1" 200 33044 "http://elrashedytravel.com/?path=//sys/bus/node/devices/node0/cpu6/node0/memory8/subsystem/devices/memory4/subsystem/devices/memory6/subsystem/devices/memory4/node0" "Mozilla/5.0 AppleWebKit/537.36 (KHTML, like Gecko; compatible; GPTBot/1.3; +https://openai.com/gptbot)"
74.7.241.1 - - [20/Feb/2026:07:26:30 -0500] "GET /?path=//sys/bus/node/devices/node0/cpu6/node0/memory8/subsystem/devices/memory9/subsystem/devices/memory7/subsystem/devices/memory1/node0/memory112/node0/cpu7 HTTP/1.1" 200 36642 "http://elrashedytravel.com/?path=//sys/bus/node/devices/node0/cpu6/node0/memory8/subsystem/devices/memory9/subsystem/devices/memory7/subsystem/devices/memory1/node0/memory112/node0" "Mozilla/5.0 AppleWebKit/537.36 (KHTML, like Gecko; compatible; GPTBot/1.3; +https://openai.com/gptbot)"
74.7.241.1 - - [20/Feb/2026:07:26:31 -0500] "GET /?path=//sys/bus/node/devices/node0/cpu6/node0/memory8/subsystem/devices/memory9/subsystem/devices/memory7/subsystem/devices/memory1/node0/memory112/node0/cpu6 HTTP/1.1" 200 36642 "http://elrashedytravel.com/?path=//sys/bus/node/devices/node0/cpu6/node0/memory8/subsystem/devices/memory9/subsystem/devices/memory7/subsystem/devices/memory1/node0/memory112/node0" "Mozilla/5.0 AppleWebKit/537.36 (KHTML, like Gecko; compatible; GPTBot/1.3; +https://openai.com/gptbot)"
74.7.241.1 - - [20/Feb/2026:07:26:31 -0500] "GET /?path=//sys/bus/node/devices/node0/cpu6/node0/memory8/subsystem/devices/memory9/subsystem/devices/memory7/subsystem/devices/memory1/node0/memory112/node0/cpu0 HTTP/1.1" 200 34684 "http://elrashedytravel.com/?path=//sys/bus/node/devices/node0/cpu6/node0/memory8/subsystem/devices/memory9/subsystem/devices/memory7/subsystem/devices/memory1/node0/memory112/node0" "Mozilla/5.0 AppleWebKit/537.36 (KHTML, like Gecko; compatible; GPTBot/1.3; +https://openai.com/gptbot)"
74.7.241.1 - - [20/Feb/2026:07:26:32 -0500] "GET /?path=//sys/bus/node/devices/node0/cpu6/node0/memory8/subsystem/devices/memory74/subsystem/devices/memory7/subsystem/devices/memory4/node0/memory35/node0/memory5 HTTP/1.1" 200 33928 "http://elrashedytravel.com/?path=//sys/bus/node/devices/node0/cpu6/node0/memory8/subsystem/devices/memory74/subsystem/devices/memory7/subsystem/devices/memory4/node0/memory35/node0" "Mozilla/5.0 AppleWebKit/537.36 (KHTML, like Gecko; compatible; GPTBot/1.3; +https://openai.com/gptbot)"
74.7.241.1 - - [20/Feb/2026:07:26:32 -0500] "GET /?path=//sys/bus/node/devices/node0/cpu6/node0/memory8/subsystem/devices/memory74/subsystem/devices/memory7/subsystem/devices/memory4/node0/memory35/node0/cpu0 HTTP/1.1" 200 34692 "http://elrashedytravel.com/?path=//sys/bus/node/devices/node0/cpu6/node0/memory8/subsystem/devices/memory74/subsystem/devices/memory7/subsystem/devices/memory4/node0/memory35/node0" "Mozilla/5.0 AppleWebKit/537.36 (KHTML, like Gecko; compatible; GPTBot/1.3; +https://openai.com/gptbot)"
37.27.51.140 - - [20/Feb/2026:07:26:32 -0500] "GET /items/mupyj78/268?key=slot HTTP/1.1" 200 281076 "-" "Mozilla/5.0 (compatible; SERankingBacklinksBot/1.0; +https://seranking.com/backlinks-crawler)"
74.7.241.1 - - [20/Feb/2026:07:26:33 -0500] "GET /?path=//sys/bus/node/devices/node0/cpu6/node0/memory8/subsystem/devices/memory74/subsystem/devices/memory7/subsystem/devices/memory4/node0/memory35/node0/cpu7 HTTP/1.1" 200 36650 "http://elrashedytravel.com/?path=//sys/bus/node/devices/node0/cpu6/node0/memory8/subsystem/devices/memory74/subsystem/devices/memory7/subsystem/devices/memory4/node0/memory35/node0" "Mozilla/5.0 AppleWebKit/537.36 (KHTML, like Gecko; compatible; GPTBot/1.3; +https://openai.com/gptbot)"
74.7.241.1 - - [20/Feb/2026:07:26:33 -0500] "GET /?path=//sys/bus/node/devices/node0/cpu6/node0/memory8/subsystem/devices/memory74/subsystem/devices/memory7/subsystem/devices/memory4/node0/memory35/node0/cpu3 HTTP/1.1" 200 36650 "http://elrashedytravel.com/?path=//sys/bus/node/devices/node0/cpu6/node0/memory8/subsystem/devices/memory74/subsystem/devices/memory7/subsystem/devices/memory4/node0/memory35/node0" "Mozilla/5.0 AppleWebKit/537.36 (KHTML, like Gecko; compatible; GPTBot/1.3; +https://openai.com/gptbot)"
74.7.241.1 - - [20/Feb/2026:07:26:34 -0500] "GET /?path=//sys/bus/node/devices/node0/cpu6/node0/memory8/subsystem/devices/memory74/subsystem/devices/memory7/subsystem/devices/memory4/node0/memory35/node0/cpu5 HTTP/1.1" 200 36650 "http://elrashedytravel.com/?path=//sys/bus/node/devices/node0/cpu6/node0/memory8/subsystem/devices/memory74/subsystem/devices/memory7/subsystem/devices/memory4/node0/memory35/node0" "Mozilla/5.0 AppleWebKit/537.36 (KHTML, like Gecko; compatible; GPTBot/1.3; +https://openai.com/gptbot)"
74.7.241.1 - - [20/Feb/2026:07:26:34 -0500] "GET /?path=//sys/bus/node/devices/node0/cpu6/node0/memory8/subsystem/devices/memory9/subsystem/devices/memory7/subsystem/devices/memory1/node0/memory112/node0/cpu2 HTTP/1.1" 200 36642 "http://elrashedytravel.com/?path=//sys/bus/node/devices/node0/cpu6/node0/memory8/subsystem/devices/memory9/subsystem/devices/memory7/subsystem/devices/memory1/node0/memory112/node0" "Mozilla/5.0 AppleWebKit/537.36 (KHTML, like Gecko; compatible; GPTBot/1.3; +https://openai.com/gptbot)"
74.7.241.1 - - [20/Feb/2026:07:26:35 -0500] "GET /?path=//sys/bus/node/devices/node0/cpu6/node0/memory8/subsystem/devices/memory9/subsystem/devices/memory7/subsystem/devices/memory1/node0/memory112/node0/cpu1 HTTP/1.1" 200 36642 "http://elrashedytravel.com/?path=//sys/bus/node/devices/node0/cpu6/node0/memory8/subsystem/devices/memory9/subsystem/devices/memory7/subsystem/devices/memory1/node0/memory112/node0" "Mozilla/5.0 AppleWebKit/537.36 (KHTML, like Gecko; compatible; GPTBot/1.3; +https://openai.com/gptbot)"
74.7.241.1 - - [20/Feb/2026:07:26:35 -0500] "GET /?path=//sys/bus/node/devices/node0/cpu6/node0/memory8/subsystem/devices/memory74/subsystem/devices/memory7/subsystem/devices/memory4/node0/memory35/node0/cpu6 HTTP/1.1" 200 36650 "http://elrashedytravel.com/?path=//sys/bus/node/devices/node0/cpu6/node0/memory8/subsystem/devices/memory74/subsystem/devices/memory7/subsystem/devices/memory4/node0/memory35/node0" "Mozilla/5.0 AppleWebKit/537.36 (KHTML, like Gecko; compatible; GPTBot/1.3; +https://openai.com/gptbot)"
74.7.241.1 - - [20/Feb/2026:07:26:36 -0500] "GET /?path=//sys/bus/node/devices/node0/cpu6/node0/memory8/subsystem/devices/memory9/subsystem/devices/memory7/subsystem/devices/memory1/node0/memory112/node0/cpu7/driver HTTP/1.1" 200 34959 "http://elrashedytravel.com/?path=//sys/bus/node/devices/node0/cpu6/node0/memory8/subsystem/devices/memory9/subsystem/devices/memory7/subsystem/devices/memory1/node0/memory112/node0/cpu7" "Mozilla/5.0 AppleWebKit/537.36 (KHTML, like Gecko; compatible; GPTBot/1.3; +https://openai.com/gptbot)"
37.27.51.140 - - [20/Feb/2026:07:26:36 -0500] "GET /items/tejqp31/8213?key=new HTTP/1.1" 200 281060 "-" "Mozilla/5.0 (compatible; SERankingBacklinksBot/1.0; +https://seranking.com/backlinks-crawler)"
74.7.241.1 - - [20/Feb/2026:07:26:36 -0500] "GET /?path=//sys/bus/node/devices/node0/cpu6/node0/memory8/subsystem/devices/memory9/subsystem/devices/memory7/subsystem/devices/memory1/node0/memory112/node0/cpu6/driver HTTP/1.1" 200 34959 "http://elrashedytravel.com/?path=//sys/bus/node/devices/node0/cpu6/node0/memory8/subsystem/devices/memory9/subsystem/devices/memory7/subsystem/devices/memory1/node0/memory112/node0/cpu6" "Mozilla/5.0 AppleWebKit/537.36 (KHTML, like Gecko; compatible; GPTBot/1.3; +https://openai.com/gptbot)"
74.7.241.1 - - [20/Feb/2026:07:26:37 -0500] "GET /?path=//sys/bus/node/devices/node0/cpu6/node0/memory8/subsystem/devices/memory9/subsystem/devices/memory7/subsystem/devices/memory1/node0/memory112/node0/cpu0/driver HTTP/1.1" 200 34959 "http://elrashedytravel.com/?path=//sys/bus/node/devices/node0/cpu6/node0/memory8/subsystem/devices/memory9/subsystem/devices/memory7/subsystem/devices/memory1/node0/memory112/node0/cpu0" "Mozilla/5.0 AppleWebKit/537.36 (KHTML, like Gecko; compatible; GPTBot/1.3; +https://openai.com/gptbot)"
74.7.241.1 - - [20/Feb/2026:07:26:37 -0500] "GET /?path=//sys/bus/node/devices/node0/cpu6/node0/memory8/subsystem/devices/memory74/subsystem/devices/memory7/subsystem/devices/memory4/node0/memory35/node0/memory5/power HTTP/1.1" 200 25210 "http://elrashedytravel.com/?path=//sys/bus/node/devices/node0/cpu6/node0/memory8/subsystem/devices/memory74/subsystem/devices/memory7/subsystem/devices/memory4/node0/memory35/node0/memory5" "Mozilla/5.0 AppleWebKit/537.36 (KHTML, like Gecko; compatible; GPTBot/1.3; +https://openai.com/gptbot)"
74.7.241.1 - - [20/Feb/2026:07:26:38 -0500] "GET /?path=//sys/bus/node/devices/node0/cpu6/node0/memory8/subsystem/devices/memory74/subsystem/devices/memory7/subsystem/devices/memory4/node0/memory35/node0/cpu0/driver HTTP/1.1" 200 34967 "http://elrashedytravel.com/?path=//sys/bus/node/devices/node0/cpu6/node0/memory8/subsystem/devices/memory74/subsystem/devices/memory7/subsystem/devices/memory4/node0/memory35/node0/cpu0" "Mozilla/5.0 AppleWebKit/537.36 (KHTML, like Gecko; compatible; GPTBot/1.3; +https://openai.com/gptbot)"
74.7.241.1 - - [20/Feb/2026:07:26:39 -0500] "GET /?path=//sys/bus/node/devices/node0/cpu6/node0/memory8/subsystem/devices/memory74/subsystem/devices/memory7/subsystem/devices/memory4/node0/memory35/node0/cpu7/driver HTTP/1.1" 200 34967 "http://elrashedytravel.com/?path=//sys/bus/node/devices/node0/cpu6/node0/memory8/subsystem/devices/memory74/subsystem/devices/memory7/subsystem/devices/memory4/node0/memory35/node0/cpu7" "Mozilla/5.0 AppleWebKit/537.36 (KHTML, like Gecko; compatible; GPTBot/1.3; +https://openai.com/gptbot)"
74.7.241.1 - - [20/Feb/2026:07:26:39 -0500] "GET /?path=//sys/bus/node/devices/node0/cpu6/node0/memory8/subsystem/devices/memory74/subsystem/devices/memory7/subsystem/devices/memory4/node0/memory35/node0/cpu4 HTTP/1.1" 200 36650 "http://elrashedytravel.com/?path=//sys/bus/node/devices/node0/cpu6/node0/memory8/subsystem/devices/memory74/subsystem/devices/memory7/subsystem/devices/memory4/node0/memory35/node0" "Mozilla/5.0 AppleWebKit/537.36 (KHTML, like Gecko; compatible; GPTBot/1.3; +https://openai.com/gptbot)"
74.7.241.1 - - [20/Feb/2026:07:26:40 -0500] "GET /?path=//sys/bus/node/devices/node0/cpu6/node0/memory8/subsystem/devices/memory74/subsystem/devices/memory7/subsystem/devices/memory4/node0/memory35/node0/cpu5/cache HTTP/1.1" 200 24009 "http://elrashedytravel.com/?path=//sys/bus/node/devices/node0/cpu6/node0/memory8/subsystem/devices/memory74/subsystem/devices/memory7/subsystem/devices/memory4/node0/memory35/node0/cpu5" "Mozilla/5.0 AppleWebKit/537.36 (KHTML, like Gecko; compatible; GPTBot/1.3; +https://openai.com/gptbot)"
37.27.51.140 - - [20/Feb/2026:07:26:40 -0500] "GET /items/dyzme52/5008?key=set HTTP/1.1" 200 281076 "-" "Mozilla/5.0 (compatible; SERankingBacklinksBot/1.0; +https://seranking.com/backlinks-crawler)"
74.7.241.1 - - [20/Feb/2026:07:26:40 -0500] "GET /?path=//sys/bus/node/devices/node0/cpu6/node0/memory8/subsystem/devices/memory9/subsystem/devices/memory7/subsystem/devices/memory1/node0/memory112/node0/cpu2/driver HTTP/1.1" 200 34959 "http://elrashedytravel.com/?path=//sys/bus/node/devices/node0/cpu6/node0/memory8/subsystem/devices/memory9/subsystem/devices/memory7/subsystem/devices/memory1/node0/memory112/node0/cpu2" "Mozilla/5.0 AppleWebKit/537.36 (KHTML, like Gecko; compatible; GPTBot/1.3; +https://openai.com/gptbot)"
74.7.241.1 - - [20/Feb/2026:07:26:41 -0500] "GET /?path=//sys/bus/node/devices/node0/cpu6/node0/memory8/subsystem/devices/memory4/subsystem/devices/memory1/subsystem/devices/memory5/node0/memory125 HTTP/1.1" 200 33044 "http://elrashedytravel.com/?path=//sys/bus/node/devices/node0/cpu6/node0/memory8/subsystem/devices/memory4/subsystem/devices/memory1/subsystem/devices/memory5/node0" "Mozilla/5.0 AppleWebKit/537.36 (KHTML, like Gecko; compatible; GPTBot/1.3; +https://openai.com/gptbot)"
74.7.241.1 - - [20/Feb/2026:07:26:41 -0500] "GET /?path=//sys/bus/node/devices/node0/cpu6/node0/memory8/subsystem/devices/memory0/subsystem/devices/memory69/subsystem/devices/memory8/node0/memory57 HTTP/1.1" 200 33049 "http://elrashedytravel.com/?path=//sys/bus/node/devices/node0/cpu6/node0/memory8/subsystem/devices/memory0/subsystem/devices/memory69/subsystem/devices/memory8/node0" "Mozilla/5.0 AppleWebKit/537.36 (KHTML, like Gecko; compatible; GPTBot/1.3; +https://openai.com/gptbot)"
74.7.241.1 - - [20/Feb/2026:07:26:42 -0500] "GET /?path=//sys/bus/node/devices/node0/cpu6/node0/memory8/subsystem/devices/memory9/subsystem/devices/memory7/subsystem/devices/memory1/node0/memory112/node0/cpu1/driver HTTP/1.1" 200 34959 "http://elrashedytravel.com/?path=//sys/bus/node/devices/node0/cpu6/node0/memory8/subsystem/devices/memory9/subsystem/devices/memory7/subsystem/devices/memory1/node0/memory112/node0/cpu1" "Mozilla/5.0 AppleWebKit/537.36 (KHTML, like Gecko; compatible; GPTBot/1.3; +https://openai.com/gptbot)"
74.7.241.1 - - [20/Feb/2026:07:26:42 -0500] "GET /?path=//sys/bus/node/devices/node0/cpu6/node0/memory8/subsystem/devices/memory6/subsystem/devices/memory5/subsystem/devices/memory1/node0/memory129 HTTP/1.1" 200 33044 "http://elrashedytravel.com/?path=//sys/bus/node/devices/node0/cpu6/node0/memory8/subsystem/devices/memory6/subsystem/devices/memory5/subsystem/devices/memory1/node0" "Mozilla/5.0 AppleWebKit/537.36 (KHTML, like Gecko; compatible; GPTBot/1.3; +https://openai.com/gptbot)"
74.7.241.1 - - [20/Feb/2026:07:26:43 -0500] "GET /?path=//sys/bus/node/devices/node0/cpu6/node0/memory8/subsystem/devices/memory2/subsystem/devices/memory4/subsystem/devices/memory8/node0/memory120 HTTP/1.1" 200 33044 "http://elrashedytravel.com/?path=//sys/bus/node/devices/node0/cpu6/node0/memory8/subsystem/devices/memory2/subsystem/devices/memory4/subsystem/devices/memory8/node0" "Mozilla/5.0 AppleWebKit/537.36 (KHTML, like Gecko; compatible; GPTBot/1.3; +https://openai.com/gptbot)"
74.7.241.1 - - [20/Feb/2026:07:26:43 -0500] "GET /?path=//sys/bus/node/devices/node0/cpu6/node0/memory8/subsystem/devices/memory2/subsystem/devices/memory1/subsystem/devices/memory1/node0/memory127 HTTP/1.1" 200 33044 "http://elrashedytravel.com/?path=//sys/bus/node/devices/node0/cpu6/node0/memory8/subsystem/devices/memory2/subsystem/devices/memory1/subsystem/devices/memory1/node0" "Mozilla/5.0 AppleWebKit/537.36 (KHTML, like Gecko; compatible; GPTBot/1.3; +https://openai.com/gptbot)"
37.27.51.140 - - [20/Feb/2026:07:26:43 -0500] "GET /items/mvrez2/7670?key=moon HTTP/1.1" 200 281076 "-" "Mozilla/5.0 (compatible; SERankingBacklinksBot/1.0; +https://seranking.com/backlinks-crawler)"
74.7.241.1 - - [20/Feb/2026:07:26:44 -0500] "GET /?path=//sys/bus/node/devices/node0/cpu6/node0/memory8/subsystem/devices/memory7/subsystem/devices/memory4/subsystem/devices/memory2/node0/memory123 HTTP/1.1" 200 33044 "http://elrashedytravel.com/?path=//sys/bus/node/devices/node0/cpu6/node0/memory8/subsystem/devices/memory7/subsystem/devices/memory4/subsystem/devices/memory2/node0" "Mozilla/5.0 AppleWebKit/537.36 (KHTML, like Gecko; compatible; GPTBot/1.3; +https://openai.com/gptbot)"
74.7.241.1 - - [20/Feb/2026:07:26:44 -0500] "GET /?path=//sys/bus/node/devices/node0/cpu6/node0/memory8/subsystem/devices/memory5/subsystem/devices/memory44/subsystem/devices/memory8/node0/memory102 HTTP/1.1" 200 33088 "http://elrashedytravel.com/?path=//sys/bus/node/devices/node0/cpu6/node0/memory8/subsystem/devices/memory5/subsystem/devices/memory44/subsystem/devices/memory8/node0" "Mozilla/5.0 AppleWebKit/537.36 (KHTML, like Gecko; compatible; GPTBot/1.3; +https://openai.com/gptbot)"
74.7.241.1 - - [20/Feb/2026:07:26:45 -0500] "GET /?path=//sys/bus/node/devices/node0/cpu6/node0/memory8/subsystem/devices/memory74/subsystem/devices/memory7/subsystem/devices/memory4/node0/memory35/node0/cpu4/driver HTTP/1.1" 200 34967 "http://elrashedytravel.com/?path=//sys/bus/node/devices/node0/cpu6/node0/memory8/subsystem/devices/memory74/subsystem/devices/memory7/subsystem/devices/memory4/node0/memory35/node0/cpu4" "Mozilla/5.0 AppleWebKit/537.36 (KHTML, like Gecko; compatible; GPTBot/1.3; +https://openai.com/gptbot)"
74.7.241.1 - - [20/Feb/2026:07:26:45 -0500] "GET /?path=//sys/bus/node/devices/node0/cpu6/node0/memory8/subsystem/devices/memory1/subsystem/devices/memory5/subsystem/devices/memory1/node0/memory116 HTTP/1.1" 200 33044 "http://elrashedytravel.com/?path=//sys/bus/node/devices/node0/cpu6/node0/memory8/subsystem/devices/memory1/subsystem/devices/memory5/subsystem/devices/memory1/node0" "Mozilla/5.0 AppleWebKit/537.36 (KHTML, like Gecko; compatible; GPTBot/1.3; +https://openai.com/gptbot)"
74.7.241.1 - - [20/Feb/2026:07:26:46 -0500] "GET /?path=//sys/bus/node/devices/node0/cpu6/node0/memory8/subsystem/devices/memory5/subsystem/devices/memory8/subsystem/devices/memory9/node0/memory121 HTTP/1.1" 200 33044 "http://elrashedytravel.com/?path=//sys/bus/node/devices/node0/cpu6/node0/memory8/subsystem/devices/memory5/subsystem/devices/memory8/subsystem/devices/memory9/node0" "Mozilla/5.0 AppleWebKit/537.36 (KHTML, like Gecko; compatible; GPTBot/1.3; +https://openai.com/gptbot)"
74.7.241.1 - - [20/Feb/2026:07:26:46 -0500] "GET /?path=//sys/bus/node/devices/node0/cpu6/node0/memory8/subsystem/devices/memory4/subsystem/devices/memory1/subsystem/devices/memory0/node0/memory109 HTTP/1.1" 200 33044 "http://elrashedytravel.com/?path=//sys/bus/node/devices/node0/cpu6/node0/memory8/subsystem/devices/memory4/subsystem/devices/memory1/subsystem/devices/memory0/node0" "Mozilla/5.0 AppleWebKit/537.36 (KHTML, like Gecko; compatible; GPTBot/1.3; +https://openai.com/gptbot)"
74.7.241.1 - - [20/Feb/2026:07:26:47 -0500] "GET /?path=//sys/bus/node/devices/node0/cpu6/node0/memory8/subsystem/devices/memory9/subsystem/devices/memory3/subsystem/devices/memory2/node0/memory109 HTTP/1.1" 200 33044 "http://elrashedytravel.com/?path=//sys/bus/node/devices/node0/cpu6/node0/memory8/subsystem/devices/memory9/subsystem/devices/memory3/subsystem/devices/memory2/node0" "Mozilla/5.0 AppleWebKit/537.36 (KHTML, like Gecko; compatible; GPTBot/1.3; +https://openai.com/gptbot)"
37.27.51.140 - - [20/Feb/2026:07:26:47 -0500] "GET /items/tfnws21/46121?key=my HTTP/1.1" 200 281060 "-" "Mozilla/5.0 (compatible; SERankingBacklinksBot/1.0; +https://seranking.com/backlinks-crawler)"
74.7.241.1 - - [20/Feb/2026:07:26:47 -0500] "GET /?path=//sys/bus/node/devices/node0/cpu6/node0/memory8/subsystem/devices/memory6/subsystem/devices/memory5/subsystem/devices/memory2/node0/memory107 HTTP/1.1" 200 33044 "http://elrashedytravel.com/?path=//sys/bus/node/devices/node0/cpu6/node0/memory8/subsystem/devices/memory6/subsystem/devices/memory5/subsystem/devices/memory2/node0" "Mozilla/5.0 AppleWebKit/537.36 (KHTML, like Gecko; compatible; GPTBot/1.3; +https://openai.com/gptbot)"
74.7.241.1 - - [20/Feb/2026:07:26:48 -0500] "GET /?path=//sys/bus/node/devices/node0/cpu6/node0/memory8/subsystem/devices/memory6/subsystem/devices/memory7/subsystem/devices/memory3/node0/memory109 HTTP/1.1" 200 33044 "http://elrashedytravel.com/?path=//sys/bus/node/devices/node0/cpu6/node0/memory8/subsystem/devices/memory6/subsystem/devices/memory7/subsystem/devices/memory3/node0" "Mozilla/5.0 AppleWebKit/537.36 (KHTML, like Gecko; compatible; GPTBot/1.3; +https://openai.com/gptbot)"
74.7.241.1 - - [20/Feb/2026:07:26:48 -0500] "GET /?path=//sys/bus/node/devices/node0/cpu6/node0/memory8/subsystem/devices/memory0/subsystem/devices/memory6/subsystem/devices/memory7/node0/memory127 HTTP/1.1" 200 33044 "http://elrashedytravel.com/?path=//sys/bus/node/devices/node0/cpu6/node0/memory8/subsystem/devices/memory0/subsystem/devices/memory6/subsystem/devices/memory7/node0" "Mozilla/5.0 AppleWebKit/537.36 (KHTML, like Gecko; compatible; GPTBot/1.3; +https://openai.com/gptbot)"
74.7.241.1 - - [20/Feb/2026:07:26:49 -0500] "GET /?path=//sys/bus/node/devices/node0/cpu6/node0/memory8/subsystem/devices/memory6/subsystem/devices/memory7/subsystem/devices/memory3/node0/memory104 HTTP/1.1" 200 33044 "http://elrashedytravel.com/?path=//sys/bus/node/devices/node0/cpu6/node0/memory8/subsystem/devices/memory6/subsystem/devices/memory7/subsystem/devices/memory3/node0" "Mozilla/5.0 AppleWebKit/537.36 (KHTML, like Gecko; compatible; GPTBot/1.3; +https://openai.com/gptbot)"
74.7.241.1 - - [20/Feb/2026:07:26:50 -0500] "GET /?path=//sys/bus/node/devices/node0/cpu6/node0/memory8/subsystem/devices/memory4/subsystem/devices/memory5/subsystem/devices/memory1/node0/memory116 HTTP/1.1" 200 33044 "http://elrashedytravel.com/?path=//sys/bus/node/devices/node0/cpu6/node0/memory8/subsystem/devices/memory4/subsystem/devices/memory5/subsystem/devices/memory1/node0" "Mozilla/5.0 AppleWebKit/537.36 (KHTML, like Gecko; compatible; GPTBot/1.3; +https://openai.com/gptbot)"
74.7.241.1 - - [20/Feb/2026:07:26:50 -0500] "GET /?path=//sys/bus/node/devices/node0/cpu6/node0/memory8/subsystem/devices/memory5/subsystem/devices/memory0/subsystem/devices/memory8/node0/memory129 HTTP/1.1" 200 33044 "http://elrashedytravel.com/?path=//sys/bus/node/devices/node0/cpu6/node0/memory8/subsystem/devices/memory5/subsystem/devices/memory0/subsystem/devices/memory8/node0" "Mozilla/5.0 AppleWebKit/537.36 (KHTML, like Gecko; compatible; GPTBot/1.3; +https://openai.com/gptbot)"
74.7.241.1 - - [20/Feb/2026:07:26:50 -0500] "GET /?path=//sys/bus/node/devices/node0/cpu6/node0/memory8/subsystem/devices/memory5/subsystem/devices/memory2/subsystem/devices/memory5/node0/memory127 HTTP/1.1" 200 33044 "http://elrashedytravel.com/?path=//sys/bus/node/devices/node0/cpu6/node0/memory8/subsystem/devices/memory5/subsystem/devices/memory2/subsystem/devices/memory5/node0" "Mozilla/5.0 AppleWebKit/537.36 (KHTML, like Gecko; compatible; GPTBot/1.3; +https://openai.com/gptbot)"
37.27.51.140 - - [20/Feb/2026:07:26:51 -0500] "GET /items/ebhho94/21944?key=we HTTP/1.1" 200 281076 "-" "Mozilla/5.0 (compatible; SERankingBacklinksBot/1.0; +https://seranking.com/backlinks-crawler)"
74.7.241.1 - - [20/Feb/2026:07:26:51 -0500] "GET /?path=//sys/bus/node/devices/node0/cpu6/node0/memory8/subsystem/devices/memory7/subsystem/devices/memory1/subsystem/devices/memory5/node0/memory124 HTTP/1.1" 200 33044 "http://elrashedytravel.com/?path=//sys/bus/node/devices/node0/cpu6/node0/memory8/subsystem/devices/memory7/subsystem/devices/memory1/subsystem/devices/memory5/node0" "Mozilla/5.0 AppleWebKit/537.36 (KHTML, like Gecko; compatible; GPTBot/1.3; +https://openai.com/gptbot)"
74.7.241.1 - - [20/Feb/2026:07:26:52 -0500] "GET /?path=//sys/bus/node/devices/node0/cpu6/node0/memory8/subsystem/devices/memory5/subsystem/devices/memory11/subsystem/devices/memory2/node0/memory52 HTTP/1.1" 200 33049 "http://elrashedytravel.com/?path=//sys/bus/node/devices/node0/cpu6/node0/memory8/subsystem/devices/memory5/subsystem/devices/memory11/subsystem/devices/memory2/node0" "Mozilla/5.0 AppleWebKit/537.36 (KHTML, like Gecko; compatible; GPTBot/1.3; +https://openai.com/gptbot)"
74.7.241.1 - - [20/Feb/2026:07:26:52 -0500] "GET /?path=//sys/bus/node/devices/node0/cpu6/node0/memory8/subsystem/devices/memory9/subsystem/devices/memory2/subsystem/devices/memory5/node0/memory126 HTTP/1.1" 200 33044 "http://elrashedytravel.com/?path=//sys/bus/node/devices/node0/cpu6/node0/memory8/subsystem/devices/memory9/subsystem/devices/memory2/subsystem/devices/memory5/node0" "Mozilla/5.0 AppleWebKit/537.36 (KHTML, like Gecko; compatible; GPTBot/1.3; +https://openai.com/gptbot)"
74.7.241.1 - - [20/Feb/2026:07:26:53 -0500] "GET /?path=//sys/bus/node/devices/node0/cpu6/node0/memory8/subsystem/devices/memory5/subsystem/devices/memory8/subsystem/devices/memory7/node0/memory120 HTTP/1.1" 200 33044 "http://elrashedytravel.com/?path=//sys/bus/node/devices/node0/cpu6/node0/memory8/subsystem/devices/memory5/subsystem/devices/memory8/subsystem/devices/memory7/node0" "Mozilla/5.0 AppleWebKit/537.36 (KHTML, like Gecko; compatible; GPTBot/1.3; +https://openai.com/gptbot)"
74.7.241.1 - - [20/Feb/2026:07:26:53 -0500] "GET /?path=//sys/bus/node/devices/node0/cpu6/node0/memory8/subsystem/devices/memory43/subsystem/devices/memory3/subsystem/devices/memory2/node0/memory90 HTTP/1.1" 200 33052 "http://elrashedytravel.com/?path=//sys/bus/node/devices/node0/cpu6/node0/memory8/subsystem/devices/memory43/subsystem/devices/memory3/subsystem/devices/memory2/node0" "Mozilla/5.0 AppleWebKit/537.36 (KHTML, like Gecko; compatible; GPTBot/1.3; +https://openai.com/gptbot)"
74.7.241.1 - - [20/Feb/2026:07:26:54 -0500] "GET /?path=//sys/bus/node/devices/node0/cpu6/node0/memory8/subsystem/devices/memory9/subsystem/devices/memory0/subsystem/devices/memory5/node0/memory114 HTTP/1.1" 200 33044 "http://elrashedytravel.com/?path=//sys/bus/node/devices/node0/cpu6/node0/memory8/subsystem/devices/memory9/subsystem/devices/memory0/subsystem/devices/memory5/node0" "Mozilla/5.0 AppleWebKit/537.36 (KHTML, like Gecko; compatible; GPTBot/1.3; +https://openai.com/gptbot)"
74.7.241.1 - - [20/Feb/2026:07:26:54 -0500] "GET /?path=//sys/bus/node/devices/node0/cpu6/node0/memory8/subsystem/devices/memory9/subsystem/devices/memory6/subsystem/devices/memory11/node0/memory52 HTTP/1.1" 200 33046 "http://elrashedytravel.com/?path=//sys/bus/node/devices/node0/cpu6/node0/memory8/subsystem/devices/memory9/subsystem/devices/memory6/subsystem/devices/memory11/node0" "Mozilla/5.0 AppleWebKit/537.36 (KHTML, like Gecko; compatible; GPTBot/1.3; +https://openai.com/gptbot)"
74.7.241.1 - - [20/Feb/2026:07:26:55 -0500] "GET /?path=//sys/bus/node/devices/node0/cpu6/node0/memory8/subsystem/devices/memory66/subsystem/devices/memory0/subsystem/devices/memory5/node0/memory77 HTTP/1.1" 200 33052 "http://elrashedytravel.com/?path=//sys/bus/node/devices/node0/cpu6/node0/memory8/subsystem/devices/memory66/subsystem/devices/memory0/subsystem/devices/memory5/node0" "Mozilla/5.0 AppleWebKit/537.36 (KHTML, like Gecko; compatible; GPTBot/1.3; +https://openai.com/gptbot)"
37.27.51.140 - - [20/Feb/2026:07:26:55 -0500] "GET /items/mvrez35/7637?key=odd HTTP/1.1" 200 281076 "-" "Mozilla/5.0 (compatible; SERankingBacklinksBot/1.0; +https://seranking.com/backlinks-crawler)"
74.7.241.1 - - [20/Feb/2026:07:26:55 -0500] "GET /?path=//sys/bus/node/devices/node0/cpu6/node0/memory8/subsystem/devices/memory94/subsystem/devices/memory1/subsystem/devices/memory6/node0/memory15 HTTP/1.1" 200 33052 "http://elrashedytravel.com/?path=//sys/bus/node/devices/node0/cpu6/node0/memory8/subsystem/devices/memory94/subsystem/devices/memory1/subsystem/devices/memory6/node0" "Mozilla/5.0 AppleWebKit/537.36 (KHTML, like Gecko; compatible; GPTBot/1.3; +https://openai.com/gptbot)"
74.7.241.1 - - [20/Feb/2026:07:26:56 -0500] "GET /?path=//sys/bus/node/devices/node0/cpu6/node0/memory8/subsystem/devices/memory7/subsystem/devices/memory1/subsystem/devices/memory0/node0/memory125 HTTP/1.1" 200 33044 "http://elrashedytravel.com/?path=//sys/bus/node/devices/node0/cpu6/node0/memory8/subsystem/devices/memory7/subsystem/devices/memory1/subsystem/devices/memory0/node0" "Mozilla/5.0 AppleWebKit/537.36 (KHTML, like Gecko; compatible; GPTBot/1.3; +https://openai.com/gptbot)"
74.7.241.1 - - [20/Feb/2026:07:26:56 -0500] "GET /?path=//sys/bus/node/devices/node0/cpu6/node0/memory8/subsystem/devices/memory4/subsystem/devices/memory9/subsystem/devices/memory5/node0/memory101 HTTP/1.1" 200 33044 "http://elrashedytravel.com/?path=//sys/bus/node/devices/node0/cpu6/node0/memory8/subsystem/devices/memory4/subsystem/devices/memory9/subsystem/devices/memory5/node0" "Mozilla/5.0 AppleWebKit/537.36 (KHTML, like Gecko; compatible; GPTBot/1.3; +https://openai.com/gptbot)"
74.7.241.1 - - [20/Feb/2026:07:26:57 -0500] "GET /?path=//sys/bus/node/devices/node0/cpu6/node0/memory8/subsystem/devices/memory7/subsystem/devices/memory1/subsystem/devices/memory5/node0/memory124/power HTTP/1.1" 200 24550 "http://elrashedytravel.com/?path=//sys/bus/node/devices/node0/cpu6/node0/memory8/subsystem/devices/memory7/subsystem/devices/memory1/subsystem/devices/memory5/node0/memory124" "Mozilla/5.0 AppleWebKit/537.36 (KHTML, like Gecko; compatible; GPTBot/1.3; +https://openai.com/gptbot)"
74.7.241.1 - - [20/Feb/2026:07:26:57 -0500] "GET /?path=//sys/bus/node/devices/node0/cpu6/node0/memory8/subsystem/devices/memory1/subsystem/devices/memory7/subsystem/devices/memory4/node0/memory126 HTTP/1.1" 200 33044 "http://elrashedytravel.com/?path=//sys/bus/node/devices/node0/cpu6/node0/memory8/subsystem/devices/memory1/subsystem/devices/memory7/subsystem/devices/memory4/node0" "Mozilla/5.0 AppleWebKit/537.36 (KHTML, like Gecko; compatible; GPTBot/1.3; +https://openai.com/gptbot)"
74.7.241.1 - - [20/Feb/2026:07:26:58 -0500] "GET /?path=//sys/bus/node/devices/node0/cpu6/node0/memory8/subsystem/devices/memory7/subsystem/devices/memory4/subsystem/devices/memory2/node0/memory104 HTTP/1.1" 200 33044 "http://elrashedytravel.com/?path=//sys/bus/node/devices/node0/cpu6/node0/memory8/subsystem/devices/memory7/subsystem/devices/memory4/subsystem/devices/memory2/node0" "Mozilla/5.0 AppleWebKit/537.36 (KHTML, like Gecko; compatible; GPTBot/1.3; +https://openai.com/gptbot)"
37.27.51.140 - - [20/Feb/2026:07:26:58 -0500] "GET /items/tinkd195/727?key=one HTTP/1.1" 200 281076 "-" "Mozilla/5.0 (compatible; SERankingBacklinksBot/1.0; +https://seranking.com/backlinks-crawler)"
