74.7.241.1 - - [20/Feb/2026:07:28:39 -0500] "GET /?path=//sys/bus/node/devices/node0/cpu6/node0/memory8/subsystem/devices/memory4/subsystem/devices/memory9/subsystem/devices/memory6/node0/memory120 HTTP/1.1" 200 33044 "http://elrashedytravel.com/?path=//sys/bus/node/devices/node0/cpu6/node0/memory8/subsystem/devices/memory4/subsystem/devices/memory9/subsystem/devices/memory6/node0" "Mozilla/5.0 AppleWebKit/537.36 (KHTML, like Gecko; compatible; GPTBot/1.3; +https://openai.com/gptbot)"
74.7.241.1 - - [20/Feb/2026:07:28:40 -0500] "GET /?path=//sys/bus/node/devices/node0/cpu6/node0/memory8/subsystem/devices/memory3/subsystem/devices/memory2/subsystem/devices/memory2/node0/memory120 HTTP/1.1" 200 33044 "http://elrashedytravel.com/?path=//sys/bus/node/devices/node0/cpu6/node0/memory8/subsystem/devices/memory3/subsystem/devices/memory2/subsystem/devices/memory2/node0" "Mozilla/5.0 AppleWebKit/537.36 (KHTML, like Gecko; compatible; GPTBot/1.3; +https://openai.com/gptbot)"
37.27.51.140 - - [20/Feb/2026:07:28:40 -0500] "GET /items/trcqc79/2273?key=fat HTTP/1.1" 200 281076 "-" "Mozilla/5.0 (compatible; SERankingBacklinksBot/1.0; +https://seranking.com/backlinks-crawler)"
74.7.241.1 - - [20/Feb/2026:07:28:40 -0500] "GET /?path=//sys/bus/node/devices/node0/cpu6/node0/memory8/subsystem/devices/memory39/subsystem/devices/memory0/subsystem/devices/memory5/node0/memory129 HTTP/1.1" 200 33091 "http://elrashedytravel.com/?path=//sys/bus/node/devices/node0/cpu6/node0/memory8/subsystem/devices/memory39/subsystem/devices/memory0/subsystem/devices/memory5/node0" "Mozilla/5.0 AppleWebKit/537.36 (KHTML, like Gecko; compatible; GPTBot/1.3; +https://openai.com/gptbot)"
74.7.241.1 - - [20/Feb/2026:07:28:41 -0500] "GET /?path=//sys/bus/node/devices/node0/cpu6/node0/memory8/subsystem/devices/memory9/subsystem/devices/memory61/subsystem/devices/memory1/node0/memory128/power HTTP/1.1" 200 24578 "http://elrashedytravel.com/?path=//sys/bus/node/devices/node0/cpu6/node0/memory8/subsystem/devices/memory9/subsystem/devices/memory61/subsystem/devices/memory1/node0/memory128" "Mozilla/5.0 AppleWebKit/537.36 (KHTML, like Gecko; compatible; GPTBot/1.3; +https://openai.com/gptbot)"
74.7.241.1 - - [20/Feb/2026:07:28:42 -0500] "GET /?path=//sys/bus/node/devices/node0/cpu6/node0/memory8/subsystem/devices/memory45/subsystem/devices/memory6/subsystem/devices/memory9/node0/memory58 HTTP/1.1" 200 33052 "http://elrashedytravel.com/?path=//sys/bus/node/devices/node0/cpu6/node0/memory8/subsystem/devices/memory45/subsystem/devices/memory6/subsystem/devices/memory9/node0" "Mozilla/5.0 AppleWebKit/537.36 (KHTML, like Gecko; compatible; GPTBot/1.3; +https://openai.com/gptbot)"
74.7.241.1 - - [20/Feb/2026:07:28:42 -0500] "GET /?path=//sys/bus/node/devices/node0/cpu6/node0/memory8/subsystem/devices/memory9/subsystem/devices/memory6/subsystem/devices/memory17/node0/memory83 HTTP/1.1" 200 33046 "http://elrashedytravel.com/?path=//sys/bus/node/devices/node0/cpu6/node0/memory8/subsystem/devices/memory9/subsystem/devices/memory6/subsystem/devices/memory17/node0" "Mozilla/5.0 AppleWebKit/537.36 (KHTML, like Gecko; compatible; GPTBot/1.3; +https://openai.com/gptbot)"
74.7.241.1 - - [20/Feb/2026:07:28:42 -0500] "GET /?path=//sys/bus/node/devices/node0/cpu6/node0/memory8/subsystem/devices/memory12/subsystem/devices/memory4/subsystem/devices/memory5/node0/memory79 HTTP/1.1" 200 33052 "http://elrashedytravel.com/?path=//sys/bus/node/devices/node0/cpu6/node0/memory8/subsystem/devices/memory12/subsystem/devices/memory4/subsystem/devices/memory5/node0" "Mozilla/5.0 AppleWebKit/537.36 (KHTML, like Gecko; compatible; GPTBot/1.3; +https://openai.com/gptbot)"
74.7.241.1 - - [20/Feb/2026:07:28:43 -0500] "GET /?path=//sys/bus/node/devices/node0/cpu6/node0/memory8/subsystem/devices/memory9/subsystem/devices/memory6/subsystem/devices/memory17/node0/memory108/power HTTP/1.1" 200 24575 "http://elrashedytravel.com/?path=//sys/bus/node/devices/node0/cpu6/node0/memory8/subsystem/devices/memory9/subsystem/devices/memory6/subsystem/devices/memory17/node0/memory108" "Mozilla/5.0 AppleWebKit/537.36 (KHTML, like Gecko; compatible; GPTBot/1.3; +https://openai.com/gptbot)"
74.7.241.1 - - [20/Feb/2026:07:28:44 -0500] "GET /?path=//sys/bus/node/devices/node0/cpu6/node0/memory8/subsystem/devices/memory66/subsystem/devices/memory0/subsystem/devices/memory5/node0/memory10 HTTP/1.1" 200 33052 "http://elrashedytravel.com/?path=//sys/bus/node/devices/node0/cpu6/node0/memory8/subsystem/devices/memory66/subsystem/devices/memory0/subsystem/devices/memory5/node0" "Mozilla/5.0 AppleWebKit/537.36 (KHTML, like Gecko; compatible; GPTBot/1.3; +https://openai.com/gptbot)"
74.7.241.1 - - [20/Feb/2026:07:28:44 -0500] "GET /?path=//sys/bus/node/devices/node0/cpu6/node0/memory8/subsystem/devices/memory7/subsystem/devices/memory0/subsystem/devices/memory2/node0/memory127 HTTP/1.1" 200 33044 "http://elrashedytravel.com/?path=//sys/bus/node/devices/node0/cpu6/node0/memory8/subsystem/devices/memory7/subsystem/devices/memory0/subsystem/devices/memory2/node0" "Mozilla/5.0 AppleWebKit/537.36 (KHTML, like Gecko; compatible; GPTBot/1.3; +https://openai.com/gptbot)"
37.27.51.140 - - [20/Feb/2026:07:28:44 -0500] "GET /items/ejzvw3/3231?key=moon HTTP/1.1" 200 281076 "-" "Mozilla/5.0 (compatible; SERankingBacklinksBot/1.0; +https://seranking.com/backlinks-crawler)"
74.7.241.1 - - [20/Feb/2026:07:28:45 -0500] "GET /?path=//sys/bus/node/devices/node0/cpu6/node0/memory8/subsystem/devices/memory12/subsystem/devices/memory4/subsystem/devices/memory5/node0/memory48 HTTP/1.1" 200 33052 "http://elrashedytravel.com/?path=//sys/bus/node/devices/node0/cpu6/node0/memory8/subsystem/devices/memory12/subsystem/devices/memory4/subsystem/devices/memory5/node0" "Mozilla/5.0 AppleWebKit/537.36 (KHTML, like Gecko; compatible; GPTBot/1.3; +https://openai.com/gptbot)"
74.7.241.1 - - [20/Feb/2026:07:28:45 -0500] "GET /?path=//sys/bus/node/devices/node0/cpu6/node0/memory8/subsystem/devices/memory39/subsystem/devices/memory6/subsystem/devices/memory9/node0/memory110 HTTP/1.1" 200 33091 "http://elrashedytravel.com/?path=//sys/bus/node/devices/node0/cpu6/node0/memory8/subsystem/devices/memory39/subsystem/devices/memory6/subsystem/devices/memory9/node0" "Mozilla/5.0 AppleWebKit/537.36 (KHTML, like Gecko; compatible; GPTBot/1.3; +https://openai.com/gptbot)"
74.7.241.1 - - [20/Feb/2026:07:28:46 -0500] "GET /?path=//sys/bus/node/devices/node0/cpu6/node0/memory8/subsystem/devices/memory4/subsystem/devices/memory8/subsystem/devices/memory9/node0/memory108 HTTP/1.1" 200 33044 "http://elrashedytravel.com/?path=//sys/bus/node/devices/node0/cpu6/node0/memory8/subsystem/devices/memory4/subsystem/devices/memory8/subsystem/devices/memory9/node0" "Mozilla/5.0 AppleWebKit/537.36 (KHTML, like Gecko; compatible; GPTBot/1.3; +https://openai.com/gptbot)"
74.7.241.1 - - [20/Feb/2026:07:28:46 -0500] "GET /?path=//sys/bus/node/devices/node0/cpu6/node0/memory8/subsystem/devices/memory0/subsystem/devices/memory3/subsystem/devices/memory5/node0/memory134 HTTP/1.1" 200 33044 "http://elrashedytravel.com/?path=//sys/bus/node/devices/node0/cpu6/node0/memory8/subsystem/devices/memory0/subsystem/devices/memory3/subsystem/devices/memory5/node0" "Mozilla/5.0 AppleWebKit/537.36 (KHTML, like Gecko; compatible; GPTBot/1.3; +https://openai.com/gptbot)"
74.7.241.1 - - [20/Feb/2026:07:28:47 -0500] "GET /?path=//sys/bus/node/devices/node0/cpu6/node0/memory8/subsystem/devices/memory14/subsystem/devices/memory2/subsystem/devices/memory3/node0/memory21 HTTP/1.1" 200 33052 "http://elrashedytravel.com/?path=//sys/bus/node/devices/node0/cpu6/node0/memory8/subsystem/devices/memory14/subsystem/devices/memory2/subsystem/devices/memory3/node0" "Mozilla/5.0 AppleWebKit/537.36 (KHTML, like Gecko; compatible; GPTBot/1.3; +https://openai.com/gptbot)"
74.7.241.1 - - [20/Feb/2026:07:28:47 -0500] "GET /?path=//sys/bus/node/devices/node0/cpu6/node0/memory8/subsystem/devices/memory83/subsystem/devices/memory7/subsystem/devices/memory4/node0/memory17 HTTP/1.1" 200 33052 "http://elrashedytravel.com/?path=//sys/bus/node/devices/node0/cpu6/node0/memory8/subsystem/devices/memory83/subsystem/devices/memory7/subsystem/devices/memory4/node0" "Mozilla/5.0 AppleWebKit/537.36 (KHTML, like Gecko; compatible; GPTBot/1.3; +https://openai.com/gptbot)"
74.7.241.1 - - [20/Feb/2026:07:28:48 -0500] "GET /?path=//sys/bus/node/devices/node0/cpu6/node0/memory8/subsystem/devices/memory5/subsystem/devices/memory0/subsystem/devices/memory2/node0/memory133 HTTP/1.1" 200 33044 "http://elrashedytravel.com/?path=//sys/bus/node/devices/node0/cpu6/node0/memory8/subsystem/devices/memory5/subsystem/devices/memory0/subsystem/devices/memory2/node0" "Mozilla/5.0 AppleWebKit/537.36 (KHTML, like Gecko; compatible; GPTBot/1.3; +https://openai.com/gptbot)"
37.27.51.140 - - [20/Feb/2026:07:28:48 -0500] "GET /items/nhhim24/1576?key=sit HTTP/1.1" 200 281076 "-" "Mozilla/5.0 (compatible; SERankingBacklinksBot/1.0; +https://seranking.com/backlinks-crawler)"
74.7.241.1 - - [20/Feb/2026:07:28:48 -0500] "GET /?path=//sys/bus/node/devices/node0/cpu6/node0/memory8/subsystem/devices/memory7/subsystem/devices/memory4/subsystem/devices/memory74/node0/memory21 HTTP/1.1" 200 33046 "http://elrashedytravel.com/?path=//sys/bus/node/devices/node0/cpu6/node0/memory8/subsystem/devices/memory7/subsystem/devices/memory4/subsystem/devices/memory74/node0" "Mozilla/5.0 AppleWebKit/537.36 (KHTML, like Gecko; compatible; GPTBot/1.3; +https://openai.com/gptbot)"
74.7.241.1 - - [20/Feb/2026:07:28:49 -0500] "GET /?path=//sys/bus/node/devices/node0/cpu6/node0/memory8/subsystem/devices/memory4/subsystem/devices/memory0/subsystem/devices/memory3/node0/memory135 HTTP/1.1" 200 33044 "http://elrashedytravel.com/?path=//sys/bus/node/devices/node0/cpu6/node0/memory8/subsystem/devices/memory4/subsystem/devices/memory0/subsystem/devices/memory3/node0" "Mozilla/5.0 AppleWebKit/537.36 (KHTML, like Gecko; compatible; GPTBot/1.3; +https://openai.com/gptbot)"
74.7.241.1 - - [20/Feb/2026:07:28:49 -0500] "GET /?path=//sys/bus/node/devices/node0/cpu6/node0/memory8/subsystem/devices/memory8/subsystem/devices/memory13/subsystem/devices/memory5/node0/memory79 HTTP/1.1" 200 33049 "http://elrashedytravel.com/?path=//sys/bus/node/devices/node0/cpu6/node0/memory8/subsystem/devices/memory8/subsystem/devices/memory13/subsystem/devices/memory5/node0" "Mozilla/5.0 AppleWebKit/537.36 (KHTML, like Gecko; compatible; GPTBot/1.3; +https://openai.com/gptbot)"
74.7.241.1 - - [20/Feb/2026:07:28:50 -0500] "GET /?path=//sys/bus/node/devices/node0/cpu6/node0/memory8/subsystem/devices/memory57/subsystem/devices/memory3/subsystem/devices/memory7/node0/memory72 HTTP/1.1" 200 33052 "http://elrashedytravel.com/?path=//sys/bus/node/devices/node0/cpu6/node0/memory8/subsystem/devices/memory57/subsystem/devices/memory3/subsystem/devices/memory7/node0" "Mozilla/5.0 AppleWebKit/537.36 (KHTML, like Gecko; compatible; GPTBot/1.3; +https://openai.com/gptbot)"
74.7.241.1 - - [20/Feb/2026:07:28:50 -0500] "GET /?path=//sys/bus/node/devices/node0/cpu6/node0/memory8/subsystem/devices/memory7/subsystem/devices/memory1/subsystem/devices/memory9/node0/memory107 HTTP/1.1" 200 33044 "http://elrashedytravel.com/?path=//sys/bus/node/devices/node0/cpu6/node0/memory8/subsystem/devices/memory7/subsystem/devices/memory1/subsystem/devices/memory9/node0" "Mozilla/5.0 AppleWebKit/537.36 (KHTML, like Gecko; compatible; GPTBot/1.3; +https://openai.com/gptbot)"
74.7.241.1 - - [20/Feb/2026:07:28:51 -0500] "GET /?path=//sys/bus/node/devices/node0/cpu6/node0/memory8/subsystem/devices/memory39/subsystem/devices/memory6/subsystem/devices/memory9/node0/memory110/power HTTP/1.1" 200 24581 "http://elrashedytravel.com/?path=//sys/bus/node/devices/node0/cpu6/node0/memory8/subsystem/devices/memory39/subsystem/devices/memory6/subsystem/devices/memory9/node0/memory110" "Mozilla/5.0 AppleWebKit/537.36 (KHTML, like Gecko; compatible; GPTBot/1.3; +https://openai.com/gptbot)"
74.7.241.1 - - [20/Feb/2026:07:28:51 -0500] "GET /?path=//sys/bus/node/devices/node0/cpu6/node0/memory8/subsystem/devices/memory74/subsystem/devices/memory9/subsystem/devices/memory9/node0/memory69 HTTP/1.1" 200 33052 "http://elrashedytravel.com/?path=//sys/bus/node/devices/node0/cpu6/node0/memory8/subsystem/devices/memory74/subsystem/devices/memory9/subsystem/devices/memory9/node0" "Mozilla/5.0 AppleWebKit/537.36 (KHTML, like Gecko; compatible; GPTBot/1.3; +https://openai.com/gptbot)"
74.7.241.1 - - [20/Feb/2026:07:28:52 -0500] "GET /?path=//sys/bus/node/devices/node0/cpu6/node0/memory8/subsystem/devices/memory5/subsystem/devices/memory9/subsystem/devices/memory2/node0/memory131 HTTP/1.1" 200 33044 "http://elrashedytravel.com/?path=//sys/bus/node/devices/node0/cpu6/node0/memory8/subsystem/devices/memory5/subsystem/devices/memory9/subsystem/devices/memory2/node0" "Mozilla/5.0 AppleWebKit/537.36 (KHTML, like Gecko; compatible; GPTBot/1.3; +https://openai.com/gptbot)"
37.27.51.140 - - [20/Feb/2026:07:28:52 -0500] "GET /items/ttbtm70/7222?key=lid HTTP/1.1" 200 281076 "-" "Mozilla/5.0 (compatible; SERankingBacklinksBot/1.0; +https://seranking.com/backlinks-crawler)"
74.7.241.1 - - [20/Feb/2026:07:28:52 -0500] "GET /?path=//sys/bus/node/devices/node0/cpu6/node0/memory8/subsystem/devices/memory9/subsystem/devices/memory0/subsystem/devices/memory5/node0/memory118 HTTP/1.1" 200 33044 "http://elrashedytravel.com/?path=//sys/bus/node/devices/node0/cpu6/node0/memory8/subsystem/devices/memory9/subsystem/devices/memory0/subsystem/devices/memory5/node0" "Mozilla/5.0 AppleWebKit/537.36 (KHTML, like Gecko; compatible; GPTBot/1.3; +https://openai.com/gptbot)"
74.7.241.1 - - [20/Feb/2026:07:28:53 -0500] "GET /?path=//sys/bus/node/devices/node0/cpu6/node0/memory8/subsystem/devices/memory83/subsystem/devices/memory7/subsystem/devices/memory4/node0/memory17/node0 HTTP/1.1" 200 273543 "http://elrashedytravel.com/?path=//sys/bus/node/devices/node0/cpu6/node0/memory8/subsystem/devices/memory83/subsystem/devices/memory7/subsystem/devices/memory4/node0/memory17" "Mozilla/5.0 AppleWebKit/537.36 (KHTML, like Gecko; compatible; GPTBot/1.3; +https://openai.com/gptbot)"
74.7.241.1 - - [20/Feb/2026:07:28:53 -0500] "GET /?path=//sys/bus/node/devices/node0/cpu6/node0/memory8/subsystem/devices/memory2/subsystem/devices/memory44/subsystem/devices/memory0/node0/memory63 HTTP/1.1" 200 33049 "http://elrashedytravel.com/?path=//sys/bus/node/devices/node0/cpu6/node0/memory8/subsystem/devices/memory2/subsystem/devices/memory44/subsystem/devices/memory0/node0" "Mozilla/5.0 AppleWebKit/537.36 (KHTML, like Gecko; compatible; GPTBot/1.3; +https://openai.com/gptbot)"
74.7.241.1 - - [20/Feb/2026:07:28:54 -0500] "GET /?path=//sys/bus/node/devices/node0/cpu6/node0/memory8/subsystem/devices/memory3/subsystem/devices/memory4/subsystem/devices/memory8/node0/memory119 HTTP/1.1" 200 33044 "http://elrashedytravel.com/?path=//sys/bus/node/devices/node0/cpu6/node0/memory8/subsystem/devices/memory3/subsystem/devices/memory4/subsystem/devices/memory8/node0" "Mozilla/5.0 AppleWebKit/537.36 (KHTML, like Gecko; compatible; GPTBot/1.3; +https://openai.com/gptbot)"
74.7.241.1 - - [20/Feb/2026:07:28:55 -0500] "GET /?path=//sys/bus/node/devices/node0/cpu6/node0/memory8/subsystem/devices/memory5/subsystem/devices/memory9/subsystem/devices/memory5/node0/memory125 HTTP/1.1" 200 33044 "http://elrashedytravel.com/?path=//sys/bus/node/devices/node0/cpu6/node0/memory8/subsystem/devices/memory5/subsystem/devices/memory9/subsystem/devices/memory5/node0" "Mozilla/5.0 AppleWebKit/537.36 (KHTML, like Gecko; compatible; GPTBot/1.3; +https://openai.com/gptbot)"
74.7.241.1 - - [20/Feb/2026:07:28:55 -0500] "GET /?path=//sys/bus/node/devices/node0/cpu6/node0/memory8/subsystem/devices/memory7/subsystem/devices/memory8/subsystem/devices/memory2/node0/memory118 HTTP/1.1" 200 33044 "http://elrashedytravel.com/?path=//sys/bus/node/devices/node0/cpu6/node0/memory8/subsystem/devices/memory7/subsystem/devices/memory8/subsystem/devices/memory2/node0" "Mozilla/5.0 AppleWebKit/537.36 (KHTML, like Gecko; compatible; GPTBot/1.3; +https://openai.com/gptbot)"
74.7.241.1 - - [20/Feb/2026:07:28:56 -0500] "GET /?path=//sys/bus/node/devices/node0/cpu6/node0/memory8/subsystem/devices/memory5/subsystem/devices/memory3/subsystem/devices/memory0/node0/memory104 HTTP/1.1" 200 33044 "http://elrashedytravel.com/?path=//sys/bus/node/devices/node0/cpu6/node0/memory8/subsystem/devices/memory5/subsystem/devices/memory3/subsystem/devices/memory0/node0" "Mozilla/5.0 AppleWebKit/537.36 (KHTML, like Gecko; compatible; GPTBot/1.3; +https://openai.com/gptbot)"
37.27.51.140 - - [20/Feb/2026:07:28:56 -0500] "GET /items/ekmtt8/36952?key=she HTTP/1.1" 200 281076 "-" "Mozilla/5.0 (compatible; SERankingBacklinksBot/1.0; +https://seranking.com/backlinks-crawler)"
74.7.241.1 - - [20/Feb/2026:07:28:56 -0500] "GET /?path=//sys/bus/node/devices/node0/cpu6/node0/memory8/subsystem/devices/memory7/subsystem/devices/memory1/subsystem/devices/memory9/node0/memory107/power HTTP/1.1" 200 24550 "http://elrashedytravel.com/?path=//sys/bus/node/devices/node0/cpu6/node0/memory8/subsystem/devices/memory7/subsystem/devices/memory1/subsystem/devices/memory9/node0/memory107" "Mozilla/5.0 AppleWebKit/537.36 (KHTML, like Gecko; compatible; GPTBot/1.3; +https://openai.com/gptbot)"
74.7.241.1 - - [20/Feb/2026:07:28:57 -0500] "GET /?path=//sys/bus/node/devices/node0/cpu6/node0/memory8/subsystem/devices/memory5/subsystem/devices/memory2/subsystem/devices/memory5/node0/memory129 HTTP/1.1" 200 33044 "http://elrashedytravel.com/?path=//sys/bus/node/devices/node0/cpu6/node0/memory8/subsystem/devices/memory5/subsystem/devices/memory2/subsystem/devices/memory5/node0" "Mozilla/5.0 AppleWebKit/537.36 (KHTML, like Gecko; compatible; GPTBot/1.3; +https://openai.com/gptbot)"
74.7.241.1 - - [20/Feb/2026:07:28:57 -0500] "GET /?path=//sys/bus/node/devices/node0/cpu6/node0/memory8/subsystem/devices/memory17/subsystem/devices/memory7/subsystem/devices/memory5/node0/memory40 HTTP/1.1" 200 33052 "http://elrashedytravel.com/?path=//sys/bus/node/devices/node0/cpu6/node0/memory8/subsystem/devices/memory17/subsystem/devices/memory7/subsystem/devices/memory5/node0" "Mozilla/5.0 AppleWebKit/537.36 (KHTML, like Gecko; compatible; GPTBot/1.3; +https://openai.com/gptbot)"
74.7.241.1 - - [20/Feb/2026:07:28:58 -0500] "GET /?path=//sys/bus/node/devices/node0/cpu6/node0/memory8/subsystem/devices/memory0/subsystem/devices/memory5/subsystem/devices/memory5/node0/memory128 HTTP/1.1" 200 33044 "http://elrashedytravel.com/?path=//sys/bus/node/devices/node0/cpu6/node0/memory8/subsystem/devices/memory0/subsystem/devices/memory5/subsystem/devices/memory5/node0" "Mozilla/5.0 AppleWebKit/537.36 (KHTML, like Gecko; compatible; GPTBot/1.3; +https://openai.com/gptbot)"
74.7.241.1 - - [20/Feb/2026:07:28:58 -0500] "GET /?path=//sys/bus/node/devices/node0/cpu6/node0/memory8/subsystem/devices/memory2/subsystem/devices/memory7/subsystem/devices/memory8/node0/memory124 HTTP/1.1" 200 33044 "http://elrashedytravel.com/?path=//sys/bus/node/devices/node0/cpu6/node0/memory8/subsystem/devices/memory2/subsystem/devices/memory7/subsystem/devices/memory8/node0" "Mozilla/5.0 AppleWebKit/537.36 (KHTML, like Gecko; compatible; GPTBot/1.3; +https://openai.com/gptbot)"
74.7.241.1 - - [20/Feb/2026:07:28:59 -0500] "GET /?path=//sys/bus/node/devices/node0/cpu6/node0/memory8/subsystem/devices/memory83/subsystem/devices/memory7/subsystem/devices/memory4/node0/memory17/node0/memory121 HTTP/1.1" 200 34006 "http://elrashedytravel.com/?path=//sys/bus/node/devices/node0/cpu6/node0/memory8/subsystem/devices/memory83/subsystem/devices/memory7/subsystem/devices/memory4/node0/memory17/node0" "Mozilla/5.0 AppleWebKit/537.36 (KHTML, like Gecko; compatible; GPTBot/1.3; +https://openai.com/gptbot)"
37.27.51.140 - - [20/Feb/2026:07:28:59 -0500] "GET /items/nikpi39/15493?key=so HTTP/1.1" 200 281076 "-" "Mozilla/5.0 (compatible; SERankingBacklinksBot/1.0; +https://seranking.com/backlinks-crawler)"
74.7.241.1 - - [20/Feb/2026:07:28:59 -0500] "GET /?path=//sys/bus/node/devices/node0/cpu6/node0/memory8/subsystem/devices/memory83/subsystem/devices/memory7/subsystem/devices/memory4/node0/memory17/node0/memory0 HTTP/1.1" 200 33928 "http://elrashedytravel.com/?path=//sys/bus/node/devices/node0/cpu6/node0/memory8/subsystem/devices/memory83/subsystem/devices/memory7/subsystem/devices/memory4/node0/memory17/node0" "Mozilla/5.0 AppleWebKit/537.36 (KHTML, like Gecko; compatible; GPTBot/1.3; +https://openai.com/gptbot)"
74.7.241.1 - - [20/Feb/2026:07:29:00 -0500] "GET /?path=//sys/bus/node/devices/node0/cpu6/node0/memory8/subsystem/devices/memory83/subsystem/devices/memory7/subsystem/devices/memory4/node0/memory17/node0/cpu7 HTTP/1.1" 200 36650 "http://elrashedytravel.com/?path=//sys/bus/node/devices/node0/cpu6/node0/memory8/subsystem/devices/memory83/subsystem/devices/memory7/subsystem/devices/memory4/node0/memory17/node0" "Mozilla/5.0 AppleWebKit/537.36 (KHTML, like Gecko; compatible; GPTBot/1.3; +https://openai.com/gptbot)"
74.7.241.1 - - [20/Feb/2026:07:29:00 -0500] "GET /?path=//sys/bus/node/devices/node0/cpu6/node0/memory8/subsystem/devices/memory83/subsystem/devices/memory7/subsystem/devices/memory4/node0/memory17/node0/cpu6 HTTP/1.1" 200 36650 "http://elrashedytravel.com/?path=//sys/bus/node/devices/node0/cpu6/node0/memory8/subsystem/devices/memory83/subsystem/devices/memory7/subsystem/devices/memory4/node0/memory17/node0" "Mozilla/5.0 AppleWebKit/537.36 (KHTML, like Gecko; compatible; GPTBot/1.3; +https://openai.com/gptbot)"
74.7.241.1 - - [20/Feb/2026:07:29:01 -0500] "GET /?path=//sys/bus/node/devices/node0/cpu6/node0/memory8/subsystem/devices/memory83/subsystem/devices/memory7/subsystem/devices/memory4/node0/memory17/node0/cpu0 HTTP/1.1" 200 34692 "http://elrashedytravel.com/?path=//sys/bus/node/devices/node0/cpu6/node0/memory8/subsystem/devices/memory83/subsystem/devices/memory7/subsystem/devices/memory4/node0/memory17/node0" "Mozilla/5.0 AppleWebKit/537.36 (KHTML, like Gecko; compatible; GPTBot/1.3; +https://openai.com/gptbot)"
74.7.241.1 - - [20/Feb/2026:07:29:01 -0500] "GET /?path=//sys/bus/node/devices/node0/cpu6/node0/memory8/subsystem/devices/memory83/subsystem/devices/memory7/subsystem/devices/memory4/node0/memory17/node0/cpu1 HTTP/1.1" 200 36650 "http://elrashedytravel.com/?path=//sys/bus/node/devices/node0/cpu6/node0/memory8/subsystem/devices/memory83/subsystem/devices/memory7/subsystem/devices/memory4/node0/memory17/node0" "Mozilla/5.0 AppleWebKit/537.36 (KHTML, like Gecko; compatible; GPTBot/1.3; +https://openai.com/gptbot)"
74.7.241.1 - - [20/Feb/2026:07:29:02 -0500] "GET /?path=//sys/bus/node/devices/node0/cpu6/node0/memory8/subsystem/devices/memory83/subsystem/devices/memory7/subsystem/devices/memory4/node0/memory17/node0/cpu4 HTTP/1.1" 200 36650 "http://elrashedytravel.com/?path=//sys/bus/node/devices/node0/cpu6/node0/memory8/subsystem/devices/memory83/subsystem/devices/memory7/subsystem/devices/memory4/node0/memory17/node0" "Mozilla/5.0 AppleWebKit/537.36 (KHTML, like Gecko; compatible; GPTBot/1.3; +https://openai.com/gptbot)"
74.7.241.1 - - [20/Feb/2026:07:29:02 -0500] "GET /?path=//sys/bus/node/devices/node0/cpu6/node0/memory8/subsystem/devices/memory83/subsystem/devices/memory7/subsystem/devices/memory4/node0/memory17/node0/cpu3 HTTP/1.1" 200 36650 "http://elrashedytravel.com/?path=//sys/bus/node/devices/node0/cpu6/node0/memory8/subsystem/devices/memory83/subsystem/devices/memory7/subsystem/devices/memory4/node0/memory17/node0" "Mozilla/5.0 AppleWebKit/537.36 (KHTML, like Gecko; compatible; GPTBot/1.3; +https://openai.com/gptbot)"
74.7.241.1 - - [20/Feb/2026:07:29:03 -0500] "GET /?path=//sys/bus/node/devices/node0/cpu6/node0/memory8/subsystem/devices/memory2/subsystem/devices/memory61/subsystem/devices/memory3/node0/memory49 HTTP/1.1" 200 33049 "http://elrashedytravel.com/?path=//sys/bus/node/devices/node0/cpu6/node0/memory8/subsystem/devices/memory2/subsystem/devices/memory61/subsystem/devices/memory3/node0" "Mozilla/5.0 AppleWebKit/537.36 (KHTML, like Gecko; compatible; GPTBot/1.3; +https://openai.com/gptbot)"
37.27.51.140 - - [20/Feb/2026:07:29:03 -0500] "GET /items/ttgcb12/26250?key=to HTTP/1.1" 200 281076 "-" "Mozilla/5.0 (compatible; SERankingBacklinksBot/1.0; +https://seranking.com/backlinks-crawler)"
74.7.241.1 - - [20/Feb/2026:07:29:04 -0500] "GET /?path=//sys/bus/node/devices/node0/cpu6/node0/memory8/subsystem/devices/memory2/subsystem/devices/memory7/subsystem/devices/memory8/node0/memory118 HTTP/1.1" 200 33044 "http://elrashedytravel.com/?path=//sys/bus/node/devices/node0/cpu6/node0/memory8/subsystem/devices/memory2/subsystem/devices/memory7/subsystem/devices/memory8/node0" "Mozilla/5.0 AppleWebKit/537.36 (KHTML, like Gecko; compatible; GPTBot/1.3; +https://openai.com/gptbot)"
74.7.241.1 - - [20/Feb/2026:07:29:04 -0500] "GET /?path=//sys/bus/node/devices/node0/cpu6/node0/memory8/subsystem/devices/memory0/subsystem/devices/memory3/subsystem/devices/memory9/node0/memory110 HTTP/1.1" 200 33044 "http://elrashedytravel.com/?path=//sys/bus/node/devices/node0/cpu6/node0/memory8/subsystem/devices/memory0/subsystem/devices/memory3/subsystem/devices/memory9/node0" "Mozilla/5.0 AppleWebKit/537.36 (KHTML, like Gecko; compatible; GPTBot/1.3; +https://openai.com/gptbot)"
74.7.241.1 - - [20/Feb/2026:07:29:05 -0500] "GET /?path=//sys/bus/node/devices/node0/cpu6/node0/memory8/subsystem/devices/memory5/subsystem/devices/memory99/subsystem/devices/memory2/node0/memory109 HTTP/1.1" 200 33088 "http://elrashedytravel.com/?path=//sys/bus/node/devices/node0/cpu6/node0/memory8/subsystem/devices/memory5/subsystem/devices/memory99/subsystem/devices/memory2/node0" "Mozilla/5.0 AppleWebKit/537.36 (KHTML, like Gecko; compatible; GPTBot/1.3; +https://openai.com/gptbot)"
74.7.241.1 - - [20/Feb/2026:07:29:05 -0500] "GET /?path=//sys/bus/node/devices/node0/cpu6/node0/memory8/subsystem/devices/memory83/subsystem/devices/memory7/subsystem/devices/memory4/node0/memory17/node0/memory0/power HTTP/1.1" 200 25210 "http://elrashedytravel.com/?path=//sys/bus/node/devices/node0/cpu6/node0/memory8/subsystem/devices/memory83/subsystem/devices/memory7/subsystem/devices/memory4/node0/memory17/node0/memory0" "Mozilla/5.0 AppleWebKit/537.36 (KHTML, like Gecko; compatible; GPTBot/1.3; +https://openai.com/gptbot)"
74.7.241.1 - - [20/Feb/2026:07:29:06 -0500] "GET /?path=//sys/bus/node/devices/node0/cpu6/node0/memory8/subsystem/devices/memory83/subsystem/devices/memory7/subsystem/devices/memory4/node0/memory17/node0/cpu7/driver HTTP/1.1" 200 34967 "http://elrashedytravel.com/?path=//sys/bus/node/devices/node0/cpu6/node0/memory8/subsystem/devices/memory83/subsystem/devices/memory7/subsystem/devices/memory4/node0/memory17/node0/cpu7" "Mozilla/5.0 AppleWebKit/537.36 (KHTML, like Gecko; compatible; GPTBot/1.3; +https://openai.com/gptbot)"
74.7.241.1 - - [20/Feb/2026:07:29:06 -0500] "GET /?path=//sys/bus/node/devices/node0/cpu6/node0/memory8/subsystem/devices/memory5/subsystem/devices/memory4/subsystem/devices/memory8/node0/memory100 HTTP/1.1" 200 33044 "http://elrashedytravel.com/?path=//sys/bus/node/devices/node0/cpu6/node0/memory8/subsystem/devices/memory5/subsystem/devices/memory4/subsystem/devices/memory8/node0" "Mozilla/5.0 AppleWebKit/537.36 (KHTML, like Gecko; compatible; GPTBot/1.3; +https://openai.com/gptbot)"
74.7.241.1 - - [20/Feb/2026:07:29:07 -0500] "GET /?path=//sys/bus/node/devices/node0/cpu6/node0/memory8/subsystem/devices/memory83/subsystem/devices/memory7/subsystem/devices/memory4/node0/memory17/node0/cpu0/driver HTTP/1.1" 200 34967 "http://elrashedytravel.com/?path=//sys/bus/node/devices/node0/cpu6/node0/memory8/subsystem/devices/memory83/subsystem/devices/memory7/subsystem/devices/memory4/node0/memory17/node0/cpu0" "Mozilla/5.0 AppleWebKit/537.36 (KHTML, like Gecko; compatible; GPTBot/1.3; +https://openai.com/gptbot)"
37.27.51.140 - - [20/Feb/2026:07:29:07 -0500] "GET /items/elkdn82/8056?key=hot HTTP/1.1" 200 281076 "-" "Mozilla/5.0 (compatible; SERankingBacklinksBot/1.0; +https://seranking.com/backlinks-crawler)"
74.7.241.1 - - [20/Feb/2026:07:29:07 -0500] "GET /?path=//sys/bus/node/devices/node0/cpu6/node0/memory8/subsystem/devices/memory6/subsystem/devices/memory5/subsystem/devices/memory0/node0/memory102 HTTP/1.1" 200 33044 "http://elrashedytravel.com/?path=//sys/bus/node/devices/node0/cpu6/node0/memory8/subsystem/devices/memory6/subsystem/devices/memory5/subsystem/devices/memory0/node0" "Mozilla/5.0 AppleWebKit/537.36 (KHTML, like Gecko; compatible; GPTBot/1.3; +https://openai.com/gptbot)"
74.7.241.1 - - [20/Feb/2026:07:29:08 -0500] "GET /?path=//sys/bus/node/devices/node0/cpu6/node0/memory8/subsystem/devices/memory7/subsystem/devices/memory6/subsystem/devices/memory0/node0/memory105 HTTP/1.1" 200 33044 "http://elrashedytravel.com/?path=//sys/bus/node/devices/node0/cpu6/node0/memory8/subsystem/devices/memory7/subsystem/devices/memory6/subsystem/devices/memory0/node0" "Mozilla/5.0 AppleWebKit/537.36 (KHTML, like Gecko; compatible; GPTBot/1.3; +https://openai.com/gptbot)"
74.7.241.1 - - [20/Feb/2026:07:29:08 -0500] "GET /?path=//sys/bus/node/devices/node0/cpu6/node0/memory8/subsystem/devices/memory4/subsystem/devices/memory20/subsystem/devices/memory0/node0/memory94 HTTP/1.1" 200 33049 "http://elrashedytravel.com/?path=//sys/bus/node/devices/node0/cpu6/node0/memory8/subsystem/devices/memory4/subsystem/devices/memory20/subsystem/devices/memory0/node0" "Mozilla/5.0 AppleWebKit/537.36 (KHTML, like Gecko; compatible; GPTBot/1.3; +https://openai.com/gptbot)"
74.7.241.1 - - [20/Feb/2026:07:29:09 -0500] "GET /?path=//sys/bus/node/devices/node0/cpu6/node0/memory8/subsystem/devices/memory6/subsystem/devices/memory1/subsystem/devices/memory2/node0/memory119 HTTP/1.1" 200 33044 "http://elrashedytravel.com/?path=//sys/bus/node/devices/node0/cpu6/node0/memory8/subsystem/devices/memory6/subsystem/devices/memory1/subsystem/devices/memory2/node0" "Mozilla/5.0 AppleWebKit/537.36 (KHTML, like Gecko; compatible; GPTBot/1.3; +https://openai.com/gptbot)"
74.7.241.1 - - [20/Feb/2026:07:29:09 -0500] "GET /?path=//sys/bus/node/devices/node0/cpu6/node0/memory8/subsystem/devices/memory3/subsystem/devices/memory4/subsystem/devices/memory1/node0/memory125 HTTP/1.1" 200 33044 "http://elrashedytravel.com/?path=//sys/bus/node/devices/node0/cpu6/node0/memory8/subsystem/devices/memory3/subsystem/devices/memory4/subsystem/devices/memory1/node0" "Mozilla/5.0 AppleWebKit/537.36 (KHTML, like Gecko; compatible; GPTBot/1.3; +https://openai.com/gptbot)"
74.7.241.1 - - [20/Feb/2026:07:29:10 -0500] "GET /?path=//sys/bus/node/devices/node0/cpu6/node0/memory8/subsystem/devices/memory0/subsystem/devices/memory19/subsystem/devices/memory0/node0/memory102/power HTTP/1.1" 200 24578 "http://elrashedytravel.com/?path=//sys/bus/node/devices/node0/cpu6/node0/memory8/subsystem/devices/memory0/subsystem/devices/memory19/subsystem/devices/memory0/node0/memory102" "Mozilla/5.0 AppleWebKit/537.36 (KHTML, like Gecko; compatible; GPTBot/1.3; +https://openai.com/gptbot)"
74.7.241.1 - - [20/Feb/2026:07:29:10 -0500] "GET /?path=//sys/bus/node/devices/node0/cpu6/node0/memory8/subsystem/devices/memory1/subsystem/devices/memory5/subsystem/devices/memory98/node0/memory119/power HTTP/1.1" 200 24575 "http://elrashedytravel.com/?path=//sys/bus/node/devices/node0/cpu6/node0/memory8/subsystem/devices/memory1/subsystem/devices/memory5/subsystem/devices/memory98/node0/memory119" "Mozilla/5.0 AppleWebKit/537.36 (KHTML, like Gecko; compatible; GPTBot/1.3; +https://openai.com/gptbot)"
74.7.241.1 - - [20/Feb/2026:07:29:11 -0500] "GET /?path=//sys/bus/node/devices/node0/cpu6/node0/memory8/subsystem/devices/memory32/subsystem/devices/memory8/subsystem/devices/memory9/node0/memory130 HTTP/1.1" 200 33091 "http://elrashedytravel.com/?path=//sys/bus/node/devices/node0/cpu6/node0/memory8/subsystem/devices/memory32/subsystem/devices/memory8/subsystem/devices/memory9/node0" "Mozilla/5.0 AppleWebKit/537.36 (KHTML, like Gecko; compatible; GPTBot/1.3; +https://openai.com/gptbot)"
37.27.51.140 - - [20/Feb/2026:07:29:11 -0500] "GET /items/njnta31/299?key=late HTTP/1.1" 200 281076 "-" "Mozilla/5.0 (compatible; SERankingBacklinksBot/1.0; +https://seranking.com/backlinks-crawler)"
74.7.241.1 - - [20/Feb/2026:07:29:11 -0500] "GET /?path=//sys/bus/node/devices/node0/cpu6/node0/memory8/subsystem/devices/memory0/subsystem/devices/memory53/subsystem/devices/memory4/node0/memory61 HTTP/1.1" 200 33049 "http://elrashedytravel.com/?path=//sys/bus/node/devices/node0/cpu6/node0/memory8/subsystem/devices/memory0/subsystem/devices/memory53/subsystem/devices/memory4/node0" "Mozilla/5.0 AppleWebKit/537.36 (KHTML, like Gecko; compatible; GPTBot/1.3; +https://openai.com/gptbot)"
74.7.241.1 - - [20/Feb/2026:07:29:12 -0500] "GET /?path=//sys/bus/node/devices/node0/cpu6/node0/memory8/subsystem/devices/memory5/subsystem/devices/memory4/subsystem/devices/memory8/node0/memory100/power HTTP/1.1" 200 24550 "http://elrashedytravel.com/?path=//sys/bus/node/devices/node0/cpu6/node0/memory8/subsystem/devices/memory5/subsystem/devices/memory4/subsystem/devices/memory8/node0/memory100" "Mozilla/5.0 AppleWebKit/537.36 (KHTML, like Gecko; compatible; GPTBot/1.3; +https://openai.com/gptbot)"
74.7.241.1 - - [20/Feb/2026:07:29:12 -0500] "GET /?path=//sys/bus/node/devices/node0/cpu6/node0/memory8/subsystem/devices/memory83/subsystem/devices/memory7/subsystem/devices/memory4/node0/memory17/node0/cpu0/driver/cpu5 HTTP/1.1" 200 37507 "http://elrashedytravel.com/?path=//sys/bus/node/devices/node0/cpu6/node0/memory8/subsystem/devices/memory83/subsystem/devices/memory7/subsystem/devices/memory4/node0/memory17/node0/cpu0/driver" "Mozilla/5.0 AppleWebKit/537.36 (KHTML, like Gecko; compatible; GPTBot/1.3; +https://openai.com/gptbot)"
74.7.241.1 - - [20/Feb/2026:07:29:13 -0500] "GET /?path=//sys/bus/node/devices/node0/cpu6/node0/memory8/subsystem/devices/memory7/subsystem/devices/memory0/subsystem/devices/memory0/node0/memory125 HTTP/1.1" 200 33044 "http://elrashedytravel.com/?path=//sys/bus/node/devices/node0/cpu6/node0/memory8/subsystem/devices/memory7/subsystem/devices/memory0/subsystem/devices/memory0/node0" "Mozilla/5.0 AppleWebKit/537.36 (KHTML, like Gecko; compatible; GPTBot/1.3; +https://openai.com/gptbot)"
74.7.241.1 - - [20/Feb/2026:07:29:14 -0500] "GET /?path=//sys/bus/node/devices/node0/cpu6/node0/memory8/subsystem/devices/memory1/subsystem/devices/memory0/subsystem/devices/memory79/node0/memory46 HTTP/1.1" 200 33046 "http://elrashedytravel.com/?path=//sys/bus/node/devices/node0/cpu6/node0/memory8/subsystem/devices/memory1/subsystem/devices/memory0/subsystem/devices/memory79/node0" "Mozilla/5.0 AppleWebKit/537.36 (KHTML, like Gecko; compatible; GPTBot/1.3; +https://openai.com/gptbot)"
74.7.241.1 - - [20/Feb/2026:07:29:14 -0500] "GET /?path=//sys/bus/node/devices/node0/cpu6/node0/memory8/subsystem/devices/memory3/subsystem/devices/memory48/subsystem/devices/memory8/node0/memory72 HTTP/1.1" 200 33049 "http://elrashedytravel.com/?path=//sys/bus/node/devices/node0/cpu6/node0/memory8/subsystem/devices/memory3/subsystem/devices/memory48/subsystem/devices/memory8/node0" "Mozilla/5.0 AppleWebKit/537.36 (KHTML, like Gecko; compatible; GPTBot/1.3; +https://openai.com/gptbot)"
74.7.241.1 - - [20/Feb/2026:07:29:15 -0500] "GET /?path=//sys/bus/node/devices/node0/cpu6/node0/memory8/subsystem/devices/memory2/subsystem/devices/memory1/subsystem/devices/memory7/node0/memory128 HTTP/1.1" 200 33044 "http://elrashedytravel.com/?path=//sys/bus/node/devices/node0/cpu6/node0/memory8/subsystem/devices/memory2/subsystem/devices/memory1/subsystem/devices/memory7/node0" "Mozilla/5.0 AppleWebKit/537.36 (KHTML, like Gecko; compatible; GPTBot/1.3; +https://openai.com/gptbot)"
37.27.51.140 - - [20/Feb/2026:07:29:15 -0500] "GET /items/tthvr88/29632?key=TV HTTP/1.1" 200 281076 "-" "Mozilla/5.0 (compatible; SERankingBacklinksBot/1.0; +https://seranking.com/backlinks-crawler)"
74.7.241.1 - - [20/Feb/2026:07:29:15 -0500] "GET /?path=//sys/bus/node/devices/node0/cpu6/node0/memory8/subsystem/devices/memory1/subsystem/devices/memory0/subsystem/devices/memory9/node0/memory134 HTTP/1.1" 200 33044 "http://elrashedytravel.com/?path=//sys/bus/node/devices/node0/cpu6/node0/memory8/subsystem/devices/memory1/subsystem/devices/memory0/subsystem/devices/memory9/node0" "Mozilla/5.0 AppleWebKit/537.36 (KHTML, like Gecko; compatible; GPTBot/1.3; +https://openai.com/gptbot)"
74.7.241.1 - - [20/Feb/2026:07:29:16 -0500] "GET /?path=//sys/bus/node/devices/node0/cpu6/node0/memory8/subsystem/devices/memory3/subsystem/devices/memory5/subsystem/devices/memory8/node0/memory104 HTTP/1.1" 200 33044 "http://elrashedytravel.com/?path=//sys/bus/node/devices/node0/cpu6/node0/memory8/subsystem/devices/memory3/subsystem/devices/memory5/subsystem/devices/memory8/node0" "Mozilla/5.0 AppleWebKit/537.36 (KHTML, like Gecko; compatible; GPTBot/1.3; +https://openai.com/gptbot)"
74.7.241.1 - - [20/Feb/2026:07:29:16 -0500] "GET /?path=//sys/bus/node/devices/node0/cpu6/node0/memory8/subsystem/devices/memory5/subsystem/devices/memory34/subsystem/devices/memory4/node0/memory97 HTTP/1.1" 200 33049 "http://elrashedytravel.com/?path=//sys/bus/node/devices/node0/cpu6/node0/memory8/subsystem/devices/memory5/subsystem/devices/memory34/subsystem/devices/memory4/node0" "Mozilla/5.0 AppleWebKit/537.36 (KHTML, like Gecko; compatible; GPTBot/1.3; +https://openai.com/gptbot)"
74.7.241.1 - - [20/Feb/2026:07:29:17 -0500] "GET /?path=//sys/bus/node/devices/node0/cpu6/node0/memory8/subsystem/devices/memory80/subsystem/devices/memory9/subsystem/devices/memory4/node0/memory93 HTTP/1.1" 200 33052 "http://elrashedytravel.com/?path=//sys/bus/node/devices/node0/cpu6/node0/memory8/subsystem/devices/memory80/subsystem/devices/memory9/subsystem/devices/memory4/node0" "Mozilla/5.0 AppleWebKit/537.36 (KHTML, like Gecko; compatible; GPTBot/1.3; +https://openai.com/gptbot)"
74.7.241.1 - - [20/Feb/2026:07:29:17 -0500] "GET /?path=//sys/bus/node/devices/node0/cpu6/node0/memory8/subsystem/devices/memory39/subsystem/devices/memory0/subsystem/devices/memory5/node0/memory130/power HTTP/1.1" 200 24581 "http://elrashedytravel.com/?path=//sys/bus/node/devices/node0/cpu6/node0/memory8/subsystem/devices/memory39/subsystem/devices/memory0/subsystem/devices/memory5/node0/memory130" "Mozilla/5.0 AppleWebKit/537.36 (KHTML, like Gecko; compatible; GPTBot/1.3; +https://openai.com/gptbot)"
74.7.241.1 - - [20/Feb/2026:07:29:18 -0500] "GET /?path=//sys/bus/node/devices/node0/cpu6/node0/memory8/subsystem/devices/memory3/subsystem/devices/memory2/subsystem/devices/memory9/node0/memory112 HTTP/1.1" 200 33044 "http://elrashedytravel.com/?path=//sys/bus/node/devices/node0/cpu6/node0/memory8/subsystem/devices/memory3/subsystem/devices/memory2/subsystem/devices/memory9/node0" "Mozilla/5.0 AppleWebKit/537.36 (KHTML, like Gecko; compatible; GPTBot/1.3; +https://openai.com/gptbot)"
74.7.241.1 - - [20/Feb/2026:07:29:18 -0500] "GET /?path=//sys/bus/node/devices/node0/cpu6/node0/memory8/subsystem/devices/memory1/subsystem/devices/memory0/subsystem/devices/memory8/node0/memory130 HTTP/1.1" 200 33044 "http://elrashedytravel.com/?path=//sys/bus/node/devices/node0/cpu6/node0/memory8/subsystem/devices/memory1/subsystem/devices/memory0/subsystem/devices/memory8/node0" "Mozilla/5.0 AppleWebKit/537.36 (KHTML, like Gecko; compatible; GPTBot/1.3; +https://openai.com/gptbot)"
37.27.51.140 - - [20/Feb/2026:07:29:18 -0500] "GET /items/emibx69/30255?key=he HTTP/1.1" 200 281076 "-" "Mozilla/5.0 (compatible; SERankingBacklinksBot/1.0; +https://seranking.com/backlinks-crawler)"
74.7.241.1 - - [20/Feb/2026:07:29:19 -0500] "GET /?path=//sys/bus/node/devices/node0/cpu6/node0/memory8/subsystem/devices/memory69/subsystem/devices/memory2/subsystem/devices/memory1/node0/memory124 HTTP/1.1" 200 33091 "http://elrashedytravel.com/?path=//sys/bus/node/devices/node0/cpu6/node0/memory8/subsystem/devices/memory69/subsystem/devices/memory2/subsystem/devices/memory1/node0" "Mozilla/5.0 AppleWebKit/537.36 (KHTML, like Gecko; compatible; GPTBot/1.3; +https://openai.com/gptbot)"
74.7.241.1 - - [20/Feb/2026:07:29:19 -0500] "GET /?path=//sys/bus/node/devices/node0/cpu6/node0/memory8/subsystem/devices/memory7/subsystem/devices/memory5/subsystem/devices/memory6/node0/memory101 HTTP/1.1" 200 33044 "http://elrashedytravel.com/?path=//sys/bus/node/devices/node0/cpu6/node0/memory8/subsystem/devices/memory7/subsystem/devices/memory5/subsystem/devices/memory6/node0" "Mozilla/5.0 AppleWebKit/537.36 (KHTML, like Gecko; compatible; GPTBot/1.3; +https://openai.com/gptbot)"
74.7.241.1 - - [20/Feb/2026:07:29:20 -0500] "GET /?path=//sys/bus/node/devices/node0/cpu6/node0/memory8/subsystem/devices/memory1/subsystem/devices/memory66/subsystem/devices/memory2/node0/memory77 HTTP/1.1" 200 33049 "http://elrashedytravel.com/?path=//sys/bus/node/devices/node0/cpu6/node0/memory8/subsystem/devices/memory1/subsystem/devices/memory66/subsystem/devices/memory2/node0" "Mozilla/5.0 AppleWebKit/537.36 (KHTML, like Gecko; compatible; GPTBot/1.3; +https://openai.com/gptbot)"
74.7.241.1 - - [20/Feb/2026:07:29:20 -0500] "GET /?path=//sys/bus/node/devices/node0/cpu6/node0/memory8/subsystem/devices/memory2/subsystem/devices/memory75/subsystem/devices/memory5/node0/memory93 HTTP/1.1" 200 33049 "http://elrashedytravel.com/?path=//sys/bus/node/devices/node0/cpu6/node0/memory8/subsystem/devices/memory2/subsystem/devices/memory75/subsystem/devices/memory5/node0" "Mozilla/5.0 AppleWebKit/537.36 (KHTML, like Gecko; compatible; GPTBot/1.3; +https://openai.com/gptbot)"
74.7.241.1 - - [20/Feb/2026:07:29:21 -0500] "GET /?path=//sys/bus/node/devices/node0/cpu6/node0/memory8/subsystem/devices/memory3/subsystem/devices/memory4/subsystem/devices/memory9/node0/memory121 HTTP/1.1" 200 33044 "http://elrashedytravel.com/?path=//sys/bus/node/devices/node0/cpu6/node0/memory8/subsystem/devices/memory3/subsystem/devices/memory4/subsystem/devices/memory9/node0" "Mozilla/5.0 AppleWebKit/537.36 (KHTML, like Gecko; compatible; GPTBot/1.3; +https://openai.com/gptbot)"
74.7.241.1 - - [20/Feb/2026:07:29:21 -0500] "GET /?path=//sys/bus/node/devices/node0/cpu6/node0/memory8/subsystem/devices/memory7/subsystem/devices/memory1/subsystem/devices/memory5/node0/memory120 HTTP/1.1" 200 33044 "http://elrashedytravel.com/?path=//sys/bus/node/devices/node0/cpu6/node0/memory8/subsystem/devices/memory7/subsystem/devices/memory1/subsystem/devices/memory5/node0" "Mozilla/5.0 AppleWebKit/537.36 (KHTML, like Gecko; compatible; GPTBot/1.3; +https://openai.com/gptbot)"
74.7.241.1 - - [20/Feb/2026:07:29:22 -0500] "GET /?path=//sys/bus/node/devices/node0/cpu6/node0/memory8/subsystem/devices/memory5/subsystem/devices/memory11/subsystem/devices/memory2/node0/memory44 HTTP/1.1" 200 33049 "http://elrashedytravel.com/?path=//sys/bus/node/devices/node0/cpu6/node0/memory8/subsystem/devices/memory5/subsystem/devices/memory11/subsystem/devices/memory2/node0" "Mozilla/5.0 AppleWebKit/537.36 (KHTML, like Gecko; compatible; GPTBot/1.3; +https://openai.com/gptbot)"
37.27.51.140 - - [20/Feb/2026:07:29:22 -0500] "GET /items/njqbp22/7118?key=fix HTTP/1.1" 200 281076 "-" "Mozilla/5.0 (compatible; SERankingBacklinksBot/1.0; +https://seranking.com/backlinks-crawler)"
74.7.241.1 - - [20/Feb/2026:07:29:22 -0500] "GET /?path=//sys/bus/node/devices/node0/cpu6/node0/memory8/subsystem/devices/memory2/subsystem/devices/memory9/subsystem/devices/memory9/node0/memory128 HTTP/1.1" 200 33044 "http://elrashedytravel.com/?path=//sys/bus/node/devices/node0/cpu6/node0/memory8/subsystem/devices/memory2/subsystem/devices/memory9/subsystem/devices/memory9/node0" "Mozilla/5.0 AppleWebKit/537.36 (KHTML, like Gecko; compatible; GPTBot/1.3; +https://openai.com/gptbot)"
74.7.241.1 - - [20/Feb/2026:07:29:23 -0500] "GET /?path=//sys/bus/node/devices/node0/cpu6/node0/memory8/subsystem/devices/memory1/subsystem/devices/memory7/subsystem/devices/memory8/node0/memory117 HTTP/1.1" 200 33044 "http://elrashedytravel.com/?path=//sys/bus/node/devices/node0/cpu6/node0/memory8/subsystem/devices/memory1/subsystem/devices/memory7/subsystem/devices/memory8/node0" "Mozilla/5.0 AppleWebKit/537.36 (KHTML, like Gecko; compatible; GPTBot/1.3; +https://openai.com/gptbot)"
74.7.241.1 - - [20/Feb/2026:07:29:23 -0500] "GET /?path=//sys/bus/node/devices/node0/cpu6/node0/memory8/subsystem/devices/memory4/subsystem/devices/memory7/subsystem/devices/memory62/node0/memory124 HTTP/1.1" 200 33085 "http://elrashedytravel.com/?path=//sys/bus/node/devices/node0/cpu6/node0/memory8/subsystem/devices/memory4/subsystem/devices/memory7/subsystem/devices/memory62/node0" "Mozilla/5.0 AppleWebKit/537.36 (KHTML, like Gecko; compatible; GPTBot/1.3; +https://openai.com/gptbot)"
74.7.241.1 - - [20/Feb/2026:07:29:24 -0500] "GET /?path=//sys/bus/node/devices/node0/cpu6/node0/memory8/subsystem/devices/memory6/subsystem/devices/memory0/subsystem/devices/memory4/node0/memory115 HTTP/1.1" 200 33044 "http://elrashedytravel.com/?path=//sys/bus/node/devices/node0/cpu6/node0/memory8/subsystem/devices/memory6/subsystem/devices/memory0/subsystem/devices/memory4/node0" "Mozilla/5.0 AppleWebKit/537.36 (KHTML, like Gecko; compatible; GPTBot/1.3; +https://openai.com/gptbot)"
74.7.241.1 - - [20/Feb/2026:07:29:25 -0500] "GET /?path=//sys/bus/node/devices/node0/cpu6/node0/memory8/subsystem/devices/memory4/subsystem/devices/memory0/subsystem/devices/memory20/node0/memory32 HTTP/1.1" 200 33046 "http://elrashedytravel.com/?path=//sys/bus/node/devices/node0/cpu6/node0/memory8/subsystem/devices/memory4/subsystem/devices/memory0/subsystem/devices/memory20/node0" "Mozilla/5.0 AppleWebKit/537.36 (KHTML, like Gecko; compatible; GPTBot/1.3; +https://openai.com/gptbot)"
74.7.241.1 - - [20/Feb/2026:07:29:25 -0500] "GET /?path=//sys/bus/node/devices/node0/cpu6/node0/memory8/subsystem/devices/memory2/subsystem/devices/memory61/subsystem/devices/memory3/node0/memory112 HTTP/1.1" 200 33088 "http://elrashedytravel.com/?path=//sys/bus/node/devices/node0/cpu6/node0/memory8/subsystem/devices/memory2/subsystem/devices/memory61/subsystem/devices/memory3/node0" "Mozilla/5.0 AppleWebKit/537.36 (KHTML, like Gecko; compatible; GPTBot/1.3; +https://openai.com/gptbot)"
74.7.241.1 - - [20/Feb/2026:07:29:26 -0500] "GET /?path=//sys/bus/node/devices/node0/cpu6/node0/memory8/subsystem/devices/memory2/subsystem/devices/memory61/subsystem/devices/memory3/node0/memory86 HTTP/1.1" 200 33049 "http://elrashedytravel.com/?path=//sys/bus/node/devices/node0/cpu6/node0/memory8/subsystem/devices/memory2/subsystem/devices/memory61/subsystem/devices/memory3/node0" "Mozilla/5.0 AppleWebKit/537.36 (KHTML, like Gecko; compatible; GPTBot/1.3; +https://openai.com/gptbot)"
37.27.51.140 - - [20/Feb/2026:07:29:26 -0500] "GET /items/tuxus10/4126?key=lab HTTP/1.1" 200 281076 "-" "Mozilla/5.0 (compatible; SERankingBacklinksBot/1.0; +https://seranking.com/backlinks-crawler)"
74.7.241.1 - - [20/Feb/2026:07:29:26 -0500] "GET /?path=//sys/bus/node/devices/node0/cpu6/node0/memory8/subsystem/devices/memory5/subsystem/devices/memory3/subsystem/devices/memory9/node0/memory106 HTTP/1.1" 200 33044 "http://elrashedytravel.com/?path=//sys/bus/node/devices/node0/cpu6/node0/memory8/subsystem/devices/memory5/subsystem/devices/memory3/subsystem/devices/memory9/node0" "Mozilla/5.0 AppleWebKit/537.36 (KHTML, like Gecko; compatible; GPTBot/1.3; +https://openai.com/gptbot)"
74.7.241.1 - - [20/Feb/2026:07:29:27 -0500] "GET /?path=//sys/bus/node/devices/node0/cpu6/node0/memory8/subsystem/devices/memory3/subsystem/devices/memory7/subsystem/devices/memory2/node0/memory104 HTTP/1.1" 200 33044 "http://elrashedytravel.com/?path=//sys/bus/node/devices/node0/cpu6/node0/memory8/subsystem/devices/memory3/subsystem/devices/memory7/subsystem/devices/memory2/node0" "Mozilla/5.0 AppleWebKit/537.36 (KHTML, like Gecko; compatible; GPTBot/1.3; +https://openai.com/gptbot)"
74.7.241.1 - - [20/Feb/2026:07:29:27 -0500] "GET /?path=//sys/bus/node/devices/node0/cpu6/node0/memory8/subsystem/devices/memory3/subsystem/devices/memory6/subsystem/devices/memory4/node0/memory102 HTTP/1.1" 200 33044 "http://elrashedytravel.com/?path=//sys/bus/node/devices/node0/cpu6/node0/memory8/subsystem/devices/memory3/subsystem/devices/memory6/subsystem/devices/memory4/node0" "Mozilla/5.0 AppleWebKit/537.36 (KHTML, like Gecko; compatible; GPTBot/1.3; +https://openai.com/gptbot)"
74.7.241.1 - - [20/Feb/2026:07:29:28 -0500] "GET /?path=//sys/bus/node/devices/node0/cpu6/node0/memory8/subsystem/devices/memory1/subsystem/devices/memory0/subsystem/devices/memory79/node0/memory55 HTTP/1.1" 200 33046 "http://elrashedytravel.com/?path=//sys/bus/node/devices/node0/cpu6/node0/memory8/subsystem/devices/memory1/subsystem/devices/memory0/subsystem/devices/memory79/node0" "Mozilla/5.0 AppleWebKit/537.36 (KHTML, like Gecko; compatible; GPTBot/1.3; +https://openai.com/gptbot)"
74.7.241.1 - - [20/Feb/2026:07:29:28 -0500] "GET /?path=//sys/bus/node/devices/node0/cpu6/node0/memory8/subsystem/devices/memory1/subsystem/devices/memory3/subsystem/devices/memory9/node0/memory116 HTTP/1.1" 200 33044 "http://elrashedytravel.com/?path=//sys/bus/node/devices/node0/cpu6/node0/memory8/subsystem/devices/memory1/subsystem/devices/memory3/subsystem/devices/memory9/node0" "Mozilla/5.0 AppleWebKit/537.36 (KHTML, like Gecko; compatible; GPTBot/1.3; +https://openai.com/gptbot)"
74.7.241.1 - - [20/Feb/2026:07:29:29 -0500] "GET /?path=//sys/bus/node/devices/node0/cpu6/node0/memory8/subsystem/devices/memory3/subsystem/devices/memory5/subsystem/devices/memory0/node0/memory122 HTTP/1.1" 200 33044 "http://elrashedytravel.com/?path=//sys/bus/node/devices/node0/cpu6/node0/memory8/subsystem/devices/memory3/subsystem/devices/memory5/subsystem/devices/memory0/node0" "Mozilla/5.0 AppleWebKit/537.36 (KHTML, like Gecko; compatible; GPTBot/1.3; +https://openai.com/gptbot)"
